000
CXUS51 KRLX 011137
CF6PKB
PRELIMINARY LOCAL CLIMATOLOGICAL DATA (WS FORM: F-6)
STATION: PARKERSBURG WV
MONTH: MARCH
YEAR: 2023
LATITUDE: 39 20 N
LONGITUDE: 81 26 W
TEMPERATURE IN F: :PCPN: SNOW: WIND :SUNSHINE: SKY :PK WND
================================================================================
1 2 3 4 5 6A 6B 7 8 9 10 11 12 13 14 15 16 17 18
12Z AVG MX 2MIN
DY MAX MIN AVG DEP HDD CDD WTR SNW DPTH SPD SPD DIR MIN PSBL S-S WX SPD DR
================================================================================
1 77 31 54 15 11 0 0.01 M M 7.5 20 210 M M 1 1 27 200
2 64 38 51 12 14 0 0.12 M M 5.5 14 200 M M 2 1 21 260
3 61 40 51 12 14 0 0.67 M M 10.5 30 260 M M 6 1 49 250
4 55 35 45 5 20 0 T M M 8.1 28 260 M M 6 47 260
5 60 30 45 5 20 0 0.00 M M 3.5 13 310 M M 0 17 290
6 74 31 53 13 12 0 0.00 M M 6.8 21 340 M M 2 29 350
7 52 32 42 2 23 0 T M M 8.7 18 320 M M 5 28 340
8 50 23 37 -4 28 0 0.00 M M 4.1 12 360 M M 0 16 340
9 55 28 42 1 23 0 0.00 M M 5.2 13 40 M M 0 17 30
10 47 35 41 -1 24 0 0.07 M M 9.7 25 290 M M 10 1 41 270
11 39 31 35 -7 30 0 0.01 M M 5.7 14 320 M M 9 1 19 280
12 39 31 35 -7 30 0 0.05 M M 4.7 12 50 M M 9 18 15 40
13 40 30 35 -7 30 0 0.01 M M 6.7 18 310 M M 10 1 25 290
14 33 27 30 -13 35 0 0.01 M M 10.0 21 290 M M 10 18 27 290
15 50 23 37 -6 28 0 0.00 M M 3.0 13 300 M M 2 17 290
16 62 26 44 1 21 0 T M M 5.2 16 190 M M 2 21 210
17 60 34 47 3 18 0 0.32 M M 10.1 21 270 M M 10 1 32 320
18 43 21 32 -12 33 0 T M M 12.0 23 300 M M 6 32 300
19 36 18 27 -17 38 0 0.00 M M 6.8 16 290 M M 2 23 280
20 50 20 35 -10 30 0 0.00 M M 4.1 13 270 M M 0 18 300
21 62 22 42 -3 23 0 0.00 M M 2.6 12 180 M M 0 16 260
22 56 47 52 6 13 0 T M M 7.4 20 210 M M 10 27 200
23 75 52 64 18 1 0 0.25 M M 11.0 21 260 M M 9 1 32 260
24 52 43 48 2 17 0 1.26 M M 6.7 15 310 M M 10 13 20 300
25 73 44 59 12 6 0 0.14 M M 13.7 33 230 M M 5 1 57 280
26 64 32 48 1 17 0 0.00 M M 2.6 10 230 M M 0 14 180
27 65 36 51 4 14 0 0.00 M M 6.9 20 300 M M 3 28 320
28 56 39 48 0 17 0 0.00 M M 5.4 13 320 M M 7 19 310
29 59 29 44 -4 21 0 0.00 M M 5.8 20 270 M M 3 28 300
30 60 29 45 -3 20 0 0.00 M M 2.7 12 260 M M 0 15 290
31 58 37 48 -1 17 0 0.61 M M 8.9 18 200 M M 7 13 30 170
================================================================================
SM 1727 994 648 0 3.53 M 211.6 M 146
================================================================================
AV 55.7 32.1 6.8 FASTST M M 5 MAX(MPH)
MISC ----> 33 230 57 280
================================================================================
NOTES:
# LAST OF SEVERAL OCCURRENCES
COLUMN 17 PEAK WIND IN M.P.H.
PRELIMINARY LOCAL CLIMATOLOGICAL DATA (WS FORM: F-6) , PAGE 2
STATION: PARKERSBURG WV
MONTH: MARCH
YEAR: 2023
LATITUDE: 39 20 N
LONGITUDE: 81 26 W
[TEMPERATURE DATA] [PRECIPITATION DATA] SYMBOLS USED IN COLUMN 16
AVERAGE MONTHLY: 43.9 TOTAL FOR MONTH: 3.53 1 = FOG OR MIST
DPTR FM NORMAL: 0.3 DPTR FM NORMAL: -0.14 2 = FOG REDUCING VISIBILITY
HIGHEST: 77 ON 1 GRTST 24HR 1.51 ON 23-24 TO 1/4 MILE OR LESS
LOWEST: 18 ON 19 3 = THUNDER
SNOW, ICE PELLETS, HAIL 4 = ICE PELLETS
TOTAL MONTH: M 5 = HAIL
GRTST 24HR M ON M 6 = FREEZING RAIN OR DRIZZLE
GRTST DEPTH: M ON M 7 = DUSTSTORM OR SANDSTORM:
VSBY 1/2 MILE OR LESS
8 = SMOKE OR HAZE
[NO. OF DAYS WITH] [WEATHER - DAYS WITH] 9 = BLOWING SNOW
X = TORNADO
MAX 32 OR BELOW: 0 0.01 INCH OR MORE: 13
MAX 90 OR ABOVE: 0 0.10 INCH OR MORE: 7
MIN 32 OR BELOW: 19 0.50 INCH OR MORE: 3
MIN 0 OR BELOW: 0 1.00 INCH OR MORE: 1
[HDD (BASE 65) ]
TOTAL THIS MO. 648 CLEAR (SCALE 0-3) 14
DPTR FM NORMAL -19 PTCLDY (SCALE 4-7) 8
TOTAL FM JUL 1 3921 CLOUDY (SCALE 8-10) 9
DPTR FM NORMAL -490
[CDD (BASE 65) ]
TOTAL THIS MO. 0
DPTR FM NORMAL -2 [PRESSURE DATA]
TOTAL FM JAN 1 0 HIGHEST SLP 30.49 ON 8
DPTR FM NORMAL -2 LOWEST SLP 29.05 ON 3
[REMARKS]
#FINAL-03-23#