000
CXUS53 KAPX 010830
CF6PLN
PRELIMINARY LOCAL CLIMATOLOGICAL DATA (WS FORM: F-6)
STATION: PELLSTON
MONTH: FEBRUARY
YEAR: 2023
LATITUDE: 45 34 N
LONGITUDE: 84 48 W
TEMPERATURE IN F: :PCPN: SNOW: WIND :SUNSHINE: SKY :PK WND
================================================================================
1 2 3 4 5 6A 6B 7 8 9 10 11 12 13 14 15 16 17 18
12Z AVG MX 2MIN
DY MAX MIN AVG DEP HDD CDD WTR SNW DPTH SPD SPD DIR MIN PSBL S-S WX SPD DR
================================================================================
1 24 15 20 4 45 0 T M M 10.4 21 280 M M 10 8 31 280
2 28 6 17 1 48 0 0.01 M M 18.8 36 320 M M 10 1289 48 320
3 11 -8 2 -14 63 0 T M M 7.6 23 300 M M 9 18 32 330
4 31 7 19 3 46 0 T M M 10.2 18 200 M M 10 8 30 180
5 31 20 26 10 39 0 T M M 9.2 23 310 M M 10 29 310
6 30 18 24 8 41 0 0.00 M M 9.0 18 140 M M 6 24 140
7 39 27 33 16 32 0 0.21 M M 12.8 24 310 M M 9 16 35 290
8 45 16 31 14 34 0 0.00 M M 4.6 20 270 M M 0 27 270
9 37 22 30 13 35 0 0.01 M M 6.7 21 330 M M 5 18 28 320
10 34 24 29 12 36 0 0.01 M M 17.6 29 290 M M 10 18 44 290
11 42 11 27 10 38 0 0.00 M M 11.8 32 240 M M 2 52 270
12 44 22 33 16 32 0 0.00 M M 3.8 12 210 M M 1 18 250
13 40 19 30 13 35 0 0.00 M M 5.9 21 290 M M 3 30 330
14 52 22 37 19 28 0 0.08 M M 6.0 15 160 M M 2 24 160
15 47 24 36 18 29 0 0.11 M M 15.3 32 290 M M 9 1 52 260
16 24 19 22 4 43 0 0.03 M M 9.8 21 320 M M 10 18 27 320
17 21 7 14 -4 51 0 T M M 9.3 18 350 M M 6 8 26 340
18 31 20 26 8 39 0 0.00 M M 9.1 25 250 M M 7 1 38 250
19 43 16 30 11 35 0 0.00 M M 10.5 25 250 M M 4 1 42 220
20 31 22 27 8 38 0 T M M 8.3 20 330 M M 8 1 27 340
21 34 18 26 7 39 0 0.06 M M 14.0 27 320 M M 9 18 45 350
22 25 17 21 2 44 0 0.04 M M 7.6 21 70 M M 10 1 36 70
23 20 3 12 -8 53 0 0.13 M M 11.3 23 90 M M 10 128 36 80
24 18 -2 8 -12 57 0 T M M 4.5 14 310 M M 9 18 19 320
25 31 12 22 2 43 0 0.04 M M 6.7 17 230 M M 10 18 30 270
26 31 2 17 -3 48 0 T M M 11.2 24 290 M M 5 40 260
27 31 -1 15 -6 50 0 0.15 M M 11.4 24 110 M M 5 18 36 110
28 37 20 29 8 36 0 0.01 M M 7.5 22 270 M M 7 1 32 280
================================================================================
SM 912 398 1157 0 0.89 M 270.9 M 196
================================================================================
AV 32.6 14.2 9.7 FASTST M M 7 MAX(MPH)
MISC ----> 36 320 # 52 270
================================================================================
NOTES:
# LAST OF SEVERAL OCCURRENCES
COLUMN 17 PEAK WIND IN M.P.H.
PRELIMINARY LOCAL CLIMATOLOGICAL DATA (WS FORM: F-6) , PAGE 2
STATION: PELLSTON
MONTH: FEBRUARY
YEAR: 2023
LATITUDE: 45 34 N
LONGITUDE: 84 48 W
[TEMPERATURE DATA] [PRECIPITATION DATA] SYMBOLS USED IN COLUMN 16
AVERAGE MONTHLY: 23.4 TOTAL FOR MONTH: 0.89 1 = FOG OR MIST
DPTR FM NORMAL: 5.4 DPTR FM NORMAL: -0.25 2 = FOG REDUCING VISIBILITY
HIGHEST: 52 ON 14 GRTST 24HR 0.21 ON 7- 7 TO 1/4 MILE OR LESS
LOWEST: -8 ON 3 3 = THUNDER
SNOW, ICE PELLETS, HAIL 4 = ICE PELLETS
TOTAL MONTH: M 5 = HAIL
GRTST 24HR M ON M 6 = FREEZING RAIN OR DRIZZLE
GRTST DEPTH: M ON M 7 = DUSTSTORM OR SANDSTORM:
VSBY 1/2 MILE OR LESS
8 = SMOKE OR HAZE
[NO. OF DAYS WITH] [WEATHER - DAYS WITH] 9 = BLOWING SNOW
X = TORNADO
MAX 32 OR BELOW: 16 0.01 INCH OR MORE: 13
MAX 90 OR ABOVE: 0 0.10 INCH OR MORE: 4
MIN 32 OR BELOW: 28 0.50 INCH OR MORE: 0
MIN 0 OR BELOW: 3 1.00 INCH OR MORE: 0
[HDD (BASE 65) ]
TOTAL THIS MO. 1157 CLEAR (SCALE 0-3) 5
DPTR FM NORMAL -159 PTCLDY (SCALE 4-7) 9
TOTAL FM JUL 1 5088 CLOUDY (SCALE 8-10) 14
DPTR FM NORMAL -806
[CDD (BASE 65) ]
TOTAL THIS MO. 0
DPTR FM NORMAL 0 [PRESSURE DATA]
TOTAL FM JAN 1 0 HIGHEST SLP 30.67 ON 24
DPTR FM NORMAL 0 LOWEST SLP 29.29 ON 21
[REMARKS]
#FINAL-02-23#