000
CXUS56 KLOX 011256
CF6PMD
PRELIMINARY LOCAL CLIMATOLOGICAL DATA (WS FORM: F-6)
STATION: PALMDALE AIRPORT CA
MONTH: JANUARY
YEAR: 2024
LATITUDE: 34 37 N
LONGITUDE: 118 5 W
TEMPERATURE IN F: :PCPN: SNOW: WIND :SUNSHINE: SKY :PK WND
================================================================================
1 2 3 4 5 6A 6B 7 8 9 10 11 12 13 14 15 16 17 18
12Z AVG MX 2MIN
DY MAX MIN AVG DEP HDD CDD WTR SNW DPTH SPD SPD DIR MIN PSBL S-S WX SPD DR
================================================================================
1 56 31 44 -1 21 0 0.00 M M 3.6 14 50 M M 0 18 19 50
2 63 31 47 2 18 0 0.00 M M 6.2 15 220 M M 0 20 230
3 52 41 47 2 18 0 0.16 M M 17.8 33 280 M M 2 1 40 270
4 51 31 41 -4 24 0 0.00 M M 11.2 26 280 M M 0 33 270
5 57 30 44 -1 21 0 0.00 M M 4.8 14 300 M M 1 17 310
6 60 25 43 -2 22 0 0.00 M M 13.8 33 220 M M 0 44 220
7 46 28 37 -8 28 0 0.01 M M 16.4 32 280 M M 2 41 280
8 50 23 37 -8 28 0 0.00 M M 4.9 10 50 M M 0 16 30
9 61 26 44 -1 21 0 0.00 M M 10.4 28 260 M M 0 35 280
10 52 42 47 2 18 0 0.00 M M 19.9 36 260 M M 0 47 260
11 52 32 42 -4 23 0 0.00 M M 16.4 41 280 M M 0 55 290
12 62 27 45 -1 20 0 0.00 M M 6.5 22 290 M M 0 26 290
13 68 30 49 3 16 0 0.00 M M 11.8 36 290 M M 0 47 300
14 62 40 51 5 14 0 0.00 M M 14.2 32 260 M M 0 43 260
15 60 35 48 2 17 0 0.00 M M 3.9 10 190 M M 0 12 200
16 64 32 48 2 17 0 0.00 M M 4.6 16 230 M M 0 19 230
17 66 39 53 7 12 0 0.00 M M 10.7 21 270 M M 1 30 250
18 63 33 48 2 17 0 0.00 M M 4.3 9 200 M M 0 11 340
19 61 40 51 5 14 0 0.00 M M 3.4 9 320 M M 0 14 340
20 56 47 52 6 13 0 0.07 M M 4.0 15 200 M M 9 18 19 200
21 60 48 54 8 11 0 0.02 M M 11.2 23 230 M M 4 29 220
22 53 45 49 3 16 0 0.47 M M 6.3 22 130 M M 7 13 27 130
23 61 39 50 4 15 0 0.00 M M 10.8 23 290 M M 2 28 290
24 60 35 48 2 17 0 0.00 M M 8.4 26 260 M M 2 35 280
25 60 39 50 3 15 0 0.00 M M 16.5 28 280 M M 0 34 280
26 63 32 48 1 17 0 0.00 M M 6.8 20 70 M M 0 26 70
27 67 33 50 3 15 0 0.00 M M 6.0 18 70 M M 0 25 70
28 72 38 55 8 10 0 0.00 M M 6.6 22 80 M M 0 28 90
29 72 37 55 8 10 0 0.00 M M 4.5 16 70 M M 0 23 60
30 69 34 52 5 13 0 0.00 M M 3.9 10 210 M M 0 11 290
31 69 44 57 10 8 0 0.00 M M 8.3 29 210 M M 0 38 210
================================================================================
SM 1868 1087 529 0 0.73 M 278.1 M 30
================================================================================
AV 60.3 35.1 9.0 FASTST M M 1 MAX(MPH)
MISC ----> 41 280 55 290
================================================================================
NOTES:
# LAST OF SEVERAL OCCURRENCES
COLUMN 17 PEAK WIND IN M.P.H.
PRELIMINARY LOCAL CLIMATOLOGICAL DATA (WS FORM: F-6) , PAGE 2
STATION: PALMDALE AIRPORT CA
MONTH: JANUARY
YEAR: 2024
LATITUDE: 34 37 N
LONGITUDE: 118 5 W
[TEMPERATURE DATA] [PRECIPITATION DATA] SYMBOLS USED IN COLUMN 16
AVERAGE MONTHLY: 47.7 TOTAL FOR MONTH: 0.73 1 = FOG OR MIST
DPTR FM NORMAL: 1.8 DPTR FM NORMAL: -0.25 2 = FOG REDUCING VISIBILITY
HIGHEST: 72 ON 29,28 GRTST 24HR 0.47 ON 22-22 TO 1/4 MILE OR LESS
LOWEST: 23 ON 8 3 = THUNDER
SNOW, ICE PELLETS, HAIL 4 = ICE PELLETS
TOTAL MONTH: M 5 = HAIL
GRTST 24HR M ON M 6 = FREEZING RAIN OR DRIZZLE
GRTST DEPTH: M ON M 7 = DUSTSTORM OR SANDSTORM:
VSBY 1/2 MILE OR LESS
8 = SMOKE OR HAZE
[NO. OF DAYS WITH] [WEATHER - DAYS WITH] 9 = BLOWING SNOW
X = TORNADO
MAX 32 OR BELOW: 0 0.01 INCH OR MORE: 5
MAX 90 OR ABOVE: 0 0.10 INCH OR MORE: 2
MIN 32 OR BELOW: 13 0.50 INCH OR MORE: 0
MIN 0 OR BELOW: 0 1.00 INCH OR MORE: 0
[HDD (BASE 65) ]
TOTAL THIS MO. 529 CLEAR (SCALE 0-3) 28
DPTR FM NORMAL -65 PTCLDY (SCALE 4-7) 2
TOTAL FM JUL 1 1515 CLOUDY (SCALE 8-10) 1
DPTR FM NORMAL -191
[CDD (BASE 65) ]
TOTAL THIS MO. 0
DPTR FM NORMAL 0 [PRESSURE DATA]
TOTAL FM JAN 1 0 HIGHEST SLP 30.41 ON 27
DPTR FM NORMAL 0 LOWEST SLP 29.70 ON 22
[REMARKS]
#FINAL-01-24#