432
CXUS56 KLOX 011655
CF6PMD
PRELIMINARY LOCAL CLIMATOLOGICAL DATA (WS FORM: F-6)
STATION: PALMDALE AIRPORT CA
MONTH: SEPTEMBER
YEAR: 2020
LATITUDE: 34 37 N
LONGITUDE: 118 5 W
TEMPERATURE IN F: :PCPN: SNOW: WIND :SUNSHINE: SKY :PK WND
================================================================================
1 2 3 4 5 6A 6B 7 8 9 10 11 12 13 14 15 16 17 18
12Z AVG MX 2MIN
DY MAX MIN AVG DEP HDD CDD WTR SNW DPTH SPD SPD DIR MIN PSBL S-S WX SPD DR
================================================================================
1 100 61 81 3 0 16 0.00 0.0 0 7.6 20 190 M M 0 23 190
2 102 68 85 7 0 20 0.00 0.0 0 7.4 18 230 M M 0 22 230
3 106 66 86 8 0 21 0.00 0.0 0 5.1 20 230 M M 0 22 230
4 109 66 88 10 0 23 0.00 0.0 0 6.9 23 230 M M 0 8 26 230
5 111 70 91 14 0 26 0.00 0.0 0 5.6 17 160 M M 0 22 160
6 111 71 91 14 0 26 0.00 0.0 0 5.5 14 260 M M 0 8 15 20
7 109 74 92 15 0 27 0.00 0.0 0 11.5 28 280 M M 3 8 32 280
8 98 67 83 7 0 18 0.00 0.0 0 12.6 24 60 M M 4 8 32 60
9 86 56 71 -5 0 6 0.00 0.0 0 9.0 22 80 M M 0 29 50
10 85 52 69 -7 0 4 0.00 0.0 0 3.7 10 180 M M 0 10 200
11 87 52 70 -5 0 5 0.00 0.0 0 4.6 10 190 M M 0 13 40
12 92 52 72 -3 0 7 0.00 0.0 0 4.6 12 200 M M 0 13 50
13 98 54 76 1 0 11 0.00 0.0 0 6.6 20 230 M M 1 8 23 230
14 96 58 77 3 0 12 0.00 0.0 0 5.1 20 240 M M 0 8 24 230
15 94 59 77 3 0 12 0.00 0.0 0 5.7 16 240 M M 0 8 19 250
16 97 57 77 3 0 12 0.00 0.0 0 4.6 17 240 M M 1 8 22 210
17 98 57 78 5 0 13 0.00 0.0 0 4.9 16 240 M M 3 8 20 240
18 97 61 79 6 0 14 0.00 0.0 0 9.6 23 220 M M 0 8 29 210
19 95 59 77 4 0 12 0.00 0.0 0 8.0 21 230 M M 0 8 30 230
20 94 54 74 2 0 9 0.00 0.0 0 5.9 18 260 M M 0 21 270
21 95 60 78 6 0 13 0.00 0.0 0 7.7 23 230 M M 1 8 28 230
22 93 59 76 4 0 11 0.00 0.0 0 8.6 23 230 M M 0 27 230
23 95 58 77 6 0 12 0.00 0.0 0 5.8 18 230 M M 0 8 21 230
24 96 54 75 4 0 10 0.00 0.0 0 7.5 20 240 M M 0 8 24 240
25 95 56 76 5 0 11 0.00 0.0 0 7.2 17 220 M M 0 25 240
26 93 54 74 4 0 9 0.00 0.0 0 5.6 22 290 M M 0 8 28 290
27 97 57 77 7 0 12 0.00 0.0 0 7.0 20 60 M M 0 26 50
28 96 59 78 8 0 13 0.00 0.0 0 8.1 21 80 M M 0 26 70
29 97 54 76 7 0 11 0.00 0.0 0 4.2 12 200 M M 0 15 10
30 98 62 80 11 0 15 0.00 0.0 0 8.0 16 290 M M 0 20 290
================================================================================
SM 2920 1787 0 411 0.00 0.0 204.2 M 13
================================================================================
AV 97.3 59.6 6.8 FASTST M M 0 MAX(MPH)
MISC ----> # 28 280 # 32 280
================================================================================
NOTES:
# LAST OF SEVERAL OCCURRENCES
COLUMN 17 PEAK WIND IN M.P.H.
PRELIMINARY LOCAL CLIMATOLOGICAL DATA (WS FORM: F-6) , PAGE 2
STATION: PALMDALE AIRPORT CA
MONTH: SEPTEMBER
YEAR: 2020
LATITUDE: 34 37 N
LONGITUDE: 118 5 W
[TEMPERATURE DATA] [PRECIPITATION DATA] SYMBOLS USED IN COLUMN 16
AVERAGE MONTHLY: 78.5 TOTAL FOR MONTH: 0.00 1 = FOG OR MIST
DPTR FM NORMAL: 4.6 DPTR FM NORMAL: -0.29 2 = FOG REDUCING VISIBILITY
HIGHEST: 111 ON 6, 5 GRTST 24HR 0.00 ON 30-30 TO 1/4 MILE OR LESS
LOWEST: 52 ON 12,11 3 = THUNDER
SNOW, ICE PELLETS, HAIL 4 = ICE PELLETS
TOTAL MONTH: 0.0 INCH 5 = HAIL
GRTST 24HR 0.0 6 = FREEZING RAIN OR DRIZZLE
GRTST DEPTH: 0 7 = DUSTSTORM OR SANDSTORM:
VSBY 1/2 MILE OR LESS
8 = SMOKE OR HAZE
[NO. OF DAYS WITH] [WEATHER - DAYS WITH] 9 = BLOWING SNOW
X = TORNADO
MAX 32 OR BELOW: 0 0.01 INCH OR MORE: 0
MAX 90 OR ABOVE: 27 0.10 INCH OR MORE: 0
MIN 32 OR BELOW: 0 0.50 INCH OR MORE: 0
MIN 0 OR BELOW: 0 1.00 INCH OR MORE: 0
[HDD (BASE 65) ]
TOTAL THIS MO. 0 CLEAR (SCALE 0-3) 29
DPTR FM NORMAL -12 PTCLDY (SCALE 4-7) 1
TOTAL FM JUL 1 0 CLOUDY (SCALE 8-10) 0
DPTR FM NORMAL -12
[CDD (BASE 65) ]
TOTAL THIS MO. 411
DPTR FM NORMAL 136 [PRESSURE DATA]
TOTAL FM JAN 1 2120 HIGHEST SLP 30.05 ON 15
DPTR FM NORMAL 363 LOWEST SLP 29.65 ON 8
[REMARKS]
#FINAL-09-20#