000
CXUS54 KOUN 010700
CF6PNC
PRELIMINARY LOCAL CLIMATOLOGICAL DATA (WS FORM: F-6)
STATION: PONCA CITY
MONTH: AUGUST
YEAR: 2020
LATITUDE: 36 44 N
LONGITUDE: 97 6 W
TEMPERATURE IN F: :PCPN: SNOW: WIND :SUNSHINE: SKY :PK WND
================================================================================
1 2 3 4 5 6A 6B 7 8 9 10 11 12 13 14 15 16 17 18
12Z AVG MX 2MIN
DY MAX MIN AVG DEP HDD CDD WTR SNW DPTH SPD SPD DIR MIN PSBL S-S WX SPD DR
================================================================================
1 86 65 76 -6 0 11 0.00 0.0 0 2.8 15 350 M M 2 17 350
2 86 64 75 -7 0 10 0.00 0.0 0 5.8 17 350 M M 1 22 20
3 84 62 73 -9 0 8 0.00 0.0 0 7.3 15 30 M M 0 18 50
4 81 60 71 -11 0 6 0.00 0.0 0 7.3 14 110 M M 2 21 90
5 85 63 74 -8 0 9 T 0.0 0 6.2 13 130 M M 1 19 110
6 80 69 75 -7 0 10 0.03 0.0 0 10.7 24 140 M M 4 138 29 140
7 92 71 82 0 0 17 T 0.0 0 13.4 24 150 M M 2 3 32 160
8 97 78 88 6 0 23 T 0.0 0 9.9 23 160 M M 0 30 160
9 98 77 88 6 0 23 0.00 0.0 0 9.7 20 160 M M 0 29 210
10 97 71 84 2 0 19 T 0.0 0 8.6 23 340 M M 1 3 32 350
11 87 70 79 -3 0 14 0.01 0.0 0 7.7 22 210 M M 4 3 33 220
12 91 71 81 -1 0 16 0.00 0.0 0 12.5 24 140 M M 6 3 30 140
13 92 72 82 0 0 17 0.00 0.0 0 12.3 25 130 M M 2 3 34 130
14 94 75 85 3 0 20 0.00 0.0 0 9.5 23 140 M M 0 28 140
15 96 73 85 3 0 20 0.00 0.0 0 6.7 22 90 M M 0 27 90
16 87 67 77 -5 0 12 0.00 0.0 0 6.8 17 110 M M 0 22 100
17 93 66 80 -1 0 15 0.00 0.0 0 7.9 20 20 M M 0 25 30
18 90 60 75 -6 0 10 0.00 0.0 0 4.3 12 60 M M 0 16 50
19 86 59 73 -8 0 8 0.00 0.0 0 4.5 14 130 M M 1 18 110
20 89 60 75 -6 0 10 0.00 0.0 0 5.4 13 100 M M 0 19 160
21 88 65 77 -4 0 12 0.00 0.0 0 6.4 12 220 M M 0 18 330
22 93 61 77 -4 0 12 0.00 0.0 0 5.5 14 150 M M 0 18 150
23 95 68 82 2 0 17 0.00 0.0 0 6.7 14 160 M M 0 18 140
24 95 67 81 1 0 16 0.00 0.0 0 6.7 14 150 M M 0 20 160
25 95 63 79 -1 0 14 0.00 0.0 0 5.2 15 140 M M 1 20 160
26 95 66 81 1 0 16 0.00 0.0 0 7.8 25 150 M M 2 33 150
27 93 67 80 0 0 15 0.00 0.0 0 7.0 15 160 M M 0 19 150
28 101 68 85 6 0 20 0.00 0.0 M 5.9 14 140 M M 0 19 140
29 85 69 77 -2 0 12 0.02 0.0 0 10.4 25 40 M M 2 3 33 50
30 92 69 81 2 0 16 0.00 0.0 0 5.0 15 130 M M 4 17 120
31 95 74 85 7 0 20 T 0.0 0 10.5 22 160 M M 2 3 28 160
================================================================================
SM 2818 2090 0 448 0.06 0.0 236.4 M 37
================================================================================
AV 90.9 67.4 7.6 FASTST M M 1 MAX(MPH)
MISC ----> # 25 130 # 34 130
================================================================================
NOTES:
# LAST OF SEVERAL OCCURRENCES
COLUMN 17 PEAK WIND IN M.P.H.
PRELIMINARY LOCAL CLIMATOLOGICAL DATA (WS FORM: F-6) , PAGE 2
STATION: PONCA CITY
MONTH: AUGUST
YEAR: 2020
LATITUDE: 36 44 N
LONGITUDE: 97 6 W
[TEMPERATURE DATA] [PRECIPITATION DATA] SYMBOLS USED IN COLUMN 16
AVERAGE MONTHLY: 79.2 TOTAL FOR MONTH: 0.06 1 = FOG OR MIST
DPTR FM NORMAL: -1.8 DPTR FM NORMAL: -3.19 2 = FOG REDUCING VISIBILITY
HIGHEST: 101 ON 28 GRTST 24HR 0.06 ON 31- 1 TO 1/4 MILE OR LESS
LOWEST: 59 ON 19 3 = THUNDER
SNOW, ICE PELLETS, HAIL 4 = ICE PELLETS
TOTAL MONTH: 0.0 INCH 5 = HAIL
GRTST 24HR 0.0 6 = FREEZING RAIN OR DRIZZLE
GRTST DEPTH: 0 7 = DUSTSTORM OR SANDSTORM:
VSBY 1/2 MILE OR LESS
8 = SMOKE OR HAZE
[NO. OF DAYS WITH] [WEATHER - DAYS WITH] 9 = BLOWING SNOW
X = TORNADO
MAX 32 OR BELOW: 0 0.01 INCH OR MORE: 3
MAX 90 OR ABOVE: 19 0.10 INCH OR MORE: 0
MIN 32 OR BELOW: 0 0.50 INCH OR MORE: 0
MIN 0 OR BELOW: 0 1.00 INCH OR MORE: 0
[HDD (BASE 65) ]
TOTAL THIS MO. 0 CLEAR (SCALE 0-3) 27
DPTR FM NORMAL 0 PTCLDY (SCALE 4-7) 4
TOTAL FM JUL 1 0 CLOUDY (SCALE 8-10) 0
DPTR FM NORMAL 0
[CDD (BASE 65) ]
TOTAL THIS MO. 448
DPTR FM NORMAL -50 [PRESSURE DATA]
TOTAL FM JAN 1 1645 HIGHEST SLP M ON M
DPTR FM NORMAL 93 LOWEST SLP 28.40 ON 31
[REMARKS]
#FINAL-08-20#