000
CXUS54 KMOB 010638
CF6PNS
PRELIMINARY LOCAL CLIMATOLOGICAL DATA (WS FORM: F-6)
STATION: PENSACOLA
MONTH: MARCH
YEAR: 2023
LATITUDE: 30 28 N
LONGITUDE: 87 12 W
TEMPERATURE IN F: :PCPN: SNOW: WIND :SUNSHINE: SKY :PK WND
================================================================================
1 2 3 4 5 6A 6B 7 8 9 10 11 12 13 14 15 16 17 18
12Z AVG MX 2MIN
DY MAX MIN AVG DEP HDD CDD WTR SNW DPTH SPD SPD DIR MIN PSBL S-S WX SPD DR
================================================================================
1 81 73 77 17 0 12 0.00 0.0 0 10.8 18 200 M M 8 27 210
2 78 70 74 14 0 9 0.01 0.0 0 11.6 21 180 M M 7 1 27 160
3 80 65 73 13 0 8 0.03 0.0 0 16.1 29 230 M M 6 18 42 200
4 81 59 70 10 0 5 0.00 0.0 0 8.7 16 300 M M 0 20 250
5 81 56 69 9 0 4 0.00 0.0 0 5.5 12 150 M M 0 17 150
6 81 61 71 10 0 6 T 0.0 0 5.8 16 180 M M 7 12 21 190
7 86 71 79 18 0 14 T 0.0 0 7.1 18 210 M M 5 1 23 250
8 79 67 73 12 0 8 0.00 0.0 0 7.5 15 150 M M 4 1 20 150
9 77 66 72 11 0 7 0.02 0.0 0 9.0 15 130 M M 8 13 19 130
10 83 59 71 10 0 6 0.01 0.0 0 9.1 21 340 M M 4 1 27 330
11 74 54 64 2 1 0 0.00 0.0 0 7.6 16 190 M M 6 21 190
12 83 64 74 12 0 9 0.76 0.0 0 10.8 23 270 M M 9 13 32 220
13 69 52 61 -1 4 0 0.62 0.0 0 12.5 21 340 M M 3 13 30 330
14 63 44 54 -8 11 0 0.00 0.0 0 10.5 18 350 M M 0 27 10
15 66 43 55 -7 10 0 0.00 0.0 0 5.6 13 240 M M 0 20 40
16 74 44 59 -3 6 0 0.00 0.0 0 9.7 20 140 M M 2 26 150
17 78 49 64 2 1 0 0.46 0.0 0 13.1 25 340 M M 8 13 35 350
18 60 47 54 -9 11 0 T 0.0 0 12.3 22 350 M M 9 31 340
19 57 39 48 -15 17 0 0.00 0.0 0 11.3 23 330 M M 0 29 350
20 61 30 46 -17 19 0 0.00 0.0 0 7.8 16 350 M M 0 24 350
21 66 45 56 -7 9 0 0.00 0.0 0 7.5 17 110 M M 0 23 120
22 74 50 62 -1 3 0 0.00 0.0 0 5.1 13 150 M M 0 20 180
23 79 57 68 4 0 3 0.00 0.0 0 6.8 15 150 M M 7 1 24 180
24 79 67 73 9 0 8 0.00 0.0 0 11.6 21 180 M M 8 1 29 180
25 84 72 78 14 0 13 0.12 0.0 0 11.7 21 230 M M 9 1 28 240
26 83 72 78 14 0 13 T 0.0 0 13.0 22 200 M M 10 1 32 200
27 82 72 77 13 0 12 0.06 0.0 0 9.3 18 210 M M 9 123 25 220
28 80 64 72 8 0 7 1.04 0.0 0 7.4 18 280 M M 6 123 26 280
29 67 55 61 -4 4 0 0.02 0.0 0 7.3 15 20 M M 1 28 30
30 75 52 64 -1 1 0 0.00 0.0 0 8.4 15 180 M M 0 21 170
31 79 66 73 8 0 8 0.00 0.0 0 10.4 22 150 M M 6 32 140
================================================================================
SM 2340 1785 97 152 3.15 0.0 290.9 M 142
================================================================================
AV 75.5 57.6 9.4 FASTST M M 5 MAX(MPH)
MISC ----> 29 230 42 200
================================================================================
NOTES:
# LAST OF SEVERAL OCCURRENCES
COLUMN 17 PEAK WIND IN M.P.H.
PRELIMINARY LOCAL CLIMATOLOGICAL DATA (WS FORM: F-6) , PAGE 2
STATION: PENSACOLA
MONTH: MARCH
YEAR: 2023
LATITUDE: 30 28 N
LONGITUDE: 87 12 W
[TEMPERATURE DATA] [PRECIPITATION DATA] SYMBOLS USED IN COLUMN 16
AVERAGE MONTHLY: 66.5 TOTAL FOR MONTH: 3.15 1 = FOG OR MIST
DPTR FM NORMAL: 4.2 DPTR FM NORMAL: -2.10 2 = FOG REDUCING VISIBILITY
HIGHEST: 86 ON 7 GRTST 24HR 1.38 ON 12-13 TO 1/4 MILE OR LESS
LOWEST: 30 ON 20 3 = THUNDER
SNOW, ICE PELLETS, HAIL 4 = ICE PELLETS
TOTAL MONTH: 0.0 INCH 5 = HAIL
GRTST 24HR 0.0 6 = FREEZING RAIN OR DRIZZLE
GRTST DEPTH: 0 7 = DUSTSTORM OR SANDSTORM:
VSBY 1/2 MILE OR LESS
8 = SMOKE OR HAZE
[NO. OF DAYS WITH] [WEATHER - DAYS WITH] 9 = BLOWING SNOW
X = TORNADO
MAX 32 OR BELOW: 0 0.01 INCH OR MORE: 11
MAX 90 OR ABOVE: 0 0.10 INCH OR MORE: 5
MIN 32 OR BELOW: 1 0.50 INCH OR MORE: 3
MIN 0 OR BELOW: 0 1.00 INCH OR MORE: 1
[HDD (BASE 65) ]
TOTAL THIS MO. 97 CLEAR (SCALE 0-3) 12
DPTR FM NORMAL -42 PTCLDY (SCALE 4-7) 10
TOTAL FM JUL 1 844 CLOUDY (SCALE 8-10) 9
DPTR FM NORMAL -424
[CDD (BASE 65) ]
TOTAL THIS MO. 152
DPTR FM NORMAL 95 [PRESSURE DATA]
TOTAL FM JAN 1 322 HIGHEST SLP M ON M
DPTR FM NORMAL 236 LOWEST SLP 29.59 ON 3
[REMARKS]
#FINAL-03-23#