000
CXUS53 KPAH 010730
CF6POF
PRELIMINARY LOCAL CLIMATOLOGICAL DATA (WS FORM: F-6)
STATION: POPLAR BLUFF MO
MONTH: OCTOBER
YEAR: 2023
LATITUDE: 36 46 N
LONGITUDE: 90 19 W
TEMPERATURE IN F: :PCPN: SNOW: WIND :SUNSHINE: SKY :PK WND
================================================================================
1 2 3 4 5 6A 6B 7 8 9 10 11 12 13 14 15 16 17 18
12Z AVG MX 2MIN
DY MAX MIN AVG DEP HDD CDD WTR SNW DPTH SPD SPD DIR MIN PSBL S-S WX SPD DR
================================================================================
1 90 57 74 9 0 9 0.00 M M 3.7 13 70 M M 0 19 50
2 91 58 75 10 0 10 0.00 M M 3.0 10 30 M M 0 23 350
3 90 59 75 10 0 10 0.00 M M 4.3 16 200 M M 5 8 23 220
4 85 57 71 7 0 6 0.62 M M 4.9 21 210 M M 4 18 29 230
5 72 59 66 2 0 1 0.57 M M 2.8 12 190 M M 9 12 22 30
6 77 47 62 -2 3 0 0.00 M M 7.0 17 330 M M 2 12 25 330
7 67 41 54 -9 11 0 0.00 M M 4.0 14 310 M M 0 20 290
8 72 40 56 -7 9 0 0.00 M M 5.3 17 230 M M 0 8 26 250
9 78 48 63 1 2 0 0.00 M M 5.0 10 340 M M 1 8 14 30
10 74 42 58 -4 7 0 0.00 M M 2.3 10 210 M M 0 15 180
11 80 51 66 4 0 1 0.00 M M 3.9 17 200 M M 1 24 210
12 80 47 64 3 1 0 0.00 M M 5.9 17 160 M M 2 1 26 160
13 73 55 64 3 1 0 0.02 M M 8.6 20 200 M M 8 29 190
14 63 48 56 -4 9 0 T M M 9.3 20 330 M M 6 27 320
15 61 47 54 -6 11 0 0.08 M M 9.7 24 360 M M 9 1 34 360
16 68 42 55 -5 10 0 0.00 M M 7.1 17 340 M M 1 8 26 320
17 71 38 55 -4 10 0 0.00 M M 1.2 10 270 M M 0 1 16 270
18 75 39 57 -2 8 0 0.00 M M 5.5 18 210 M M 1 18 28 220
19 79 52 66 8 0 1 0.02 M M 7.5 18 260 M M 4 29 270
20 78 46 62 4 3 0 0.00 M M 5.4 22 330 M M 1 29 350
21 88 43 66 8 0 1 0.00 M M 5.1 17 330 M M 0 1 24 320
22 73 47 60 3 5 0 0.00 M M 3.9 13 20 M M 0 19 50
23 79 47 63 6 2 0 0.00 M M 2.7 9 150 M M 0 8 13 140
24 82 56 69 13 0 4 0.00 M M 6.0 18 170 M M 1 29 170
25 83 68 76 20 0 11 0.00 M M 11.7 28 220 M M 4 38 210
26 83 66 75 20 0 10 T M M 10.7 26 200 M M 4 35 200
27 80 68 74 19 0 9 0.00 M M 7.5 16 230 M M 7 18 22 230
28 72 47 60 5 5 0 2.04 M M 9.6 16 20 M M 10 1 21 60
29 51 43 47 -7 18 0 0.86 M M 8.8 18 350 M M 10 1 25 360
30 51 31 41 -13 24 0 0.02 M M 10.0 20 350 M M 3 1 27 350
31 50 27 39 -14 26 0 0.00 M M 7.2 23 340 M M 0 32 360
================================================================================
SM 2316 1516 165 73 4.23 M 189.6 M 93
================================================================================
AV 74.7 48.9 6.1 FASTST M M 3 MAX(MPH)
MISC ----> 28 220 38 210
================================================================================
NOTES:
# LAST OF SEVERAL OCCURRENCES
COLUMN 17 PEAK WIND IN M.P.H.
PRELIMINARY LOCAL CLIMATOLOGICAL DATA (WS FORM: F-6) , PAGE 2
STATION: POPLAR BLUFF MO
MONTH: OCTOBER
YEAR: 2023
LATITUDE: 36 46 N
LONGITUDE: 90 19 W
[TEMPERATURE DATA] [PRECIPITATION DATA] SYMBOLS USED IN COLUMN 16
AVERAGE MONTHLY: 61.8 TOTAL FOR MONTH: 4.23 1 = FOG OR MIST
DPTR FM NORMAL: 2.3 DPTR FM NORMAL: 0.27 2 = FOG REDUCING VISIBILITY
HIGHEST: 91 ON 2 GRTST 24HR 2.54 ON 28-29 TO 1/4 MILE OR LESS
LOWEST: 27 ON 31 3 = THUNDER
SNOW, ICE PELLETS, HAIL 4 = ICE PELLETS
TOTAL MONTH: M 5 = HAIL
GRTST 24HR M ON M 6 = FREEZING RAIN OR DRIZZLE
GRTST DEPTH: M ON M 7 = DUSTSTORM OR SANDSTORM:
VSBY 1/2 MILE OR LESS
8 = SMOKE OR HAZE
[NO. OF DAYS WITH] [WEATHER - DAYS WITH] 9 = BLOWING SNOW
X = TORNADO
MAX 32 OR BELOW: 0 0.01 INCH OR MORE: 8
MAX 90 OR ABOVE: 3 0.10 INCH OR MORE: 4
MIN 32 OR BELOW: 2 0.50 INCH OR MORE: 4
MIN 0 OR BELOW: 0 1.00 INCH OR MORE: 1
[HDD (BASE 65) ]
TOTAL THIS MO. 165 CLEAR (SCALE 0-3) 19
DPTR FM NORMAL -48 PTCLDY (SCALE 4-7) 8
TOTAL FM JUL 1 165 CLOUDY (SCALE 8-10) 4
DPTR FM NORMAL -73
[CDD (BASE 65) ]
TOTAL THIS MO. 73
DPTR FM NORMAL 31 [PRESSURE DATA]
TOTAL FM JAN 1 1694 HIGHEST SLP M ON M
DPTR FM NORMAL 68 LOWEST SLP 29.71 ON 11
[REMARKS]
#FINAL-10-23#