000
CXUS55 KALY 010810
CF6POU
PRELIMINARY LOCAL CLIMATOLOGICAL DATA (WS FORM: F-6)
STATION: POUGHKEEPSIE NY
MONTH: FEBRUARY
YEAR: 2023
LATITUDE: 41 37 N
LONGITUDE: 73 53 W
TEMPERATURE IN F: :PCPN: SNOW: WIND :SUNSHINE: SKY :PK WND
================================================================================
1 2 3 4 5 6A 6B 7 8 9 10 11 12 13 14 15 16 17 18
12Z AVG MX 2MIN
DY MAX MIN AVG DEP HDD CDD WTR SNW DPTH SPD SPD DIR MIN PSBL S-S WX SPD DR
================================================================================
1 36 20 28 1 37 0 0.00 M M 5.5 16 250 M M 3 20 250
2 39 17 28 1 37 0 0.00 M M 4.6 17 240 M M 0 21 230
3 34 -1 17 -10 48 0 T M M 14.9 31 280 M M 5 8 45 280
4 21 -7 7 -20 58 0 0.00 M M 5.5 14 350 M M 2 19 360
5 47 20 34 7 31 0 0.00 M M 3.1 14 230 M M 1 8 18 230
6 48 24 36 9 29 0 0.00 M M 5.8 23 340 M M 6 8 31 10
7 41 17 29 1 36 0 0.03 M M 3.5 13 170 M M 2 1 18 160
8 51 26 39 11 26 0 0.00 M M 4.2 14 300 M M 1 128 18 300
9 49 22 36 8 29 0 0.01 M M 1.8 10 130 M M 6 12 16 140
10 57 30 44 16 21 0 0.00 M M 9.6 29 280 M M 5 12 37 280
11 44 25 35 7 30 0 0.00 M M 6.3 24 300 M M 1 33 280
12 48 21 35 7 30 0 0.00 M M 1.2 6 10 M M 0 8 360
13 55 26 41 12 24 0 0.00 M M 5.2 18 280 M M 1 24 260
14 55 30 43 14 22 0 0.00 M M 5.9 16 10 M M 2 23 320
15 66 30 48 19 17 0 0.00 M M 6.0 17 160 M M 1 27 160
16 60 37 49 20 16 0 0.03 M M 2.3 9 260 M M 3 13 210
17 58 30 44 14 21 0 0.12 M M 8.2 23 320 M M 9 18 32 270
18 43 18 31 1 34 0 0.00 M M 4.1 15 250 M M 1 22 340
19 48 24 36 6 29 0 0.00 M M 3.9 14 140 M M 1 20 150
20 60 30 45 15 20 0 0.00 M M 4.0 22 260 M M 4 30 250
21 42 31 37 7 28 0 0.25 M M 2.3 15 330 M M 8 1 19 330
22 39 23 31 0 34 0 0.06 M M 2.5 13 260 M M 6 1 16 250
23 40 34 37 6 28 0 0.23 M M 4.5 13 140 M M 10 1 17 140
24 42 19 31 0 34 0 0.00 M M 10.8 28 300 M M 5 1 38 300
25 27 15 21 -11 44 0 0.03 M M 2.2 12 210 M M 5 18 16 220
26 40 12 26 -6 39 0 0.00 M M 1.9 14 230 M M 3 18 19 200
27 41 19 30 -2 35 0 0.14 M M 4.1 16 160 M M 3 1 25 140
28 34 23 29 -3 36 0 0.23 M M 2.2 9 60 M M 10 12 14 90
================================================================================
SM 1265 615 873 0 1.13 M 136.1 M 104
================================================================================
AV 45.2 22.0 4.9 FASTST M M 4 MAX(MPH)
MISC ----> 31 280 45 280
================================================================================
NOTES:
# LAST OF SEVERAL OCCURRENCES
COLUMN 17 PEAK WIND IN M.P.H.
PRELIMINARY LOCAL CLIMATOLOGICAL DATA (WS FORM: F-6) , PAGE 2
STATION: POUGHKEEPSIE NY
MONTH: FEBRUARY
YEAR: 2023
LATITUDE: 41 37 N
LONGITUDE: 73 53 W
[TEMPERATURE DATA] [PRECIPITATION DATA] SYMBOLS USED IN COLUMN 16
AVERAGE MONTHLY: 33.6 TOTAL FOR MONTH: 1.13 1 = FOG OR MIST
DPTR FM NORMAL: 4.4 DPTR FM NORMAL: -1.08 2 = FOG REDUCING VISIBILITY
HIGHEST: 66 ON 15 GRTST 24HR 0.37 ON 27-28 TO 1/4 MILE OR LESS
LOWEST: -7 ON 4 3 = THUNDER
SNOW, ICE PELLETS, HAIL 4 = ICE PELLETS
TOTAL MONTH: M 5 = HAIL
GRTST 24HR M ON M 6 = FREEZING RAIN OR DRIZZLE
GRTST DEPTH: M ON M 7 = DUSTSTORM OR SANDSTORM:
VSBY 1/2 MILE OR LESS
8 = SMOKE OR HAZE
[NO. OF DAYS WITH] [WEATHER - DAYS WITH] 9 = BLOWING SNOW
X = TORNADO
MAX 32 OR BELOW: 2 0.01 INCH OR MORE: 10
MAX 90 OR ABOVE: 0 0.10 INCH OR MORE: 5
MIN 32 OR BELOW: 26 0.50 INCH OR MORE: 0
MIN 0 OR BELOW: 2 1.00 INCH OR MORE: 0
[HDD (BASE 65) ]
TOTAL THIS MO. 873 CLEAR (SCALE 0-3) 14
DPTR FM NORMAL -129 PTCLDY (SCALE 4-7) 11
TOTAL FM JUL 1 3778 CLOUDY (SCALE 8-10) 3
DPTR FM NORMAL -644
[CDD (BASE 65) ]
TOTAL THIS MO. 0
DPTR FM NORMAL 0 [PRESSURE DATA]
TOTAL FM JAN 1 0 HIGHEST SLP 30.64 ON 4
DPTR FM NORMAL 0 LOWEST SLP 29.46 ON 17
[REMARKS]
#FINAL-02-23#