000
CXUS51 KALY 130431
CLSPOU
CLIMATE REPORT
NATIONAL WEATHER SERVICE ALBANY NY
1131 PM EST SAT DEC 12 2020
...................................
...THE POUGHKEEPSIE NY CLIMATE SUMMARY FOR THE SEASON, FROM
9/1/2020 TO 11/30/2020...
CLIMATE NORMAL PERIOD: 1981 TO 2010
CLIMATE RECORD PERIOD: 1931 TO 2020
WEATHER OBSERVED NORMAL DEPART LAST YEAR`S
VALUE DATE(S) VALUE FROM VALUE DATE(S)
NORMAL
................................................................
TEMPERATURE (F)
RECORD
HIGH 101 09/02/1953
LOW 3 11/24/1989
HIGHEST 85 09/08 92 09/23
LOWEST 18 11/19 30 10/19
AVG. MAXIMUM 66.1 63.5 2.6 71.1
AVG. MINIMUM 42.9 40.4 2.5 48.2
MEAN 54.5 51.9 2.6 59.6
DAYS MAX >= 90 0 0.9 -0.9 1
DAYS MAX <= 32 0 0.3 -0.3 0
DAYS MIN <= 32 19 25.7 -6.7 2
DAYS MIN <= 0 0 0.0 0.0 0
PRECIPITATION (INCHES)
RECORD
MAXIMUM 22.90 2005
MINIMUM 3.86 1964
TOTALS 9.77 12.22 -2.45 6.41
DAILY AVG. 0.11 0.11
DAYS >= .01 26 28.1 -2.1 20
DAYS >= .10 16 18.1 -2.1 12
DAYS >= .50 7 7.8 -0.8 3
DAYS >= 1.00 4 3.2 0.8 1
GREATEST
24 HR. TOTAL 2.55 09/29 TO 09/30
DEGREE DAYS
HEATING TOTAL 1014 1261 -247 391
SINCE 7/1 1016 1276 -260 395
COOLING TOTAL 84 68 16 71
SINCE 1/1 1020 672 348 808
................................................................
WIND (MPH)
AVERAGE WIND SPEED 3.9
HIGHEST WIND SPEED/DIRECTION 39/260 DATE 11/15
HIGHEST GUST SPEED/DIRECTION 49/250 DATE 11/15
WEATHER CONDITIONS. NUMBER OF DAYS WITH
THUNDERSTORM 3 MIXED PRECIP 0
HEAVY RAIN 12 RAIN 15
LIGHT RAIN 28 FREEZING RAIN 0
LT FREEZING RAIN 0 HAIL 0
HEAVY SNOW 0 SNOW 0
LIGHT SNOW 1 SLEET 0
FOG 44 FOG W/VIS <= 1/4 MILE 4
HAZE 7
- INDICATES NEGATIVE NUMBERS.
R INDICATES RECORD WAS SET OR TIED.
MM INDICATES DATA IS MISSING.
T INDICATES TRACE AMOUNT.
$$