000
CXUS56 KFGZ 010910
CF6PRC
PRELIMINARY LOCAL CLIMATOLOGICAL DATA (WS FORM: F-6)
STATION: PRESCOTT AZ AIRPORT
MONTH: JUNE
YEAR: 2023
LATITUDE: 34 39 N
LONGITUDE: 112 26 W
TEMPERATURE IN F: :PCPN: SNOW: WIND :SUNSHINE: SKY :PK WND
================================================================================
1 2 3 4 5 6A 6B 7 8 9 10 11 12 13 14 15 16 17 18
12Z AVG MX 2MIN
DY MAX MIN AVG DEP HDD CDD WTR SNW DPTH SPD SPD DIR MIN PSBL S-S WX SPD DR
================================================================================
1 74 47 61 -6 4 0 0.00 M M 5.8 16 230 M M 2 21 240
2 78 50 64 -4 1 0 0.00 M M 6.8 16 270 M M 2 21 250
3 82 51 67 -1 0 2 T M M 5.7 22 360 M M 3 26 10
4 81 55 68 0 0 3 T M M 6.5 29 130 M M 2 49 130
5 85 50 68 -1 0 3 0.00 M M 9.7 25 140 M M 0 34 130
6 79 46 63 -6 2 0 0.00 M M 9.9 28 140 M M 0 35 140
7 77 45 61 -8 4 0 0.00 M M 8.4 24 140 M M 0 28 140
8 77 46 62 -8 3 0 0.00 M M 9.0 18 210 M M 0 29 220
9 79 49 64 -6 1 0 0.00 M M 7.4 16 240 M M 0 26 210
10 82 49 66 -4 0 1 0.00 M M 6.9 20 230 M M 0 26 210
11 75 49 62 -9 3 0 0.00 M M 11.8 30 150 M M 0 37 150
12 73 48 61 -10 4 0 0.00 M M 6.8 17 250 M M 2 21 250
13 79 50 65 -6 0 0 0.00 M M 6.2 13 250 M M 1 18 250
14 81 51 66 -6 0 1 0.00 M M 7.3 22 240 M M 0 27 230
15 81 55 68 -4 0 3 0.00 M M 7.5 17 240 M M 0 26 180
16 81 51 66 -6 0 1 0.00 M M 8.1 22 240 M M 0 32 210
17 86 53 70 -2 0 5 0.00 M M 6.5 16 240 M M 0 20 270
18 85 58 72 -1 0 7 0.00 M M 11.3 24 230 M M 0 34 200
19 83 56 70 -3 0 5 0.00 M M 11.6 24 200 M M 0 34 190
20 83 54 69 -4 0 4 0.00 M M 9.2 20 190 M M 0 26 160
21 86 53 70 -4 0 5 0.00 M M 8.9 18 230 M M 0 23 220
22 84 54 69 -5 0 4 0.00 M M 9.9 22 210 M M 0 28 200
23 82 51 67 -7 0 2 0.00 M M 9.0 21 170 M M 0 28 200
24 87 44 66 -8 0 1 0.00 M M 7.1 20 130 M M 0 29 110
25 90 53 72 -2 0 7 0.00 M M 10.4 30 230 M M 0 35 230
26 90 58 74 -1 0 9 0.00 M M 10.8 24 170 M M 0 31 180
27 87 55 71 -4 0 6 0.00 M M 10.4 23 160 M M 0 36 160
28 86 53 70 -5 0 5 0.00 M M 10.9 23 190 M M 0 31 210
29 87 53 70 -5 0 5 0.00 M M 7.2 17 150 M M 0 23 220
30 91 54 73 -2 0 8 0.00 M M 5.8 17 320 M M 0 8 23 360
================================================================================
SM 2471 1541 22 87 T M 252.8 M 12
================================================================================
AV 82.4 51.4 8.4 FASTST M M 0 MAX(MPH)
MISC ----> # 30 150 49 130
================================================================================
NOTES:
# LAST OF SEVERAL OCCURRENCES
COLUMN 17 PEAK WIND IN M.P.H.
PRELIMINARY LOCAL CLIMATOLOGICAL DATA (WS FORM: F-6) , PAGE 2
STATION: PRESCOTT AZ AIRPORT
MONTH: JUNE
YEAR: 2023
LATITUDE: 34 39 N
LONGITUDE: 112 26 W
[TEMPERATURE DATA] [PRECIPITATION DATA] SYMBOLS USED IN COLUMN 16
AVERAGE MONTHLY: 66.9 TOTAL FOR MONTH: T 1 = FOG OR MIST
DPTR FM NORMAL: -4.8 DPTR FM NORMAL: -0.35 2 = FOG REDUCING VISIBILITY
HIGHEST: 91 ON 30 GRTST 24HR T ON 3- 3 TO 1/4 MILE OR LESS
LOWEST: 44 ON 24 3 = THUNDER
SNOW, ICE PELLETS, HAIL 4 = ICE PELLETS
TOTAL MONTH: M 5 = HAIL
GRTST 24HR M ON M 6 = FREEZING RAIN OR DRIZZLE
GRTST DEPTH: M ON M 7 = DUSTSTORM OR SANDSTORM:
VSBY 1/2 MILE OR LESS
8 = SMOKE OR HAZE
[NO. OF DAYS WITH] [WEATHER - DAYS WITH] 9 = BLOWING SNOW
X = TORNADO
MAX 32 OR BELOW: 0 0.01 INCH OR MORE: 0
MAX 90 OR ABOVE: 3 0.10 INCH OR MORE: 0
MIN 32 OR BELOW: 0 0.50 INCH OR MORE: 0
MIN 0 OR BELOW: 0 1.00 INCH OR MORE: 0
[HDD (BASE 65) ]
TOTAL THIS MO. 22 CLEAR (SCALE 0-3) 30
DPTR FM NORMAL 8 PTCLDY (SCALE 4-7) 0
TOTAL FM JUL 1 4454 CLOUDY (SCALE 8-10) 0
DPTR FM NORMAL 400
[CDD (BASE 65) ]
TOTAL THIS MO. 87
DPTR FM NORMAL -129 [PRESSURE DATA]
TOTAL FM JAN 1 95 HIGHEST SLP M ON M
DPTR FM NORMAL -167 LOWEST SLP 29.68 ON 11
[REMARKS]
#FINAL-06-23#