000
CXUS55 KALY 010710
CF6PSF
PRELIMINARY LOCAL CLIMATOLOGICAL DATA (WS FORM: F-6)
STATION: PITTSFIELD MA
MONTH: MAY
YEAR: 2022
LATITUDE: 42 25 N
LONGITUDE: 73 18 W
TEMPERATURE IN F: :PCPN: SNOW: WIND :SUNSHINE: SKY :PK WND
================================================================================
1 2 3 4 5 6A 6B 7 8 9 10 11 12 13 14 15 16 17 18
12Z AVG MX 2MIN
DY MAX MIN AVG DEP HDD CDD WTR SNW DPTH SPD SPD DIR MIN PSBL S-S WX SPD DR
================================================================================
1 67 30 49 -2 16 0 0.00 M M 3.0 13 280 M M 0 15 240
2 55 42 49 -2 16 0 0.16 M M 4.0 17 150 M M 9 1 23 140
3 57 45 51 -1 14 0 0.03 M M 6.7 17 140 M M 10 1 24 130
4 55 47 51 -1 14 0 0.39 M M 6.0 17 140 M M 10 1 22 130
5 65 48 57 5 8 0 0.00 M M 6.8 15 310 M M 2 19 300
6 60 45 53 0 12 0 0.00 M M 2.6 9 250 M M 2 12 150
7 51 43 47 -6 18 0 0.00 M M 9.8 20 60 M M 0 29 50
8 59 35 47 -6 18 0 0.00 M M 8.6 20 50 M M 0 28 50
9 69 33 51 -3 14 0 0.00 M M 9.1 22 50 M M 0 31 60
10 71 40 56 2 9 0 0.00 M M 7.4 18 50 M M 0 26 40
11 77 41 59 5 6 0 0.00 M M 4.4 15 50 M M 0 20 60
12 80 40 60 5 5 0 0.00 M M 3.8 13 160 M M 2 17 170
13 81 53 67 12 0 2 0.00 M M 5.3 15 240 M M 4 1 19 240
14 79 58 69 14 0 4 0.06 M M 4.9 15 190 M M 5 1 21 210
15 78 60 69 13 0 4 0.04 M M 3.4 24 270 M M 7 1 31 300
16 78 53 66 10 0 1 0.66 M M 5.0 29 260 M M 8 12 36 250
17 65 48 57 1 8 0 0.01 M M 14.5 28 290 M M 6 1 37 280
18 65 44 55 -1 10 0 T M M 7.7 20 300 M M 3 25 310
19 58 48 53 -4 12 0 0.27 M M 4.6 22 290 M M 9 1 29 300
20 78 43 61 4 4 0 0.00 M M 7.1 20 170 M M 6 12 29 160
21 89 63 76 19 0 11 0.00 M M 5.3 16 240 M M 4 1 22 240
22 88 57 73 15 0 8 0.35 M M 7.4 28 300 M M 3 1 39 310
23 66 48 57 -1 8 0 0.00 M M 7.4 22 290 M M 2 26 280
24 68 47 58 0 7 0 0.00 M M 4.2 12 50 M M 4 15 50
25 73 45 59 1 6 0 0.00 M M 4.4 12 170 M M 1 19 160
26 69 51 60 1 5 0 0.00 M M 8.3 18 200 M M 6 27 210
27 73 59 66 7 0 1 0.34 M M 7.5 20 190 M M 8 1 28 200
28 70 52 61 2 4 0 0.41 M M 4.6 15 290 M M 8 13 20 340
29 75 47 61 2 4 0 0.00 M M 2.2 12 260 M M 3 12 14 260
30 82 48 65 5 0 0 0.00 M M 4.5 15 260 M M 0 1 19 260
31 85 61 73 13 0 8 0.00 M M 6.8 18 290 M M 1 26 280
================================================================================
SM 2186 1474 218 39 2.72 M 187.3 M 123
================================================================================
AV 70.5 47.5 6.0 FASTST M M 4 MAX(MPH)
MISC ----> 29 260 39 310
================================================================================
NOTES:
# LAST OF SEVERAL OCCURRENCES
COLUMN 17 PEAK WIND IN M.P.H.
PRELIMINARY LOCAL CLIMATOLOGICAL DATA (WS FORM: F-6) , PAGE 2
STATION: PITTSFIELD MA
MONTH: MAY
YEAR: 2022
LATITUDE: 42 25 N
LONGITUDE: 73 18 W
[TEMPERATURE DATA] [PRECIPITATION DATA] SYMBOLS USED IN COLUMN 16
AVERAGE MONTHLY: 59.0 TOTAL FOR MONTH: 2.72 1 = FOG OR MIST
DPTR FM NORMAL: 3.3 DPTR FM NORMAL: -1.07 2 = FOG REDUCING VISIBILITY
HIGHEST: 89 ON 21 GRTST 24HR 0.67 ON 16-17 TO 1/4 MILE OR LESS
LOWEST: 30 ON 1 3 = THUNDER
SNOW, ICE PELLETS, HAIL 4 = ICE PELLETS
TOTAL MONTH: M 5 = HAIL
GRTST 24HR M ON M 6 = FREEZING RAIN OR DRIZZLE
GRTST DEPTH: M ON M 7 = DUSTSTORM OR SANDSTORM:
VSBY 1/2 MILE OR LESS
8 = SMOKE OR HAZE
[NO. OF DAYS WITH] [WEATHER - DAYS WITH] 9 = BLOWING SNOW
X = TORNADO
MAX 32 OR BELOW: 0 0.01 INCH OR MORE: 11
MAX 90 OR ABOVE: 0 0.10 INCH OR MORE: 7
MIN 32 OR BELOW: 1 0.50 INCH OR MORE: 1
MIN 0 OR BELOW: 0 1.00 INCH OR MORE: 0
[HDD (BASE 65) ]
TOTAL THIS MO. 218 CLEAR (SCALE 0-3) 15
DPTR FM NORMAL -84 PTCLDY (SCALE 4-7) 11
TOTAL FM JUL 1 6626 CLOUDY (SCALE 8-10) 5
DPTR FM NORMAL -503
[CDD (BASE 65) ]
TOTAL THIS MO. 39
DPTR FM NORMAL 25 [PRESSURE DATA]
TOTAL FM JAN 1 39 HIGHEST SLP M ON M
DPTR FM NORMAL 23 LOWEST SLP 29.44 ON 16
[REMARKS]
#FINAL-05-22#