000
CXUS54 KFWD 010730
CF6PSN
PRELIMINARY LOCAL CLIMATOLOGICAL DATA (WS FORM: F-6)
STATION: PALESTINE
MONTH: MARCH
YEAR: 2023
LATITUDE: 31 46 N
LONGITUDE: 95 42 W
TEMPERATURE IN F: :PCPN: SNOW: WIND :SUNSHINE: SKY :PK WND
================================================================================
1 2 3 4 5 6A 6B 7 8 9 10 11 12 13 14 15 16 17 18
12Z AVG MX 2MIN
DY MAX MIN AVG DEP HDD CDD WTR SNW DPTH SPD SPD DIR MIN PSBL S-S WX SPD DR
================================================================================
1 81 68 75 22 0 10 T M M 7.7 15 180 M M 8 18 22 170
2 79 55 67 14 0 2 0.79 M M 11.3 18 170 M M 7 138 48 230
3 63 45 54 1 11 0 0.18 M M 9.6 20 290 M M 4 1 25 290
4 75 41 58 4 7 0 0.00 M M 5.0 10 190 M M 1 14 99
5 79 52 66 12 0 1 0.00 M M 7.1 14 200 M M 3 1 20 190
6 79 55 67 13 0 2 0.00 M M 6.3 13 220 M M 6 1 20 220
7 79 64 72 18 0 7 0.00 M M 4.6 8 190 M M 9 1 16 180
8 79 63 71 17 0 6 0.00 M M 4.4 9 50 M M 8 18 15 50
9 81 59 70 15 0 5 0.34 M M 8.1 16 350 M M 8 13 23 330
10 61 54 58 3 7 0 0.05 M M 4.8 10 340 M M 10 1 15 10
11 82 57 70 15 0 5 0.00 M M 9.5 20 210 M M 6 1 28 210
12 72 52 62 6 3 0 M M M 9.4 16 40 M M 8 1 22 0
13 64 43 54 -2 11 0 0.00 M M 9.1 15 30 M M 1 20 40
14 61 43 52 -4 13 0 0.01 M M 6.2 13 50 M M 4 20 80
15 70 41 56 0 9 0 0.00 M M 8.2 15 160 M M 4 24 180
16 70 48 59 3 6 0 0.48 M M 10.1 17 340 M M 10 13 32 170
17 55 39 47 -10 18 0 0.02 M M 13.6 21 350 M M 4 27 340
18 55 39 47 -10 18 0 0.00 M M 7.7 17 330 M M 3 21 340
19 54 30 42 -15 23 0 0.00 M M 6.7 14 40 M M 3 18 330
20 55 34 45 -13 20 0 0.00 M M 8.7 13 160 M M 7 22 160
21 68 48 58 0 7 0 0.00 M M 10.1 14 160 M M 10 1 24 180
22 81 64 73 15 0 8 0.01 M M 10.5 18 200 M M 9 1 29 180
23 84 68 76 18 0 11 0.00 M M 11.1 18 180 M M 8 8 30 160
24 81 55 68 10 0 3 0.02 M M 9.0 16 210 M M 7 18 24 170
25 79 43 61 2 4 0 0.00 M M 3.7 14 330 M M 3 8 23 300
26 77 46 62 3 3 0 0.00 M M 3.6 10 120 M M 6 17 110
27 79 54 67 8 0 2 0.00 M M 7.5 14 20 M M 5 20 30
28 70 48 59 0 6 0 0.00 M M 10.7 21 20 M M 4 30 20
29 70 48 59 -1 6 0 0.11 M M 4.6 9 120 M M 8 1 M M
30 73 57 65 5 0 0 0.00 M M 9.4 16 170 M M 10 32 170
31 84 57 71 11 0 6 0.00 M M 11.6 25 290 M M 8 18 33 200
================================================================================
SM 2240 1570 172 68 2.01 M 249.9 M 192
================================================================================
AV 72.3 50.6 8.1 FASTST M M 6 MAX(MPH)
MISC ----> 25 290 48 230
================================================================================
NOTES:
# LAST OF SEVERAL OCCURRENCES
COLUMN 17 PEAK WIND IN M.P.H.
PRELIMINARY LOCAL CLIMATOLOGICAL DATA (WS FORM: F-6) , PAGE 2
STATION: PALESTINE
MONTH: MARCH
YEAR: 2023
LATITUDE: 31 46 N
LONGITUDE: 95 42 W
[TEMPERATURE DATA] [PRECIPITATION DATA] SYMBOLS USED IN COLUMN 16
AVERAGE MONTHLY: 61.5 TOTAL FOR MONTH: 2.01 1 = FOG OR MIST
DPTR FM NORMAL: 5.0 DPTR FM NORMAL: -1.88 2 = FOG REDUCING VISIBILITY
HIGHEST: 84 ON 31,23 GRTST 24HR 0.79 ON 2- 2 TO 1/4 MILE OR LESS
LOWEST: 30 ON 19 3 = THUNDER
SNOW, ICE PELLETS, HAIL 4 = ICE PELLETS
TOTAL MONTH: M 5 = HAIL
GRTST 24HR M ON M 6 = FREEZING RAIN OR DRIZZLE
GRTST DEPTH: M ON M 7 = DUSTSTORM OR SANDSTORM:
VSBY 1/2 MILE OR LESS
8 = SMOKE OR HAZE
[NO. OF DAYS WITH] [WEATHER - DAYS WITH] 9 = BLOWING SNOW
X = TORNADO
MAX 32 OR BELOW: 0 0.01 INCH OR MORE: 10
MAX 90 OR ABOVE: 0 0.10 INCH OR MORE: 5
MIN 32 OR BELOW: 1 0.50 INCH OR MORE: 1
MIN 0 OR BELOW: 0 1.00 INCH OR MORE: 0
[HDD (BASE 65) ]
TOTAL THIS MO. 172 CLEAR (SCALE 0-3) 4
DPTR FM NORMAL -114 PTCLDY (SCALE 4-7) 19
TOTAL FM JUL 1 1679 CLOUDY (SCALE 8-10) 8
DPTR FM NORMAL -574
[CDD (BASE 65) ]
TOTAL THIS MO. 68
DPTR FM NORMAL 47 [PRESSURE DATA]
TOTAL FM JAN 1 106 HIGHEST SLP M ON M
DPTR FM NORMAL 76 LOWEST SLP M ON M
[REMARKS]
#FINAL-03-23#