000
CXUS55 KPUB 011631 CCA
CF6PUB
PRELIMINARY LOCAL CLIMATOLOGICAL DATA (WS FORM: F-6)
STATION: PUEBLO CO
MONTH: MARCH
YEAR: 2021
LATITUDE: 38 16 N
LONGITUDE: 104 31 W
TEMPERATURE IN F: :PCPN: SNOW: WIND :SUNSHINE: SKY :PK WND
================================================================================
1 2 3 4 5 6A 6B 7 8 9 10 11 12 13 14 15 16 17 18
12Z AVG MX 2MIN
DY MAX MIN AVG DEP HDD CDD WTR SNW DPTH SPD SPD DIR MIN PSBL S-S WX SPD DR
================================================================================
1 52 16 34 -4 31 0 0.00 0.0 0 5.6 14 130 M M 0 19 130
2 69 17 43 5 22 0 0.00 0.0 0 5.9 14 360 M M 0 19 60
3 67 25 46 7 19 0 0.00 0.0 0 5.5 15 120 M M 0 18 120
4 55 24 40 1 25 0 0.07 0.0 0 16.9 37 360 M M 6 47 10
5 62 32 47 8 18 0 0.00 0.0 0 7.4 28 350 M M 2 38 350
6 72 21 47 7 18 0 0.00 0.0 0 5.1 17 130 M M 0 22 140
7 72 36 54 14 11 0 0.00 0.0 0 7.3 20 140 M M 0 25 120
8 74 32 53 13 12 0 0.00 0.0 0 7.2 29 260 M M 0 35 260
9 76 30 53 13 12 0 0.00 0.0 0 7.2 29 210 M M 0 39 200
10 59 28 44 3 21 0 T 0.0 0 14.5 38 280 M M 2 49 290
11 52 25 39 -2 26 0 0.00 0.0 0 9.9 22 90 M M 4 28 80
12 43 26 35 -6 30 0 0.00 0.0 0 8.1 14 100 M M 8 18 17 100
13 39 33 36 -6 29 0 0.27 0.4 0 9.4 21 360 M M 10 18 27 50
14 39 33 36 -6 29 0 0.22 3.4 3 26.0 44 350 M M 8 1 61 360
15 51 25 38 -4 27 0 0.00 0.0 T 8.8 33 350 M M 2 44 350
16 51 29 40 -2 25 0 0.01 T 0 9.0 24 40 M M 6 31 40
17 52 25 39 -4 26 0 T T 0 10.4 30 30 M M 6 40 360
18 59 20 40 -3 25 0 0.00 0.0 0 5.5 17 120 M M 0 22 120
19 65 27 46 3 19 0 0.00 0.0 0 6.2 17 100 M M 0 22 120
20 80 28 54 10 11 0 0.00 0.0 0 8.3 23 230 M M 0 33 220
21 61 35 48 4 17 0 0.08 T 0 15.3 30 290 M M 5 1 41 300
22 46 35 41 -3 24 0 0.08 T 0 6.2 16 360 M M 10 18 21 360
23 53 31 42 -2 23 0 0.00 0.0 0 15.0 28 30 M M 6 35 20
24 44 28 36 -8 29 0 T T 0 7.4 24 10 M M 9 8 28 10
25 57 22 40 -5 25 0 0.00 0.0 0 5.5 22 230 M M 1 30 230
26 59 35 47 2 18 0 0.00 0.0 0 8.7 30 350 M M 3 38 310
27 60 25 43 -2 22 0 0.00 0.0 0 5.4 15 130 M M 1 21 120
28 76 22 49 4 16 0 0.00 0.0 0 7.3 25 290 M M 0 33 260
29 82 33 58 12 7 0 0.00 0.0 0 15.4 47 250 M M 1 8 61 260
30 42 24 33 -13 32 0 T T 0 6.6 24 20 M M 6 29 40
31 58 20 39 -7 26 0 0.00 0.0 0 5.1 17 110 M M 0 22 130
================================================================================
SM 1827 842 675 0 0.73 3.8 282.1 M 96
================================================================================
AV 58.9 27.2 9.1 FASTST M M 3 MAX(MPH)
MISC ----> 47 250 # 61 360
================================================================================
NOTES:
# LAST OF SEVERAL OCCURRENCES
COLUMN 17 PEAK WIND IN M.P.H.
PRELIMINARY LOCAL CLIMATOLOGICAL DATA (WS FORM: F-6) , PAGE 2
STATION: PUEBLO CO
MONTH: MARCH
YEAR: 2021
LATITUDE: 38 16 N
LONGITUDE: 104 31 W
[TEMPERATURE DATA] [PRECIPITATION DATA] SYMBOLS USED IN COLUMN 16
AVERAGE MONTHLY: 43.0 TOTAL FOR MONTH: 0.73 1 = FOG OR MIST
DPTR FM NORMAL: 0.7 DPTR FM NORMAL: -0.20 2 = FOG REDUCING VISIBILITY
HIGHEST: 82 ON 29 GRTST 24HR 0.47 ON 13-14 TO 1/4 MILE OR LESS
LOWEST: 16 ON 1 3 = THUNDER
SNOW, ICE PELLETS, HAIL 4 = ICE PELLETS
TOTAL MONTH: 3.8 INCHES 5 = HAIL
GRTST 24HR 3.8 ON 13-14 6 = FREEZING RAIN OR DRIZZLE
GRTST DEPTH: 3 ON 14 7 = DUSTSTORM OR SANDSTORM:
VSBY 1/2 MILE OR LESS
8 = SMOKE OR HAZE
[NO. OF DAYS WITH] [WEATHER - DAYS WITH] 9 = BLOWING SNOW
X = TORNADO
MAX 32 OR BELOW: 0 0.01 INCH OR MORE: 6
MAX 90 OR ABOVE: 0 0.10 INCH OR MORE: 2
MIN 32 OR BELOW: 24 0.50 INCH OR MORE: 0
MIN 0 OR BELOW: 0 1.00 INCH OR MORE: 0
[HDD (BASE 65) ]
TOTAL THIS MO. 675 CLEAR (SCALE 0-3) 19
DPTR FM NORMAL -27 PTCLDY (SCALE 4-7) 7
TOTAL FM JUL 1 4859 CLOUDY (SCALE 8-10) 5
DPTR FM NORMAL -145
[CDD (BASE 65) ]
TOTAL THIS MO. 0
DPTR FM NORMAL 0 [PRESSURE DATA]
TOTAL FM JAN 1 0 HIGHEST SLP 30.48 ON 31
DPTR FM NORMAL 0 LOWEST SLP 29.38 ON 29
[REMARKS]
#FINAL-03-21#