000
CXUS55 KPUB 042110 RRB
CLAPUB
CLIMATE REPORT
NATIONAL WEATHER SERVICE
210 PM MST THU JAN 04 2024
...................................
...THE PUEBLO CO CLIMATE SUMMARY FOR THE YEAR OF 2023...
CLIMATE NORMAL PERIOD 1991 TO 2020
CLIMATE RECORD PERIOD 1888 TO 2024
WEATHER OBSERVED NORMAL DEPART
VALUE DATE(S) VALUE FROM
NORMAL
................................................
TEMPERATURE (F)
RECORD
HIGH 109 07/13/2003
LOW -31 02/01/1951
HIGHEST 106 07/25
LOWEST -12 01/31
AVG. MAXIMUM 70.4 69.5 0.9
AVG. MINIMUM 37.0 37.0 0.0
MEAN 53.7 53.2 0.5
DAYS MAX >= 90 65
DAYS MAX <= 32 9
DAYS MIN <= 32 168
DAYS MIN <= 0 5
PRECIPITATION (INCHES)
RECORD
MAXIMUM 23.09 1957
MINIMUM 3.94 2002
TOTALS 13.42 12.02 1.40
DAILY AVG. 0.04 0.03 0.01
DAYS >= .01 59
DAYS >= .10 28
DAYS >= .50 8
DAYS >= 1.00 2
GREATEST
24 HR. TOTAL 2.09 04/25 TO 04/26
SNOWFALL (INCHES)
RECORDS
MAXIMUM 72.4 1990
MINIMUM 6.9 1977
TOTALS 24.6 28.3 -3.7
SINCE 7/1 10.9 10.8 0.1
SNOWDEPTH AVG. T
DAYS >= TRACE 40 20.3 19.7
DAYS >= 1.0 9 9.1 -0.1
GREATEST
SNOW DEPTH 6 02/16
02/15
24 HR TOTAL 6.5 02/14 TO 02/15
DEGREE DAYS
HEATING TOTAL 5132 5334 -202
SINCE 7/1 1912 2223 -311
COOLING TOTAL 1140 1078 62
SINCE 1/1 1140 1079 61
FREEZE DATES
RECORD
EARLIEST 09/09/2020
09/09/2001
LATEST 06/02/1919
EARLIEST 10/14
LATEST 04/27
................................................
WIND (MPH)
AVERAGE WIND SPEED 7.9
RESULTANT WIND SPEED/DIRECTION 1/040
HIGHEST WIND SPEED/DIRECTION 47/280 DATE 02/27
HIGHEST GUST SPEED/DIRECTION 71/360 DATE 07/24
SKY COVER
POSSIBLE SUNSHINE (PERCENT) MM
AVERAGE SKY COVER 0.20
NUMBER OF DAYS FAIR 282
NUMBER OF DAYS PC 53
NUMBER OF DAYS CLOUDY 30
AVERAGE RH (PERCENT) 50
WEATHER CONDITIONS. NUMBER OF DAYS WITH
THUNDERSTORM 56 MIXED PRECIP 2
HEAVY RAIN 22 RAIN 31
LIGHT RAIN 88 FREEZING RAIN 0
LT FREEZING RAIN 3 HAIL 7
HEAVY SNOW 8 SNOW 11
LIGHT SNOW 33 SLEET 0
FOG 68 FOG W/VIS <= 1/4 MILE 12
HAZE 15
- INDICATES NEGATIVE NUMBERS.
R INDICATES RECORD WAS SET OR TIED.
MM INDICATES DATA IS MISSING.
T INDICATES TRACE AMOUNT.
$$