000
CXUS51 KBOX 010810
CF6PVD
PRELIMINARY LOCAL CLIMATOLOGICAL DATA (WS FORM: F-6)
STATION: PROVIDENCE RI
MONTH: MAY
YEAR: 2021
LATITUDE: 41 43 N
LONGITUDE: 71 26 W
TEMPERATURE IN F: :PCPN: SNOW: WIND :SUNSHINE: SKY :PK WND
================================================================================
1 2 3 4 5 6A 6B 7 8 9 10 11 12 13 14 15 16 17 18
12Z AVG MX 2MIN
DY MAX MIN AVG DEP HDD CDD WTR SNW DPTH SPD SPD DIR MIN PSBL S-S WX SPD DR
================================================================================
1 65 43 54 -1 11 0 T 0.0 0 11.1 22 290 M M 4 31 280
2 79 50 65 10 0 0 0.03 0.0 0 9.4 22 290 M M 9 27 290
3 71 52 62 7 3 0 0.17 0.0 0 5.6 12 150 M M 8 1 15 190
4 55 49 52 -4 13 0 0.77 0.0 0 10.6 22 20 M M 10 1 28 360
5 54 49 52 -4 13 0 0.13 0.0 0 5.1 13 30 M M 10 1 16 30
6 67 49 58 2 7 0 T 0.0 0 9.9 21 310 M M 5 30 310
7 63 45 54 -3 11 0 0.00 0.0 0 8.6 18 180 M M 4 21 160
8 60 44 52 -5 13 0 0.00 0.0 0 8.9 17 50 M M 7 21 30
9 67 44 56 -1 9 0 0.16 0.0 0 10.4 23 210 M M 6 1 30 220
10 61 47 54 -3 11 0 0.85 0.0 0 6.3 15 20 M M 8 1 17 10
11 66 49 58 0 7 0 0.00 0.0 0 12.0 24 270 M M 4 33 310
12 70 44 57 -1 8 0 T 0.0 0 8.5 18 340 M M 3 24 350
13 69 44 57 -1 8 0 0.00 0.0 0 5.8 14 190 M M 3 17 140
14 76 47 62 4 3 0 T 0.0 0 8.1 16 190 M M 3 20 190
15 78 50 64 5 1 0 0.01 0.0 0 6.9 23 280 M M 4 29 270
16 79 52 66 7 0 1 0.01 0.0 0 5.7 22 180 M M 7 34 240
17 76 50 63 4 2 0 T 0.0 0 5.3 18 200 M M 3 23 190
18 83 53 68 8 0 3 0.00 0.0 0 8.6 21 260 M M 5 28 320
19 82 55 69 9 0 4 0.00 0.0 0 8.1 22 20 M M 2 29 20
20 75 50 63 3 2 0 0.00 0.0 0 5.8 20 170 M M 5 23 170
21 72 48 60 0 5 0 T 0.0 0 8.5 20 150 M M 6 24 150
22 80 56 68 7 0 3 T 0.0 0 5.6 15 160 M M 8 19 160
23 90 63 77 16 0 12 0.00 0.0 0 12.5 26 350 M M 5 36 350
24 67 50 59 -2 6 0 0.00 0.0 0 10.6 21 160 M M 5 26 160
25 72 47 60 -2 5 0 0.00 0.0 0 11.2 23 220 M M 5 30 200
26 86 60 73 11 0 8 T 0.0 0 11.2 24 210 M M 4 38 34 230
27 83 62 73 11 0 8 0.02 0.0 0 9.5 18 300 M M 5 23 290
28 66 46 56 -6 9 0 0.87 0.0 0 12.0 21 40 M M 7 1 25 50
29 50 45 48 -15 17 0 1.06 0.0 0 17.0 25 40 M M 10 1 33 50
30 50 48 49 -14 16 0 0.44 0.0 0 13.2 22 50 M M 10 1 28 40
31 63 49 56 -7 9 0 0.12 0.0 0 8.2 14 310 M M 8 1 19 360
================================================================================
SM 2175 1540 189 39 4.64 0.0 280.2 M 183
================================================================================
AV 70.2 49.7 9.0 FASTST M M 6 MAX(MPH)
MISC ----> 26 350 36 350
================================================================================
NOTES:
# LAST OF SEVERAL OCCURRENCES
COLUMN 17 PEAK WIND IN M.P.H.
PRELIMINARY LOCAL CLIMATOLOGICAL DATA (WS FORM: F-6) , PAGE 2
STATION: PROVIDENCE RI
MONTH: MAY
YEAR: 2021
LATITUDE: 41 43 N
LONGITUDE: 71 26 W
[TEMPERATURE DATA] [PRECIPITATION DATA] SYMBOLS USED IN COLUMN 16
AVERAGE MONTHLY: 59.9 TOTAL FOR MONTH: 4.64 1 = FOG OR MIST
DPTR FM NORMAL: 0.8 DPTR FM NORMAL: 1.27 2 = FOG REDUCING VISIBILITY
HIGHEST: 90 ON 23 GRTST 24HR 1.92 ON 28-29 TO 1/4 MILE OR LESS
LOWEST: 43 ON 1 3 = THUNDER
SNOW, ICE PELLETS, HAIL 4 = ICE PELLETS
TOTAL MONTH: 0.0 INCH 5 = HAIL
GRTST 24HR 0.0 6 = FREEZING RAIN OR DRIZZLE
GRTST DEPTH: 0 7 = DUSTSTORM OR SANDSTORM:
VSBY 1/2 MILE OR LESS
8 = SMOKE OR HAZE
[NO. OF DAYS WITH] [WEATHER - DAYS WITH] 9 = BLOWING SNOW
X = TORNADO
MAX 32 OR BELOW: 0 0.01 INCH OR MORE: 13
MAX 90 OR ABOVE: 1 0.10 INCH OR MORE: 9
MIN 32 OR BELOW: 0 0.50 INCH OR MORE: 4
MIN 0 OR BELOW: 0 1.00 INCH OR MORE: 1
[HDD (BASE 65) ]
TOTAL THIS MO. 189 CLEAR (SCALE 0-3) 4
DPTR FM NORMAL -23 PTCLDY (SCALE 4-7) 20
TOTAL FM JUL 1 5006 CLOUDY (SCALE 8-10) 7
DPTR FM NORMAL -434
[CDD (BASE 65) ]
TOTAL THIS MO. 39
DPTR FM NORMAL 11 [PRESSURE DATA]
TOTAL FM JAN 1 39 HIGHEST SLP 30.54 ON 21
DPTR FM NORMAL 8 LOWEST SLP 29.51 ON 1
[REMARKS]
#FINAL-05-21#