000
CXUS54 KFWD 110129
CF6PWG
PRELIMINARY LOCAL CLIMATOLOGICAL DATA (WS FORM: F-6)
STATION: WACO MCGREGOR
MONTH: JUNE
YEAR: 2020
LATITUDE: 31 28 N
LONGITUDE: 97 19 W
TEMPERATURE IN F: :PCPN: SNOW: WIND :SUNSHINE: SKY :PK WND
================================================================================
1 2 3 4 5 6A 6B 7 8 9 10 11 12 13 14 15 16 17 18
12Z AVG MX 2MIN
DY MAX MIN AVG DEP HDD CDD WTR SNW DPTH SPD SPD DIR MIN PSBL S-S WX SPD DR
================================================================================
1 86 69 78 1 0 13 T 0.0 0 3.9 9 120 M M 3 M M
2 92 67 80 3 0 15 0.00 0.0 0 6.1 12 140 M M 1 1 23 140
3 94 68 81 4 0 16 0.00 0.0 0 6.9 15 160 M M 0 21 160
4 96 73 85 8 0 20 0.00 0.0 0 8.6 15 150 M M 1 17 200
5 96 75 86 8 0 21 0.00 0.0 0 7.6 12 140 M M 1 18 160
6 97 71 84 6 0 19 0.00 0.0 0 5.5 9 60 M M 0 16 50
7 94 73 84 6 0 19 0.00 0.0 0 6.5 12 20 M M 2 18 60
8 99 71 85 7 0 20 0.00 0.0 0 4.8 9 170 M M 1 M M
9 103 75 89 11 0 24 0.00 0.0 0 10.7 16 200 M M 2 28 340
10 92 60 76 -3 0 11 0.00 0.0 0 8.1 13 350 M M 0 8 21 10
11 94 55 75 -4 0 10 0.00 0.0 0 4.3 13 30 M M 0 8 M M
12 91 59 75 -4 0 10 0.00 0.0 0 4.7 10 50 M M 0 M M
13 93 61 77 -2 0 12 0.00 0.0 0 5.0 12 120 M M 0 20 100
14 93 62 78 -1 0 13 0.00 0.0 0 5.7 15 100 M M 1 21 100
15 95 68 82 2 0 17 0.00 0.0 0 6.5 16 110 M M 2 22 130
16 95 70 83 3 0 18 0.00 0.0 0 7.7 15 150 M M 1 20 190
17 96 71 84 4 0 19 0.00 0.0 0 9.9 20 170 M M 0 24 170
18 96 69 83 3 0 18 0.00 0.0 0 12.2 20 160 M M 2 23 170
19 98 74 86 6 0 21 0.00 0.0 0 13.0 20 150 M M 3 31 160
20 94 66 80 0 0 15 1.08 0.0 0 6.9 12 150 M M 6 13 18 190
21 91 75 83 2 0 18 0.00 0.0 0 11.2 16 150 M M 0 27 180
22 93 69 81 0 0 16 0.10 0.0 0 11.2 18 180 M M 1 13 28 180
23 84 71 78 -3 0 13 0.19 0.0 0 10.2 16 340 M M 7 3 23 290
24 89 71 80 -1 0 15 0.00 0.0 0 8.0 16 50 M M 6 1 M M
25 87 69 78 -3 0 13 0.00 0.0 0 3.8 9 120 M M 3 M M
26 M M M M M M M M M M M M M M M M M
27 M M M M M M M M M M M M M M M M M
28 M M M M M M M M M M M M M M M M M
29 M M M M M M M M M M M M M M M M M
30 95 79 87 5 0 22 0.00 0.0 M 16.3 21 170 M M 1 32 180
================================================================================
SM 2433 1791 0 428 1.37 0.0 205.3 M 44
================================================================================
AV 93.6 68.9 7.9 FASTST M M 2 MAX(MPH)
MISC ----> # 21 170 # 32 180
================================================================================
NOTES:
# LAST OF SEVERAL OCCURRENCES
COLUMN 17 PEAK WIND IN M.P.H.
PRELIMINARY LOCAL CLIMATOLOGICAL DATA (WS FORM: F-6) , PAGE 2
STATION: WACO MCGREGOR
MONTH: JUNE
YEAR: 2020
LATITUDE: 31 28 N
LONGITUDE: 97 19 W
[TEMPERATURE DATA] [PRECIPITATION DATA] SYMBOLS USED IN COLUMN 16
AVERAGE MONTHLY: 81.2 TOTAL FOR MONTH: 1.37 1 = FOG OR MIST
DPTR FM NORMAL: 1.7 DPTR FM NORMAL: -2.41 2 = FOG REDUCING VISIBILITY
HIGHEST: 103 ON 9 GRTST 24HR 1.08 ON 20-20 TO 1/4 MILE OR LESS
LOWEST: 55 ON 11 3 = THUNDER
SNOW, ICE PELLETS, HAIL 4 = ICE PELLETS
TOTAL MONTH: 0.0 INCH 5 = HAIL
GRTST 24HR 0.0 6 = FREEZING RAIN OR DRIZZLE
GRTST DEPTH: 0 7 = DUSTSTORM OR SANDSTORM:
VSBY 1/2 MILE OR LESS
8 = SMOKE OR HAZE
[NO. OF DAYS WITH] [WEATHER - DAYS WITH] 9 = BLOWING SNOW
X = TORNADO
MAX 32 OR BELOW: 0 0.01 INCH OR MORE: 3
MAX 90 OR ABOVE: 22 0.10 INCH OR MORE: 3
MIN 32 OR BELOW: 0 0.50 INCH OR MORE: 1
MIN 0 OR BELOW: 0 1.00 INCH OR MORE: 1
[HDD (BASE 65) ]
TOTAL THIS MO. 0 CLEAR (SCALE 0-3) 22
DPTR FM NORMAL 0 PTCLDY (SCALE 4-7) 4
TOTAL FM JUL 1 1848 CLOUDY (SCALE 8-10) 0
DPTR FM NORMAL -495
[CDD (BASE 65) ]
TOTAL THIS MO. 428
DPTR FM NORMAL -7 [PRESSURE DATA]
TOTAL FM JAN 1 930 HIGHEST SLP 30.30 ON 12
DPTR FM NORMAL 138 LOWEST SLP 29.57 ON 8
[REMARKS]
#FINAL-06-20#