695
CXUS51 KGYX 030915
CF6PWM
PRELIMINARY LOCAL CLIMATOLOGICAL DATA (WS FORM: F-6)
STATION: PORTLAND ME
MONTH: MARCH
YEAR: 2021
LATITUDE: 43 39 N
LONGITUDE: 70 19 W
TEMPERATURE IN F: :PCPN: SNOW: WIND :SUNSHINE: SKY :PK WND
================================================================================
1 2 3 4 5 6A 6B 7 8 9 10 11 12 13 14 15 16 17 18
12Z AVG MX 2MIN
DY MAX MIN AVG DEP HDD CDD WTR SNW DPTH SPD SPD DIR MIN PSBL S-S WX SPD DR
================================================================================
1 43 20 32 3 33 0 0.48 0.1 3 10.2 32 310 M M 10 128 41 300
2 25 7 16 -13 49 0 T T 2 20.5 40 300 M M 3 49 300
3 37 14 26 -4 39 0 0.00 0.0 2 4.4 15 280 M M 3 21 290
4 37 21 29 -1 36 0 0.00 0.0 2 12.5 25 300 M M 2 33 300
5 28 15 22 -8 43 0 0.00 0.0 2 13.2 24 310 M M 9 31 300
6 34 12 23 -7 42 0 0.00 0.0 2 8.1 17 300 M M 3 21 240
7 34 12 23 -8 42 0 0.00 0.0 2 4.4 15 310 M M 1 19 300
8 38 19 29 -2 36 0 0.00 0.0 2 5.6 13 150 M M 1 16 310
9 51 29 40 9 25 0 T T 1 7.5 23 320 M M 5 33 310
10 43 23 33 1 32 0 0.00 0.0 1 5.9 16 190 M M 1 22 160
11 58 36 47 15 18 0 0.00 0.0 1 7.5 14 200 M M 4 17 200
12 59 37 48 16 17 0 0.00 0.0 T 14.7 31 320 M M 1 40 330
13 43 26 35 3 30 0 T T T 14.1 32 300 M M 2 43 310
14 40 18 29 -4 36 0 T T 0 14.9 37 310 M M 3 8 50 300
15 21 10 16 -17 49 0 T T 0 17.9 29 310 M M 2 39 350
16 33 11 22 -11 43 0 0.00 0.0 0 7.0 18 350 M M 2 22 350
17 47 19 33 -1 32 0 0.00 0.0 0 5.7 15 150 M M 1 19 160
18 47 33 40 6 25 0 0.25 0.0 0 6.0 20 350 M M 7 1 25 350
19 39 22 31 -3 34 0 0.00 0.0 0 14.3 26 350 M M 3 37 360
20 56 20 38 3 27 0 0.00 0.0 0 5.2 15 280 M M 0 20 280
21 59 25 42 7 23 0 0.00 0.0 0 5.5 16 190 M M 1 21 200
22 59 25 42 7 23 0 0.00 0.0 0 4.3 15 170 M M 0 1 19 180
23 60 27 44 8 21 0 0.00 0.0 0 4.6 15 160 M M 4 12 20 200
24 55 35 45 9 20 0 0.00 0.0 0 3.7 13 190 M M 10 12 18 160
25 53 42 48 12 17 0 0.02 0.0 0 2.7 9 160 M M 10 12 12 150
26 58 43 51 14 14 0 0.48 0.0 0 9.1 31 290 M M 9 123 38 280
27 51 38 45 8 20 0 0.00 0.0 0 8.7 26 290 M M 5 32 290
28 43 39 41 4 24 0 1.44 0.0 0 11.0 21 90 M M 10 1 29 100
29 47 28 38 0 27 0 0.05 0.0 0 15.2 30 320 M M 4 1 53 300
30 47 24 36 -2 29 0 0.00 0.0 0 7.8 21 170 M M 1 27 190
31 57 31 44 6 21 0 0.06 0.0 0 10.5 20 210 M M 7 1 29 180
================================================================================
SM 1402 761 927 0 2.78 0.1 282.7 M 124
================================================================================
AV 45.2 24.5 9.1 FASTST M M 4 MAX(MPH)
MISC ----> 40 300 53 300
================================================================================
NOTES:
# LAST OF SEVERAL OCCURRENCES
COLUMN 17 PEAK WIND IN M.P.H.
PRELIMINARY LOCAL CLIMATOLOGICAL DATA (WS FORM: F-6) , PAGE 2
STATION: PORTLAND ME
MONTH: MARCH
YEAR: 2021
LATITUDE: 43 39 N
LONGITUDE: 70 19 W
[TEMPERATURE DATA] [PRECIPITATION DATA] SYMBOLS USED IN COLUMN 16
AVERAGE MONTHLY: 34.9 TOTAL FOR MONTH: 2.78 1 = FOG OR MIST
DPTR FM NORMAL: 1.4 DPTR FM NORMAL: -1.46 2 = FOG REDUCING VISIBILITY
HIGHEST: 60 ON 23 GRTST 24HR 1.48 ON 28-29 TO 1/4 MILE OR LESS
LOWEST: 7 ON 2 3 = THUNDER
SNOW, ICE PELLETS, HAIL 4 = ICE PELLETS
TOTAL MONTH: 0.1 INCH 5 = HAIL
GRTST 24HR 0.1 ON 1- 1 6 = FREEZING RAIN OR DRIZZLE
GRTST DEPTH: 3 ON 1 7 = DUSTSTORM OR SANDSTORM:
VSBY 1/2 MILE OR LESS
8 = SMOKE OR HAZE
[NO. OF DAYS WITH] [WEATHER - DAYS WITH] 9 = BLOWING SNOW
X = TORNADO
MAX 32 OR BELOW: 3 0.01 INCH OR MORE: 7
MAX 90 OR ABOVE: 0 0.10 INCH OR MORE: 4
MIN 32 OR BELOW: 23 0.50 INCH OR MORE: 1
MIN 0 OR BELOW: 0 1.00 INCH OR MORE: 1
[HDD (BASE 65) ]
TOTAL THIS MO. 927 CLEAR (SCALE 0-3) 15
DPTR FM NORMAL -49 PTCLDY (SCALE 4-7) 10
TOTAL FM JUL 1 5477 CLOUDY (SCALE 8-10) 6
DPTR FM NORMAL -542
[CDD (BASE 65) ]
TOTAL THIS MO. 0
DPTR FM NORMAL 0 [PRESSURE DATA]
TOTAL FM JAN 1 0 HIGHEST SLP 30.58 ON 10
DPTR FM NORMAL 0 LOWEST SLP 29.30 ON 29
[REMARKS]
#FINAL-03-21#