576
CXUS51 KGYX 010900
CF6PWM
PRELIMINARY LOCAL CLIMATOLOGICAL DATA (WS FORM: F-6)
STATION: PORTLAND ME
MONTH: JUNE
YEAR: 2020
LATITUDE: 43 39 N
LONGITUDE: 70 19 W
TEMPERATURE IN F: :PCPN: SNOW: WIND :SUNSHINE: SKY :PK WND
================================================================================
1 2 3 4 5 6A 6B 7 8 9 10 11 12 13 14 15 16 17 18
12Z AVG MX 2MIN
DY MAX MIN AVG DEP HDD CDD WTR SNW DPTH SPD SPD DIR MIN PSBL S-S WX SPD DR
================================================================================
1 64 37 51 -8 14 0 T 0.0 0 8.6 21 360 M M 6 32 310
2 64 42 53 -6 12 0 0.02 0.0 0 7.4 18 160 M M 5 23 150
3 69 53 61 1 4 0 0.03 0.0 0 4.4 12 140 M M 7 1 15 150
4 78 51 65 5 0 0 0.00 0.0 0 7.4 20 200 M M 3 1 26 200
5 84 65 75 15 0 10 T 0.0 0 6.2 15 180 M M 5 20 180
6 79 63 71 11 0 6 0.11 0.0 0 4.4 23 350 M M 6 13 29 340
7 69 56 63 2 2 0 0.00 0.0 0 9.7 20 350 M M 8 24 350
8 77 50 64 3 1 0 0.00 0.0 0 10.5 24 300 M M 3 30 290
9 74 54 64 2 1 0 0.00 0.0 0 3.5 13 360 M M 6 14 310
10 64 52 58 -4 7 0 0.02 0.0 0 7.8 15 90 M M 6 18 18 90
11 71 57 64 2 1 0 0.18 0.0 0 9.2 21 190 M M 10 18 30 180
12 79 61 70 8 0 5 0.00 0.0 0 6.8 20 190 M M 4 12 28 190
13 71 51 61 -2 4 0 0.00 0.0 0 6.8 16 350 M M 5 19 10
14 71 51 61 -2 4 0 0.00 0.0 0 7.8 13 90 M M 4 17 90
15 71 46 59 -4 6 0 0.00 0.0 0 5.3 12 160 M M 3 15 160
16 79 49 64 0 1 0 0.00 0.0 0 4.7 14 180 M M 1 18 150
17 78 50 64 0 1 0 0.00 0.0 0 6.4 16 180 M M 0 20 150
18 87 54 71 7 0 6 0.00 0.0 0 6.0 16 180 M M 1 21 180
19 90 62 76 11 0 11 0.00 0.0 0 7.1 17 180 M M 1 26 180
20 93 69 81 16 0 16 0.00 0.0 0 4.8 13 360 M M 2 17 160
21 71 62 67 2 0 2 0.00 0.0 0 7.0 15 100 M M 6 128 18 90
22 75 59 67 1 0 2 0.00 0.0 0 6.3 13 80 M M 8 128 18 100
23 75 63 69 3 0 4 0.00 0.0 0 6.1 13 140 M M 7 18 17 140
24 82 65 74 8 0 9 0.00 0.0 0 7.6 14 170 M M 8 128 22 320
25 83 60 72 6 0 7 0.00 0.0 0 6.9 18 180 M M 3 24 200
26 85 59 72 6 0 7 T 0.0 0 5.2 20 190 M M 4 24 190
27 84 60 72 5 0 7 0.00 0.0 0 3.8 15 190 M M 7 19 190
28 79 62 71 4 0 6 0.21 0.0 0 6.5 15 90 M M 6 13 19 90
29 67 63 65 -2 0 0 2.51 0.0 0 9.6 17 80 M M 10 13 24 50
30 71 62 67 0 0 2 0.31 0.0 0 7.1 16 90 M M 10 18 20 100
================================================================================
SM 2284 1688 58 100 3.39 0.0 200.9 M 155
================================================================================
AV 76.1 56.3 6.7 FASTST M M 5 MAX(MPH)
MISC ----> # 24 300 # 32 310
================================================================================
NOTES:
# LAST OF SEVERAL OCCURRENCES
COLUMN 17 PEAK WIND IN M.P.H.
PRELIMINARY LOCAL CLIMATOLOGICAL DATA (WS FORM: F-6) , PAGE 2
STATION: PORTLAND ME
MONTH: JUNE
YEAR: 2020
LATITUDE: 43 39 N
LONGITUDE: 70 19 W
[TEMPERATURE DATA] [PRECIPITATION DATA] SYMBOLS USED IN COLUMN 16
AVERAGE MONTHLY: 66.2 TOTAL FOR MONTH: 3.39 1 = FOG OR MIST
DPTR FM NORMAL: 2.8 DPTR FM NORMAL: -0.40 2 = FOG REDUCING VISIBILITY
HIGHEST: 93 ON 20 GRTST 24HR 2.51 ON 29-29 TO 1/4 MILE OR LESS
LOWEST: 37 ON 1 3 = THUNDER
SNOW, ICE PELLETS, HAIL 4 = ICE PELLETS
TOTAL MONTH: 0.0 INCH 5 = HAIL
GRTST 24HR 0.0 6 = FREEZING RAIN OR DRIZZLE
GRTST DEPTH: 0 7 = DUSTSTORM OR SANDSTORM:
VSBY 1/2 MILE OR LESS
8 = SMOKE OR HAZE
[NO. OF DAYS WITH] [WEATHER - DAYS WITH] 9 = BLOWING SNOW
X = TORNADO
MAX 32 OR BELOW: 0 0.01 INCH OR MORE: 8
MAX 90 OR ABOVE: 2 0.10 INCH OR MORE: 5
MIN 32 OR BELOW: 0 0.50 INCH OR MORE: 1
MIN 0 OR BELOW: 0 1.00 INCH OR MORE: 1
[HDD (BASE 65) ]
TOTAL THIS MO. 58 CLEAR (SCALE 0-3) 6
DPTR FM NORMAL -48 PTCLDY (SCALE 4-7) 19
TOTAL FM JUL 1 6447 CLOUDY (SCALE 8-10) 5
DPTR FM NORMAL -660
[CDD (BASE 65) ]
TOTAL THIS MO. 100
DPTR FM NORMAL 43 [PRESSURE DATA]
TOTAL FM JAN 1 118 HIGHEST SLP M ON M
DPTR FM NORMAL 54 LOWEST SLP 29.60 ON 6
[REMARKS]
#FINAL-06-20#