000
CXUS53 KMKX 010910
CF6RAC
PRELIMINARY LOCAL CLIMATOLOGICAL DATA (WS FORM: F-6)
STATION: RACINE WI
MONTH: NOVEMBER
YEAR: 2021
LATITUDE: 42 45 N
LONGITUDE: 87 49 W
TEMPERATURE IN F: :PCPN: SNOW: WIND :SUNSHINE: SKY :PK WND
================================================================================
1 2 3 4 5 6A 6B 7 8 9 10 11 12 13 14 15 16 17 18
12Z AVG MX 2MIN
DY MAX MIN AVG DEP HDD CDD WTR SNW DPTH SPD SPD DIR MIN PSBL S-S WX SPD DR
================================================================================
1 48 33 41 -5 24 0 0.00 M M 8.1 20 280 M M 4 29 270
2 45 32 39 -6 26 0 0.00 M M 7.3 17 260 M M 3 29 280
3 43 27 35 -10 30 0 0.00 M M 6.4 14 270 M M 2 20 290
4 49 27 38 -6 27 0 0.00 M M 6.2 13 220 M M 5 17 180
5 53 36 45 1 20 0 0.00 M M 10.1 21 210 M M 0 30 210
6 61 39 50 6 15 0 0.00 M M 11.8 21 220 M M 1 29 240
7 66 46 56 13 9 0 0.00 M M 9.9 20 220 M M 0 31 210
8 66 48 57 14 8 0 0.00 M M 6.9 14 230 M M 0 8 21 230
9 57 36 47 5 18 0 0.00 M M 9.0 17 10 M M 1 26 10
10 55 31 43 1 22 0 T M M 10.0 22 130 M M 4 30 130
11 56 40 48 6 17 0 0.23 M M 15.0 31 220 M M 6 18 48 210
12 41 33 37 -4 28 0 0.10 M M 10.8 21 230 M M 7 12 31 220
13 41 33 37 -4 28 0 T M M 10.5 20 300 M M 9 1 32 310
14 37 31 34 -6 31 0 0.01 M M 11.0 21 320 M M 8 1 33 310
15 34 21 28 -12 37 0 0.00 M M 5.1 13 280 M M 2 8 17 280
16 53 21 37 -3 28 0 0.00 M M 10.8 24 160 M M 4 18 37 150
17 61 39 50 11 15 0 0.00 M M 10.8 21 280 M M 8 18 36 260
18 38 30 34 -5 31 0 T M M 12.9 22 270 M M 5 35 260
19 39 24 32 -6 33 0 0.00 M M 8.0 16 180 M M 1 26 210
20 49 31 40 2 25 0 0.00 M M 7.5 16 200 M M 4 8 25 200
21 53 28 41 3 24 0 T M M 11.2 29 310 M M 4 44 290
22 35 21 28 -9 37 0 0.00 M M 9.7 17 290 M M 2 29 300
23 44 20 32 -5 33 0 0.00 M M 9.7 20 200 M M 1 28 210
24 50 38 44 8 21 0 0.00 M M 10.1 22 210 M M 1 34 210
25 47 21 34 -2 31 0 0.03 M M 11.6 20 360 M M 10 18 31 310
26 28 15 22 -13 43 0 0.00 M M 5.9 15 320 M M 5 21 330
27 39 28 34 -1 31 0 T M M 6.7 16 330 M M 8 27 310
28 39 25 32 -3 33 0 0.00 M M 9.1 23 310 M M 1 8 35 310
29 40 25 33 -1 32 0 T M M 7.9 23 170 M M 6 8 33 180
30 49 27 38 4 27 0 0.00 M M 8.0 17 300 M M 0 27 260
================================================================================
SM 1416 906 784 0 0.37 M 278.0 M 112
================================================================================
AV 47.2 30.2 9.3 FASTST M M 4 MAX(MPH)
MISC ----> 31 220 48 210
================================================================================
NOTES:
# LAST OF SEVERAL OCCURRENCES
COLUMN 17 PEAK WIND IN M.P.H.
PRELIMINARY LOCAL CLIMATOLOGICAL DATA (WS FORM: F-6) , PAGE 2
STATION: RACINE WI
MONTH: NOVEMBER
YEAR: 2021
LATITUDE: 42 45 N
LONGITUDE: 87 49 W
[TEMPERATURE DATA] [PRECIPITATION DATA] SYMBOLS USED IN COLUMN 16
AVERAGE MONTHLY: 38.7 TOTAL FOR MONTH: 0.37 1 = FOG OR MIST
DPTR FM NORMAL: -1.0 DPTR FM NORMAL: -1.81 2 = FOG REDUCING VISIBILITY
HIGHEST: 66 ON 8, 7 GRTST 24HR 0.26 ON 11-12 TO 1/4 MILE OR LESS
LOWEST: 15 ON 26 3 = THUNDER
SNOW, ICE PELLETS, HAIL 4 = ICE PELLETS
TOTAL MONTH: M 5 = HAIL
GRTST 24HR M ON M 6 = FREEZING RAIN OR DRIZZLE
GRTST DEPTH: M ON M 7 = DUSTSTORM OR SANDSTORM:
VSBY 1/2 MILE OR LESS
8 = SMOKE OR HAZE
[NO. OF DAYS WITH] [WEATHER - DAYS WITH] 9 = BLOWING SNOW
X = TORNADO
MAX 32 OR BELOW: 1 0.01 INCH OR MORE: 4
MAX 90 OR ABOVE: 0 0.10 INCH OR MORE: 2
MIN 32 OR BELOW: 19 0.50 INCH OR MORE: 0
MIN 0 OR BELOW: 0 1.00 INCH OR MORE: 0
[HDD (BASE 65) ]
TOTAL THIS MO. 784 CLEAR (SCALE 0-3) 14
DPTR FM NORMAL 26 PTCLDY (SCALE 4-7) 13
TOTAL FM JUL 1 1032 CLOUDY (SCALE 8-10) 3
DPTR FM NORMAL -259
[CDD (BASE 65) ]
TOTAL THIS MO. 0
DPTR FM NORMAL 0 [PRESSURE DATA]
TOTAL FM JAN 1 881 HIGHEST SLP 30.53 ON 19
DPTR FM NORMAL 226 LOWEST SLP 29.44 ON 11
[REMARKS]
#FINAL-11-21#