000
CXUS53 KMKX 010810
CF6RAC
PRELIMINARY LOCAL CLIMATOLOGICAL DATA (WS FORM: F-6)
STATION: RACINE WI
MONTH: SEPTEMBER
YEAR: 2023
LATITUDE: 42 45 N
LONGITUDE: 87 49 W
TEMPERATURE IN F: :PCPN: SNOW: WIND :SUNSHINE: SKY :PK WND
================================================================================
1 2 3 4 5 6A 6B 7 8 9 10 11 12 13 14 15 16 17 18
12Z AVG MX 2MIN
DY MAX MIN AVG DEP HDD CDD WTR SNW DPTH SPD SPD DIR MIN PSBL S-S WX SPD DR
================================================================================
1 77 59 68 -1 0 3 0.00 M M 7.1 17 160 M M 0 24 160
2 86 62 74 6 0 9 0.00 M M 9.9 20 220 M M 0 30 240
3 92 71 82 14 0 17 0.00 M M 11.8 20 230 M M 0 29 220
4 88 69 79 11 0 14 0.00 M M 9.2 20 170 M M 0 26 170
5 86 74 80 12 0 15 T M M 9.3 21 170 M M 0 29 170
6 83 69 76 9 0 11 0.19 M M 8.9 18 330 M M 7 13 27 340
7 69 60 65 -2 0 0 0.01 M M 8.1 18 30 M M 10 1 26 20
8 67 57 62 -5 3 0 0.02 M M 8.6 16 20 M M 8 1 23 50
9 71 53 62 -4 3 0 0.00 M M 5.8 13 60 M M 0 20 360
10 75 53 64 -2 1 0 0.00 M M 5.4 14 120 M M 4 19 140
11 69 57 63 -3 2 0 0.66 M M 7.0 13 340 M M 9 1 17 340
12 67 54 61 -4 4 0 0.06 M M 7.3 16 330 M M 3 13 21 330
13 66 51 59 -6 6 0 0.15 M M 6.1 17 10 M M 5 1 22 360
14 69 53 61 -4 4 0 0.00 M M 4.7 13 120 M M 3 21 130
15 74 51 63 -1 2 0 0.00 M M 7.4 14 150 M M 0 19 160
16 75 60 68 4 0 3 0.55 M M 6.0 16 20 M M 8 13 23 20
17 68 58 63 -1 2 0 0.34 M M 9.5 21 20 M M 7 1 29 30
18 67 52 60 -3 5 0 0.00 M M 6.0 13 10 M M 1 17 360
19 67 54 61 -2 4 0 0.11 M M 8.0 16 160 M M 6 1 24 160
20 75 61 68 6 0 3 0.00 M M 5.4 16 180 M M 4 3 22 170
21 76 63 70 8 0 5 T M M 3.3 12 130 M M 2 1 18 120
22 75 67 71 9 0 6 0.00 M M 7.3 15 150 M M 4 20 150
23 73 66 70 9 0 5 0.00 M M 10.6 18 150 M M 4 25 160
24 71 63 67 6 0 2 0.00 M M 10.4 17 130 M M 2 31 150
25 72 66 69 9 0 4 0.03 M M 10.3 16 110 M M 8 1 22 140
26 71 65 68 8 0 3 0.41 M M 11.3 20 80 M M 8 1 28 90
27 67 64 66 6 0 1 1.99 M M 11.3 20 100 M M 10 13 27 110
28 67 62 65 6 0 0 0.00 M M 5.9 13 60 M M 10 1 15 50
29 72 57 65 6 0 0 0.00 M M 6.5 13 140 M M 3 1 19 180
30 75 59 67 9 0 2 0.00 M M 7.2 16 170 M M 0 1 24 180
================================================================================
SM 2210 1810 36 103 4.52 M 235.6 M 126
================================================================================
AV 73.7 60.3 7.9 FASTST M M 4 MAX(MPH)
MISC ----> # 21 170 31 150
================================================================================
NOTES:
# LAST OF SEVERAL OCCURRENCES
COLUMN 17 PEAK WIND IN M.P.H.
PRELIMINARY LOCAL CLIMATOLOGICAL DATA (WS FORM: F-6) , PAGE 2
STATION: RACINE WI
MONTH: SEPTEMBER
YEAR: 2023
LATITUDE: 42 45 N
LONGITUDE: 87 49 W
[TEMPERATURE DATA] [PRECIPITATION DATA] SYMBOLS USED IN COLUMN 16
AVERAGE MONTHLY: 67.0 TOTAL FOR MONTH: 4.52 1 = FOG OR MIST
DPTR FM NORMAL: 3.0 DPTR FM NORMAL: 1.29 2 = FOG REDUCING VISIBILITY
HIGHEST: 92 ON 3 GRTST 24HR 2.16 ON 26-27 TO 1/4 MILE OR LESS
LOWEST: 51 ON 15,13 3 = THUNDER
SNOW, ICE PELLETS, HAIL 4 = ICE PELLETS
TOTAL MONTH: M 5 = HAIL
GRTST 24HR M ON M 6 = FREEZING RAIN OR DRIZZLE
GRTST DEPTH: M ON M 7 = DUSTSTORM OR SANDSTORM:
VSBY 1/2 MILE OR LESS
8 = SMOKE OR HAZE
[NO. OF DAYS WITH] [WEATHER - DAYS WITH] 9 = BLOWING SNOW
X = TORNADO
MAX 32 OR BELOW: 0 0.01 INCH OR MORE: 12
MAX 90 OR ABOVE: 1 0.10 INCH OR MORE: 8
MIN 32 OR BELOW: 0 0.50 INCH OR MORE: 3
MIN 0 OR BELOW: 0 1.00 INCH OR MORE: 1
[HDD (BASE 65) ]
TOTAL THIS MO. 36 CLEAR (SCALE 0-3) 14
DPTR FM NORMAL -70 PTCLDY (SCALE 4-7) 11
TOTAL FM JUL 1 44 CLOUDY (SCALE 8-10) 5
DPTR FM NORMAL -79
[CDD (BASE 65) ]
TOTAL THIS MO. 103
DPTR FM NORMAL 29 [PRESSURE DATA]
TOTAL FM JAN 1 692 HIGHEST SLP M ON M
DPTR FM NORMAL 45 LOWEST SLP 29.71 ON 6
[REMARKS]
#FINAL-09-23#