000
CXUS54 KFWD 230730
CF6RBD
PRELIMINARY LOCAL CLIMATOLOGICAL DATA (WS FORM: F-6)
STATION: DALLAS EXECUTIVE
MONTH: APRIL
YEAR: 2024
LATITUDE: 32 40 N
LONGITUDE: 96 52 W
TEMPERATURE IN F: :PCPN: SNOW: WIND :SUNSHINE: SKY :PK WND
================================================================================
1 2 3 4 5 6A 6B 7 8 9 10 11 12 13 14 15 16 17 18
12Z AVG MX 2MIN
DY MAX MIN AVG DEP HDD CDD WTR SNW DPTH SPD SPD DIR MIN PSBL S-S WX SPD DR
================================================================================
1 79 66 73 10 0 8 0.18 M M 12.9 23 180 M M 9 138 34 240
2 66 50 58 -5 7 0 0.02 M M 13.6 26 310 M M 5 3 37 320
3 72 49 61 -2 4 0 0.00 M M 10.3 22 320 M M 0 30 340
4 82 47 65 2 0 0 0.00 M M 5.8 18 220 M M 0 32 180
5 84 51 68 4 0 3 0.00 M M 8.8 18 170 M M 0 26 170
6 76 60 68 4 0 3 0.00 M M 16.5 28 180 M M 5 38 160
7 77 57 67 3 0 2 0.02 M M 8.4 16 250 M M 2 1 25 200
8 81 54 68 4 0 3 0.04 M M 7.9 24 170 M M 5 138 34 170
9 70 60 65 1 0 0 0.51 M M 10.5 25 30 M M 9 13 42 340
10 63 52 58 -7 7 0 0.27 M M 10.9 33 290 M M 8 13 45 300
11 73 49 61 -4 4 0 0.00 M M 10.4 22 310 M M 0 28 350
12 78 47 63 -2 2 0 0.00 M M 8.6 20 170 M M 0 28 190
13 81 59 70 5 0 5 0.00 M M 14.7 25 180 M M 0 36 180
14 80 62 71 6 0 6 0.00 M M 13.3 21 180 M M 3 31 190
15 78 68 73 7 0 8 T M M 14.1 24 150 M M 8 34 150
16 82 68 75 9 0 10 0.01 M M 11.8 21 180 M M 5 1 29 160
17 83 68 76 10 0 11 0.00 M M 9.4 20 170 M M 4 1 26 160
18 87 65 76 10 0 11 0.00 M M 9.5 18 360 M M 9 1 27 340
19 71 59 65 -1 0 0 T M M 9.6 17 20 M M 9 24 20
20 64 47 56 -10 9 0 3.10 M M 11.8 22 110 M M 10 13 33 60
21 66 48 57 -10 8 0 0.00 M M 7.8 18 10 M M 4 27 30
22 66 45 56 -11 9 0 M M M 4.0 15 170 M M 0 23 170
================================================================================
SM 1659 1231 50 70 4.15 M 230.6 M 95
================================================================================
AV 75.4 56.0 10.5 FASTST M M 4 MAX(MPH)
MISC ----> 33 290 45 300
================================================================================
NOTES:
# LAST OF SEVERAL OCCURRENCES
COLUMN 17 PEAK WIND IN M.P.H.
PRELIMINARY LOCAL CLIMATOLOGICAL DATA (WS FORM: F-6) , PAGE 2
STATION: DALLAS EXECUTIVE
MONTH: APRIL
YEAR: 2024
LATITUDE: 32 40 N
LONGITUDE: 96 52 W
[TEMPERATURE DATA] [PRECIPITATION DATA] SYMBOLS USED IN COLUMN 16
AVERAGE MONTHLY: 65.7 TOTAL FOR MONTH: 4.15 1 = FOG OR MIST
DPTR FM NORMAL: 0.8 DPTR FM NORMAL: 1.51 2 = FOG REDUCING VISIBILITY
HIGHEST: 87 ON 18 GRTST 24HR 3.10 ON 19-20 TO 1/4 MILE OR LESS
LOWEST: 45 ON 22 3 = THUNDER
SNOW, ICE PELLETS, HAIL 4 = ICE PELLETS
TOTAL MONTH: M 5 = HAIL
GRTST 24HR M ON M 6 = FREEZING RAIN OR DRIZZLE
GRTST DEPTH: M ON M 7 = DUSTSTORM OR SANDSTORM:
VSBY 1/2 MILE OR LESS
8 = SMOKE OR HAZE
[NO. OF DAYS WITH] [WEATHER - DAYS WITH] 9 = BLOWING SNOW
X = TORNADO
MAX 32 OR BELOW: 0 0.01 INCH OR MORE: 8
MAX 90 OR ABOVE: 0 0.10 INCH OR MORE: 4
MIN 32 OR BELOW: 0 0.50 INCH OR MORE: 2
MIN 0 OR BELOW: 0 1.00 INCH OR MORE: 1
[HDD (BASE 65) ]
TOTAL THIS MO. 50 CLEAR (SCALE 0-3) 9
DPTR FM NORMAL -18 PTCLDY (SCALE 4-7) 7
TOTAL FM JUL 1 1904 CLOUDY (SCALE 8-10) 6
DPTR FM NORMAL -168
[CDD (BASE 65) ]
TOTAL THIS MO. 70
DPTR FM NORMAL 6 [PRESSURE DATA]
TOTAL FM JAN 1 150 HIGHEST SLP M ON M
DPTR FM NORMAL 34 LOWEST SLP 29.50 ON 1
[REMARKS]