000
CXUS54 KFWD 010830
CF6RBD
PRELIMINARY LOCAL CLIMATOLOGICAL DATA (WS FORM: F-6)
STATION: DALLAS EXECUTIVE
MONTH: JANUARY
YEAR: 2023
LATITUDE: 32 40 N
LONGITUDE: 96 52 W
TEMPERATURE IN F: :PCPN: SNOW: WIND :SUNSHINE: SKY :PK WND
================================================================================
1 2 3 4 5 6A 6B 7 8 9 10 11 12 13 14 15 16 17 18
12Z AVG MX 2MIN
DY MAX MIN AVG DEP HDD CDD WTR SNW DPTH SPD SPD DIR MIN PSBL S-S WX SPD DR
================================================================================
1 76 53 65 18 0 0 0.00 M M 10.3 16 160 M M 0 1 22 170
2 78 61 70 23 0 5 0.01 M M 10.8 24 180 M M 6 138 39 200
3 68 46 57 10 8 0 0.00 M M 7.9 16 280 M M 2 24 290
4 59 35 47 0 18 0 0.00 M M 4.6 12 320 M M 0 17 300
5 61 37 49 2 16 0 0.00 M M 5.0 10 10 M M 0 14 10
6 69 40 55 8 10 0 0.00 M M 11.5 24 180 M M 1 35 190
7 64 48 56 9 9 0 0.00 M M 10.4 18 330 M M 0 27 200
8 61 40 51 4 14 0 0.00 M M 5.2 12 10 M M 0 17 10
9 69 40 55 8 10 0 0.00 M M 9.2 17 160 M M 0 26 170
10 82 54 68 21 0 3 0.00 M M 10.6 20 210 M M 0 28 210
11 82 63 73 26 0 8 0.00 M M 12.5 24 290 M M 0 35 290
12 69 40 55 8 10 0 0.00 M M 18.9 35 320 M M 0 47 320
13 57 33 45 -2 20 0 0.00 M M 6.1 12 320 M M 0 17 350
14 62 35 49 2 16 0 0.00 M M 10.9 21 170 M M 0 28 170
15 70 44 57 10 8 0 0.00 M M 15.9 35 180 M M 0 48 180
16 74 58 66 19 0 1 0.00 M M 11.2 25 180 M M 0 38 170
17 80 56 68 20 0 3 0.00 M M 8.5 16 180 M M 0 22 200
18 71 57 64 16 1 0 0.01 M M 11.4 26 310 M M 4 1 35 310
19 59 43 51 3 14 0 0.00 M M 9.7 24 310 M M 0 34 290
20 60 36 48 0 17 0 0.00 M M 7.1 14 120 M M 4 20 120
21 58 44 51 3 14 0 T M M 8.2 14 150 M M 6 19 300
22 53 35 44 -4 21 0 0.00 M M 10.5 22 310 M M 1 29 320
23 54 31 43 -5 22 0 0.00 M M 6.3 15 60 M M 3 19 70
24 47 35 41 -7 24 0 1.08 M M 13.2 21 320 M M 10 1 28 310
25 43 36 40 -8 25 0 0.01 M M 10.7 20 320 M M 8 1 27 300
26 54 32 43 -5 22 0 0.00 M M 7.9 16 300 M M 0 20 290
27 61 39 50 2 15 0 0.00 M M 10.5 20 190 M M 0 29 190
28 68 43 56 7 9 0 T M M 12.0 21 200 M M 5 1 31 200
29 63 30 47 -2 18 0 0.02 M M 12.8 25 330 M M 8 1 32 330
30 30 25 28 -21 37 0 T M M 13.5 20 360 M M 10 146 27 360
31 30 25 28 -21 37 0 0.72 M M 12.6 18 340 M M 10 12346 24 340
================================================================================
SM 1932 1294 415 20 1.85 M 315.9 M 78
================================================================================
AV 62.3 41.7 10.2 FASTST M M 3 MAX(MPH)
MISC ----> # 35 320 48 180
================================================================================
NOTES:
# LAST OF SEVERAL OCCURRENCES
COLUMN 17 PEAK WIND IN M.P.H.
PRELIMINARY LOCAL CLIMATOLOGICAL DATA (WS FORM: F-6) , PAGE 2
STATION: DALLAS EXECUTIVE
MONTH: JANUARY
YEAR: 2023
LATITUDE: 32 40 N
LONGITUDE: 96 52 W
[TEMPERATURE DATA] [PRECIPITATION DATA] SYMBOLS USED IN COLUMN 16
AVERAGE MONTHLY: 52.0 TOTAL FOR MONTH: 1.85 1 = FOG OR MIST
DPTR FM NORMAL: 4.4 DPTR FM NORMAL: -0.70 2 = FOG REDUCING VISIBILITY
HIGHEST: 82 ON 11,10 GRTST 24HR 1.08 ON 24-24 TO 1/4 MILE OR LESS
LOWEST: 25 ON 31,30 3 = THUNDER
SNOW, ICE PELLETS, HAIL 4 = ICE PELLETS
TOTAL MONTH: M 5 = HAIL
GRTST 24HR M ON M 6 = FREEZING RAIN OR DRIZZLE
GRTST DEPTH: M ON M 7 = DUSTSTORM OR SANDSTORM:
VSBY 1/2 MILE OR LESS
8 = SMOKE OR HAZE
[NO. OF DAYS WITH] [WEATHER - DAYS WITH] 9 = BLOWING SNOW
X = TORNADO
MAX 32 OR BELOW: 2 0.01 INCH OR MORE: 6
MAX 90 OR ABOVE: 0 0.10 INCH OR MORE: 2
MIN 32 OR BELOW: 5 0.50 INCH OR MORE: 2
MIN 0 OR BELOW: 0 1.00 INCH OR MORE: 1
[HDD (BASE 65) ]
TOTAL THIS MO. 415 CLEAR (SCALE 0-3) 21
DPTR FM NORMAL -128 PTCLDY (SCALE 4-7) 7
TOTAL FM JUL 1 1310 CLOUDY (SCALE 8-10) 3
DPTR FM NORMAL -64
[CDD (BASE 65) ]
TOTAL THIS MO. 20
DPTR FM NORMAL 16 [PRESSURE DATA]
TOTAL FM JAN 1 20 HIGHEST SLP 30.46 ON 13
DPTR FM NORMAL 16 LOWEST SLP 29.60 ON 2
[REMARKS]
#FINAL-01-23#