000
CXUS56 KBOI 011002
CF6REO
PRELIMINARY LOCAL CLIMATOLOGICAL DATA (WS FORM: F-6)
STATION: ROME OR
MONTH: OCTOBER
YEAR: 2021
LATITUDE: 42 35 N
LONGITUDE: 117 52 W
TEMPERATURE IN F: :PCPN: SNOW: WIND :SUNSHINE: SKY :PK WND
================================================================================
1 2 3 4 5 6A 6B 7 8 9 10 11 12 13 14 15 16 17 18
12Z AVG MX 2MIN
DY MAX MIN AVG DEP HDD CDD WTR SNW DPTH SPD SPD DIR MIN PSBL S-S WX SPD DR
================================================================================
1 74 33 54 -2 11 0 0.00 M M 5.0 9 30 M M 0 M M
2 78 36 57 2 8 0 0.00 M M 5.0 10 100 M M 0 14 20
3 83 36 60 5 5 0 0.00 M M 4.0 13 150 M M 0 M M
4 85 40 63 9 2 0 0.00 M M 7.7 22 250 M M 0 32 240
5 81 47 64 10 1 0 0.00 M M 7.6 17 200 M M 0 18 210
6 70 47 59 5 6 0 0.00 M M 9.3 18 10 M M 0 30 20
7 66 39 53 0 12 0 0.03 M M 5.0 22 240 M M 0 35 230
8 59 47 53 0 12 0 0.36 M M 5.2 9 80 M M 0 M M
9 62 35 49 -3 16 0 0.00 M M 4.5 10 170 M M 0 M M
10 67 38 53 1 12 0 0.08 M M 8.0 18 310 M M 0 30 310
11 47 35 41 -10 24 0 0.00 M M 16.1 23 340 M M 0 44 360
12 53 24 39 -12 26 0 0.00 M M 8.8 15 320 M M 0 30 360
13 50 35 43 -8 22 0 0.00 M M 7.0 13 330 M M 0 M M
14 56 31 44 -6 21 0 0.00 M M 5.8 10 160 M M 0 17 260
15 67 29 48 -2 17 0 0.00 M M 8.0 17 150 M M 0 24 140
16 76 32 54 5 11 0 0.00 M M 4.7 13 160 M M 0 M M
17 74 33 54 5 11 0 0.00 M M 7.0 24 240 M M 0 35 230
18 57 41 49 0 16 0 0.00 M M 13.7 21 160 M M 0 31 250
19 62 39 51 3 14 0 0.00 M M 12.5 21 150 M M 0 28 140
20 66 36 51 3 14 0 0.00 M M 8.7 18 210 M M 0 38 210
21 76 36 56 9 9 0 0.00 M M 9.3 25 220 M M 0 35 220
22 64 43 54 7 11 0 0.06 M M 11.4 33 270 M M 0 48 260
23 55 39 47 0 18 0 0.00 M M 10.3 24 240 M M 0 32 260
24 55 43 49 3 16 0 0.36 M M 18.2 31 160 M M 0 43 160
25 50 37 44 -2 21 0 0.12 M M 10.7 28 220 M M 0 37 220
26 51 38 45 0 20 0 0.01 M M 14.3 24 230 M M 0 32 240
27 65 46 56 11 9 0 0.00 M M 13.0 24 240 M M 0 32 240
28 71 47 59 14 6 0 0.00 M M 9.7 20 160 M M 0 25 160
29 72 46 59 15 6 0 0.00 M M 8.5 21 240 M M 0 28 250
30 63 40 52 8 13 0 0.00 M M 5.9 13 80 M M 0 16 40
31 63 37 50 6 15 0 0.00 M M 4.9 12 100 M M 0 15 10
================================================================================
SM 2018 1185 405 0 1.02 M 269.8 M 0
================================================================================
AV 65.1 38.2 8.7 FASTST M M 0 MAX(MPH)
MISC ----> 33 270 48 260
================================================================================
NOTES:
# LAST OF SEVERAL OCCURRENCES
COLUMN 17 PEAK WIND IN M.P.H.
PRELIMINARY LOCAL CLIMATOLOGICAL DATA (WS FORM: F-6) , PAGE 2
STATION: ROME OR
MONTH: OCTOBER
YEAR: 2021
LATITUDE: 42 35 N
LONGITUDE: 117 52 W
[TEMPERATURE DATA] [PRECIPITATION DATA] SYMBOLS USED IN COLUMN 16
AVERAGE MONTHLY: 51.7 TOTAL FOR MONTH: 1.02 1 = FOG OR MIST
DPTR FM NORMAL: 2.2 DPTR FM NORMAL: 0.36 2 = FOG REDUCING VISIBILITY
HIGHEST: 85 ON 4 GRTST 24HR 0.37 ON 24-25 TO 1/4 MILE OR LESS
LOWEST: 24 ON 12 3 = THUNDER
SNOW, ICE PELLETS, HAIL 4 = ICE PELLETS
TOTAL MONTH: M 5 = HAIL
GRTST 24HR M ON M 6 = FREEZING RAIN OR DRIZZLE
GRTST DEPTH: M ON M 7 = DUSTSTORM OR SANDSTORM:
VSBY 1/2 MILE OR LESS
8 = SMOKE OR HAZE
[NO. OF DAYS WITH] [WEATHER - DAYS WITH] 9 = BLOWING SNOW
X = TORNADO
MAX 32 OR BELOW: 0 0.01 INCH OR MORE: 7
MAX 90 OR ABOVE: 0 0.10 INCH OR MORE: 3
MIN 32 OR BELOW: 4 0.50 INCH OR MORE: 0
MIN 0 OR BELOW: 0 1.00 INCH OR MORE: 0
[HDD (BASE 65) ]
TOTAL THIS MO. 405 CLEAR (SCALE 0-3) 31
DPTR FM NORMAL -80 PTCLDY (SCALE 4-7) 0
TOTAL FM JUL 1 523 CLOUDY (SCALE 8-10) 0
DPTR FM NORMAL -133
[CDD (BASE 65) ]
TOTAL THIS MO. 0
DPTR FM NORMAL -3 [PRESSURE DATA]
TOTAL FM JAN 1 1016 HIGHEST SLP M ON M
DPTR FM NORMAL 357 LOWEST SLP 29.41 ON 24
[REMARKS]
#FINAL-10-21#