000
CXUS51 KAKQ 010710
CF6RIC
PRELIMINARY LOCAL CLIMATOLOGICAL DATA (WS FORM: F-6)
STATION: RICHMOND VA
MONTH: MARCH
YEAR: 2023
LATITUDE: 37 30 N
LONGITUDE: 77 20 W
TEMPERATURE IN F: :PCPN: SNOW: WIND :SUNSHINE: SKY :PK WND
================================================================================
1 2 3 4 5 6A 6B 7 8 9 10 11 12 13 14 15 16 17 18
12Z AVG MX 2MIN
DY MAX MIN AVG DEP HDD CDD WTR SNW DPTH SPD SPD DIR MIN PSBL S-S WX SPD DR
================================================================================
1 59 40 50 6 15 0 0.00 0.0 0 3.5 10 160 M M 6 1 16 160
2 67 48 58 14 7 0 0.07 0.0 0 5.9 14 330 M M 10 1 16 180
3 67 46 57 12 8 0 0.07 0.0 0 9.1 28 180 M M 9 12 35 180
4 65 42 54 9 11 0 T 0.0 0 13.8 29 290 M M 2 40 310
5 67 33 50 5 15 0 0.00 0.0 0 3.8 16 300 M M 2 23 310
6 66 41 54 9 11 0 0.00 0.0 0 5.8 13 240 M M 4 16 180
7 60 42 51 5 14 0 0.00 0.0 0 15.2 26 10 M M 2 36 360
8 55 34 45 -1 20 0 0.00 0.0 0 13.5 26 340 M M 1 34 340
9 60 38 49 3 16 0 0.00 0.0 0 8.2 18 10 M M 3 23 10
10 50 40 45 -1 20 0 0.05 0.0 0 7.0 17 180 M M 9 18 23 170
11 52 37 45 -2 20 0 0.00 0.0 0 12.7 29 340 M M 5 38 310
12 43 32 38 -9 27 0 0.12 0.0 0 3.7 15 10 M M 8 1 19 360
13 52 39 46 -1 19 0 0.11 0.0 0 7.0 23 330 M M 9 1 30 350
14 50 33 42 -6 23 0 0.00 0.0 0 17.0 30 300 M M 2 37 310
15 56 31 44 -4 21 0 0.00 0.0 0 13.2 26 320 M M 0 33 330
16 66 27 47 -1 18 0 0.00 0.0 0 7.8 17 220 M M 4 8 23 210
17 66 47 57 8 8 0 0.03 0.0 0 14.0 26 220 M M 10 34 230
18 60 44 52 3 13 0 0.11 0.0 0 10.3 23 330 M M 7 1 29 330
19 46 31 39 -10 26 0 0.00 0.0 0 9.2 18 360 M M 1 26 300
20 53 24 39 -11 26 0 0.00 0.0 0 4.5 13 30 M M 1 19 60
21 64 26 45 -5 20 0 0.00 0.0 0 4.6 13 180 M M 4 17 180
22 65 44 55 5 10 0 0.00 0.0 0 8.7 20 210 M M 8 24 220
23 84 49 67 17 0 2 0.00 0.0 0 16.0 30 230 M M 7 39 230
24 77 50 64 13 1 0 0.00 0.0 0 10.5 26 20 M M 7 35 20
25 76 47 62 11 3 0 0.04 0.0 0 9.9 21 200 M M 8 1 28 210
26 74 52 63 11 2 0 0.00 0.0 0 7.2 15 170 M M 3 21 140
27 70 50 60 8 5 0 0.08 0.0 0 5.7 14 350 M M 8 123 16 270
28 62 44 53 1 12 0 0.30 0.0 0 5.2 15 120 M M 7 12 19 30
29 61 42 52 0 13 0 0.13 0.0 0 7.1 17 360 M M 5 1 22 360
30 61 39 50 -3 15 0 0.00 0.0 0 7.9 17 120 M M 1 8 23 30
31 70 39 55 2 10 0 0.13 0.0 0 13.0 31 220 M M 8 1 38 210
================================================================================
SM 1924 1231 429 2 1.24 0.0 281.0 M 161
================================================================================
AV 62.1 39.7 9.1 FASTST M M 5 MAX(MPH)
MISC ----> 31 220 40 310
================================================================================
NOTES:
# LAST OF SEVERAL OCCURRENCES
COLUMN 17 PEAK WIND IN M.P.H.
PRELIMINARY LOCAL CLIMATOLOGICAL DATA (WS FORM: F-6) , PAGE 2
STATION: RICHMOND VA
MONTH: MARCH
YEAR: 2023
LATITUDE: 37 30 N
LONGITUDE: 77 20 W
[TEMPERATURE DATA] [PRECIPITATION DATA] SYMBOLS USED IN COLUMN 16
AVERAGE MONTHLY: 50.9 TOTAL FOR MONTH: 1.24 1 = FOG OR MIST
DPTR FM NORMAL: 2.5 DPTR FM NORMAL: -2.76 2 = FOG REDUCING VISIBILITY
HIGHEST: 84 ON 23 GRTST 24HR 0.43 ON 28-29 TO 1/4 MILE OR LESS
LOWEST: 24 ON 20 3 = THUNDER
SNOW, ICE PELLETS, HAIL 4 = ICE PELLETS
TOTAL MONTH: 0.0 INCH 5 = HAIL
GRTST 24HR 0.0 6 = FREEZING RAIN OR DRIZZLE
GRTST DEPTH: 0 7 = DUSTSTORM OR SANDSTORM:
VSBY 1/2 MILE OR LESS
8 = SMOKE OR HAZE
[NO. OF DAYS WITH] [WEATHER - DAYS WITH] 9 = BLOWING SNOW
X = TORNADO
MAX 32 OR BELOW: 0 0.01 INCH OR MORE: 12
MAX 90 OR ABOVE: 0 0.10 INCH OR MORE: 6
MIN 32 OR BELOW: 6 0.50 INCH OR MORE: 0
MIN 0 OR BELOW: 0 1.00 INCH OR MORE: 0
[HDD (BASE 65) ]
TOTAL THIS MO. 429 CLEAR (SCALE 0-3) 10
DPTR FM NORMAL -90 PTCLDY (SCALE 4-7) 16
TOTAL FM JUL 1 2825 CLOUDY (SCALE 8-10) 5
DPTR FM NORMAL -598
[CDD (BASE 65) ]
TOTAL THIS MO. 2
DPTR FM NORMAL -3 [PRESSURE DATA]
TOTAL FM JAN 1 4 HIGHEST SLP M ON M
DPTR FM NORMAL -1 LOWEST SLP 29.34 ON 3
[REMARKS]
#FINAL-03-23#