000
CXUS51 KAKQ 011304
CLMRIC
CLIMATE REPORT
NATIONAL WEATHER SERVICE WAKEFIELD VA
804 AM EST FRI DEC 01 2023
...................................
...THE RICHMOND VA CLIMATE SUMMARY FOR THE MONTH OF NOVEMBER 2023...
CLIMATE NORMAL PERIOD: 1991 TO 2020
CLIMATE RECORD PERIOD: 1871 TO 2023
WEATHER OBSERVED NORMAL DEPART LAST YEAR`S
VALUE DATE(S) VALUE FROM VALUE DATE(S)
NORMAL
................................................................
TEMPERATURE (F)
RECORD
HIGH 87 11/01/1950
LOW 10 11/16/1933
11/29/1930
HIGHEST 83 11/09 78 5 84 11/07
LOWEST 19 11/29 24 -5 24 11/21
AVG. MAXIMUM 62.1 60.4 1.7 64.5
AVG. MINIMUM 36.7 38.8 -2.1 41.7
MEAN 49.4 49.6 -0.2 53.1
DAYS MAX >= 90 0 0.0 0.0 0
DAYS MAX <= 32 0 0.0 0.0 0
DAYS MIN <= 32 7 7.8 -0.8 11
DAYS MIN <= 0 0 0.0 0.0 0
PRECIPITATION (INCHES)
RECORD
MAXIMUM 9.60 2009
MINIMUM 0.11 1890
TOTALS 2.08 3.06 -0.98 3.71
DAILY AVG. 0.07 0.10 -0.03 0.12
DAYS >= .01 3 8.4 -5.4 5
DAYS >= .10 3 5.2 -2.2 5
DAYS >= .50 2 2.0 0.0 3
DAYS >= 1.00 1 1.0 0.0 2
GREATEST
24 HR. TOTAL 1.92 11/21 TO 11/22
SNOWFALL (INCHES)
RECORDS
TOTAL 7.3 1953
TOTALS 0.0
SINCE 7/1 0.0 0.0 0.0 MM
SNOWDEPTH AVG. 0 0
DAYS >= 1.0 0 0.0 0.0 0
GREATEST
SNOW DEPTH 0 0 MM
24 HR TOTAL MM MM 0.0
DEGREE DAYS
HEATING TOTAL 462
SINCE 7/1 590 684 -94 MM
COOLING TOTAL 3 3 0 34
SINCE 1/1 1632 1559 73 MM
................................................................
WIND (MPH)
AVERAGE WIND SPEED 5.8
HIGHEST WIND SPEED/DIRECTION 26/310 DATE 11/21
HIGHEST GUST SPEED/DIRECTION 39/310 DATE 11/21
SKY COVER
POSSIBLE SUNSHINE (PERCENT) MM
AVERAGE SKY COVER 0.39
AVERAGE RH (PERCENT) 60
WEATHER CONDITIONS. NUMBER OF DAYS WITH
THUNDERSTORM 0 MIXED PRECIP 0
HEAVY RAIN 2 RAIN 3
LIGHT RAIN 6 FREEZING RAIN 0
LT FREEZING RAIN 0 HAIL 0
HEAVY SNOW 0 SNOW 0
LIGHT SNOW 0 SLEET 0
FOG 8 FOG W/VIS <= 1/4 MILE 0
HAZE 2
- INDICATES NEGATIVE NUMBERS.
R INDICATES RECORD WAS SET OR TIED.
MM INDICATES DATA IS MISSING.
T INDICATES TRACE AMOUNT.
$$