000
CXUS55 KGJT 011812
CF6RIL
PRELIMINARY LOCAL CLIMATOLOGICAL DATA (WS FORM: F-6)
STATION: RIFLE CO
MONTH: MARCH
YEAR: 2022
LATITUDE: 39 31 N
LONGITUDE: 107 43 W
TEMPERATURE IN F: :PCPN: SNOW: WIND :SUNSHINE: SKY :PK WND
================================================================================
1 2 3 4 5 6A 6B 7 8 9 10 11 12 13 14 15 16 17 18
12Z AVG MX 2MIN
DY MAX MIN AVG DEP HDD CDD WTR SNW DPTH SPD SPD DIR MIN PSBL S-S WX SPD DR
================================================================================
1 53 17 35 -2 30 0 0.00 M M 3.4 10 140 M M 0 11 140
2 56 25 41 4 24 0 0.00 M M 1.2 8 140 M M 0 10 140
3 58 25 42 5 23 0 0.00 M M 1.3 8 170 M M 0 9 170
4 56 28 42 4 23 0 0.02 M M 4.4 26 250 M M 4 13 37 280
5 44 32 38 0 27 0 0.12 M M 6.7 23 270 M M 8 12 32 260
6 39 22 31 -7 34 0 T M M 8.4 23 320 M M 8 32 290
7 34 15 25 -14 40 0 T M M 7.9 20 310 M M 5 18 26 330
8 36 11 24 -15 41 0 T M M 4.7 14 80 M M 4 8 18 80
9 39 21 30 -9 35 0 0.07 M M 8.5 35 270 M M 9 12 43 270
10 29 6 18 -22 47 0 0.00 M M 7.2 21 300 M M 2 28 300
11 36 2 19 -21 46 0 T M M 4.5 12 120 M M 3 14 240
12 45 13 29 -11 36 0 0.00 M M 2.3 9 150 M M 0 13 170
13 49 19 34 -7 31 0 T M M 5.5 24 310 M M 3 1 33 320
14 50 30 40 -1 25 0 0.00 M M 4.7 15 280 M M 3 19 280
15 56 24 40 -1 25 0 0.00 M M 3.9 12 110 M M 0 14 140
16 53 32 43 1 22 0 T M M 5.2 29 310 M M 6 38 320
17 47 27 37 -5 28 0 0.00 M M 9.9 22 310 M M 2 32 300
18 52 21 37 -5 28 0 0.00 M M 3.3 12 220 M M 0 16 180
19 55 23 39 -3 26 0 0.00 M M 2.4 12 160 M M 1 16 260
20 62 32 47 5 18 0 T M M 7.4 23 170 M M 5 32 320
21 47 28 38 -5 27 0 0.00 M M 14.5 26 310 M M 5 37 320
22 48 25 37 -6 28 0 0.00 M M 5.8 24 320 M M 2 35 320
23 56 21 39 -4 26 0 0.00 M M 3.9 20 280 M M 0 26 300
24 66 24 45 2 20 0 0.00 M M 2.9 13 270 M M 1 17 270
25 69 30 50 6 15 0 0.00 M M 4.6 17 260 M M 0 24 220
26 75 36 56 12 9 0 0.00 M M 5.8 24 270 M M 0 33 270
27 77 34 56 12 9 0 0.00 M M 5.7 21 260 M M 0 29 260
28 74 36 55 11 10 0 T M M 8.1 26 220 M M 3 34 230
29 54 40 47 3 18 0 0.14 M M 8.6 28 280 M M 9 1 34 270
30 49 32 41 -3 24 0 0.00 M M 10.5 21 300 M M 6 30 300
31 59 26 43 -2 22 0 0.10 M M 6.9 26 280 M M 3 1 38 270
================================================================================
SM 1623 757 817 0 0.45 M 180.1 M 92
================================================================================
AV 52.4 24.4 5.8 FASTST M M 3 MAX(MPH)
MISC ----> 35 270 43 270
================================================================================
NOTES:
# LAST OF SEVERAL OCCURRENCES
COLUMN 17 PEAK WIND IN M.P.H.
PRELIMINARY LOCAL CLIMATOLOGICAL DATA (WS FORM: F-6) , PAGE 2
STATION: RIFLE CO
MONTH: MARCH
YEAR: 2022
LATITUDE: 39 31 N
LONGITUDE: 107 43 W
[TEMPERATURE DATA] [PRECIPITATION DATA] SYMBOLS USED IN COLUMN 16
AVERAGE MONTHLY: 38.4 TOTAL FOR MONTH: 0.45 1 = FOG OR MIST
DPTR FM NORMAL: -2.8 DPTR FM NORMAL: -0.31 2 = FOG REDUCING VISIBILITY
HIGHEST: 77 ON 27 GRTST 24HR 0.14 ON 28-29 TO 1/4 MILE OR LESS
LOWEST: 2 ON 11 3 = THUNDER
SNOW, ICE PELLETS, HAIL 4 = ICE PELLETS
TOTAL MONTH: M 5 = HAIL
GRTST 24HR M ON M 6 = FREEZING RAIN OR DRIZZLE
GRTST DEPTH: M ON M 7 = DUSTSTORM OR SANDSTORM:
VSBY 1/2 MILE OR LESS
8 = SMOKE OR HAZE
[NO. OF DAYS WITH] [WEATHER - DAYS WITH] 9 = BLOWING SNOW
X = TORNADO
MAX 32 OR BELOW: 1 0.01 INCH OR MORE: 5
MAX 90 OR ABOVE: 0 0.10 INCH OR MORE: 3
MIN 32 OR BELOW: 27 0.50 INCH OR MORE: 0
MIN 0 OR BELOW: 0 1.00 INCH OR MORE: 0
[HDD (BASE 65) ]
TOTAL THIS MO. 817 CLEAR (SCALE 0-3) 19
DPTR FM NORMAL 79 PTCLDY (SCALE 4-7) 9
TOTAL FM JUL 1 5585 CLOUDY (SCALE 8-10) 3
DPTR FM NORMAL 4
[CDD (BASE 65) ]
TOTAL THIS MO. 0
DPTR FM NORMAL 0 [PRESSURE DATA]
TOTAL FM JAN 1 0 HIGHEST SLP 30.57 ON 11
DPTR FM NORMAL 0 LOWEST SLP 29.49 ON 29
[REMARKS]
#FINAL-03-22#