000
CXUS56 KSGX 011245
CF6RIV
PRELIMINARY LOCAL CLIMATOLOGICAL DATA (WS FORM: F-6)
STATION: RIVERSIDE/MARCH FIELD CA
MONTH: NOVEMBER
YEAR: 2020
LATITUDE: 33 54 N
LONGITUDE: 117 15 W
TEMPERATURE IN F: :PCPN: SNOW: WIND :SUNSHINE: SKY :PK WND
================================================================================
1 2 3 4 5 6A 6B 7 8 9 10 11 12 13 14 15 16 17 18
12Z AVG MX 2MIN
DY MAX MIN AVG DEP HDD CDD WTR SNW DPTH SPD SPD DIR MIN PSBL S-S WX SPD DR
================================================================================
1 91 49 70 M 0 5 0.00 0.0 0 2.4 10 300 M M 1 M M
2 88 48 68 M 0 3 0.00 0.0 0 3.1 12 330 M M 0 8 M M
3 82 46 64 M 1 0 0.00 0.0 0 3.1 8 320 M M 0 M M
4 93 43 68 M 0 3 0.00 0.0 0 2.3 12 320 M M 0 8 M M
5 93 46 70 M 0 5 0.00 0.0 0 2.9 9 340 M M 0 M M
6 83 51 67 M 0 2 T 0.0 0 7.5 22 160 M M 5 8 23 180
7 56 43 50 M 15 0 0.13 M 0 6.1 13 210 M M 7 38 18 200
8 56 41 49 M 16 0 0.02 M 0 8.1 17 260 M M 6 33 250
9 59 30 45 M 20 0 0.00 0.0 0 2.0 7 20 M M 0 M M
10 66 29 48 M 17 0 0.00 0.0 0 1.8 8 330 M M 0 M M
11 69 29 49 M 16 0 0.00 0.0 0 2.3 10 320 M M 0 M M
12 70 32 51 M 14 0 0.00 0.0 0 2.2 7 310 M M 0 M M
13 69 33 51 M 14 0 0.00 0.0 0 2.4 9 310 M M 0 M M
14 76 39 58 M 7 0 0.00 0.0 0 3.0 10 310 M M 1 M M
15 85 35 60 M 5 0 0.00 0.0 0 2.1 8 30 M M 0 M M
16 90 44 67 M 0 2 0.00 0.0 0 4.9 16 90 M M 0 21 110
17 84 39 62 M 3 0 0.00 0.0 0 2.2 8 310 M M 0 M M
18 74 38 56 M 9 0 0.00 0.0 M 3.6 12 320 M M 0 M M
19 73 37 55 M 10 0 0.00 0.0 0 1.7 8 290 M M 0 1 M M
20 81 38 60 M 5 0 0.00 0.0 0 1.2 8 320 M M 1 M M
21 82 39 61 M 4 0 0.00 0.0 0 3.2 13 330 M M 0 M M
22 79 40 60 M 5 0 0.00 0.0 0 2.3 13 320 M M 0 M M
23 66 35 51 M 14 0 0.00 0.0 M 3.1 9 320 M M 0 8 M M
24 73 39 56 M 9 0 0.00 0.0 0 2.4 10 290 M M 2 1 M M
25 68 32 50 M 15 0 0.00 0.0 0 2.5 9 320 M M 0 1 M M
26 67 41 54 M 11 0 0.00 0.0 0 7.2 24 10 M M 5 12 43 350
27 67 35 51 M 14 0 0.00 0.0 0 4.4 9 140 M M 0 M M
28 73 35 54 M 11 0 0.00 0.0 0 5.8 10 50 M M 0 M M
29 77 28 53 M 12 0 0.00 0.0 0 4.1 10 330 M M 0 M M
30 79 32 56 M 9 0 0.00 0.0 0 1.4 8 60 M M 0 M M
================================================================================
SM 2269 1146 256 20 0.15 0.0 101.3 M 28
================================================================================
AV 75.6 38.2 3.4 FASTST M M 1 MAX(MPH)
MISC ----> # 24 10 # 43 350
================================================================================
NOTES:
# LAST OF SEVERAL OCCURRENCES
COLUMN 17 PEAK WIND IN M.P.H.
PRELIMINARY LOCAL CLIMATOLOGICAL DATA (WS FORM: F-6) , PAGE 2
STATION: RIVERSIDE/MARCH FIELD CA
MONTH: NOVEMBER
YEAR: 2020
LATITUDE: 33 54 N
LONGITUDE: 117 15 W
[TEMPERATURE DATA] [PRECIPITATION DATA] SYMBOLS USED IN COLUMN 16
AVERAGE MONTHLY: 56.9 TOTAL FOR MONTH: 0.15 1 = FOG OR MIST
DPTR FM NORMAL: M DPTR FM NORMAL: M 2 = FOG REDUCING VISIBILITY
HIGHEST: 93 ON 5, 4 GRTST 24HR 0.13 ON 7- 7 TO 1/4 MILE OR LESS
LOWEST: 28 ON 29 3 = THUNDER
SNOW, ICE PELLETS, HAIL 4 = ICE PELLETS
TOTAL MONTH: 0.0 INCH 5 = HAIL
GRTST 24HR 0.0 6 = FREEZING RAIN OR DRIZZLE
GRTST DEPTH: 0 7 = DUSTSTORM OR SANDSTORM:
VSBY 1/2 MILE OR LESS
8 = SMOKE OR HAZE
[NO. OF DAYS WITH] [WEATHER - DAYS WITH] 9 = BLOWING SNOW
X = TORNADO
MAX 32 OR BELOW: 0 0.01 INCH OR MORE: 2
MAX 90 OR ABOVE: 4 0.10 INCH OR MORE: 1
MIN 32 OR BELOW: 7 0.50 INCH OR MORE: 0
MIN 0 OR BELOW: 0 1.00 INCH OR MORE: 0
[HDD (BASE 65) ]
TOTAL THIS MO. 256 CLEAR (SCALE 0-3) 26
DPTR FM NORMAL M PTCLDY (SCALE 4-7) 4
TOTAL FM JUL 1 286 CLOUDY (SCALE 8-10) 0
DPTR FM NORMAL M
[CDD (BASE 65) ]
TOTAL THIS MO. 20
DPTR FM NORMAL M [PRESSURE DATA]
TOTAL FM JAN 1 1707 HIGHEST SLP M ON M
DPTR FM NORMAL M LOWEST SLP M ON M
[REMARKS]
#FINAL-11-20#