000
CXUS56 KFGZ 010910
CF6RQE
PRELIMINARY LOCAL CLIMATOLOGICAL DATA (WS FORM: F-6)
STATION: WINDOW ROCK AZ AIRPORT
MONTH: MARCH
YEAR: 2021
LATITUDE: 35 39 N
LONGITUDE: 109 4 W
TEMPERATURE IN F: :PCPN: SNOW: WIND :SUNSHINE: SKY :PK WND
================================================================================
1 2 3 4 5 6A 6B 7 8 9 10 11 12 13 14 15 16 17 18
12Z AVG MX 2MIN
DY MAX MIN AVG DEP HDD CDD WTR SNW DPTH SPD SPD DIR MIN PSBL S-S WX SPD DR
================================================================================
1 50 6 28 -8 37 0 0.00 M M 2.6 10 110 M M 0 15 60
2 59 9 34 -2 31 0 0.00 M M 2.3 12 60 M M 0 16 190
3 64 12 38 2 27 0 0.00 M M 6.1 17 200 M M 2 36 250
4 48 22 35 -2 30 0 0.02 M M 9.0 24 270 M M 5 1 30 270
5 60 18 39 2 26 0 0.00 M M 3.4 14 100 M M 0 18 40
6 64 19 42 5 23 0 0.00 M M 4.9 17 220 M M 0 23 220
7 66 21 44 7 21 0 0.00 M M 3.5 15 220 M M 0 22 220
8 68 30 49 11 16 0 0.00 M M 9.1 28 230 M M 3 36 220
9 56 36 46 8 19 0 T M M 15.8 31 230 M M 5 42 230
10 51 22 37 -1 28 0 0.00 M M 11.3 31 230 M M 1 54 240
11 50 13 32 -6 33 0 0.00 M M 6.4 28 220 M M 4 38 220
12 52 14 33 -5 32 0 0.00 M M 7.8 26 230 M M 3 40 250
13 38 26 32 -7 33 0 0.04 M M 9.7 23 240 M M 8 18 32 240
14 44 25 35 -4 30 0 0.07 M M 10.2 25 310 M M 10 18 31 320
15 53 26 40 1 25 0 0.00 M M 7.8 20 230 M M 3 25 240
16 41 18 30 -9 35 0 0.00 M M 7.5 22 240 M M 6 27 250
17 55 24 40 0 25 0 0.00 M M 5.4 16 330 M M 3 21 320
18 64 18 41 1 24 0 0.00 M M 2.4 12 120 M M 0 16 140
19 68 19 44 4 21 0 0.00 M M 3.3 13 260 M M 0 21 250
20 67 22 45 5 20 0 0.00 M M 11.7 32 220 M M 0 45 220
21 60 30 45 5 20 0 0.00 M M 11.6 28 230 M M 1 39 230
22 51 24 38 -3 27 0 T M M 9.2 20 270 M M 4 27 290
23 39 26 33 -8 32 0 0.21 M M 3.9 15 200 M M 8 128 19 200
24 40 30 35 -6 30 0 0.21 M M 6.2 14 60 M M 9 1 21 60
25 43 29 36 -5 29 0 0.02 M M 9.2 26 230 M M 7 8 36 200
26 44 28 36 -5 29 0 T M M 8.4 20 230 M M 8 8 26 230
27 53 20 37 -5 28 0 0.00 M M 5.6 16 360 M M 0 27 360
28 67 20 44 2 21 0 0.00 M M 2.3 14 270 M M 0 17 270
29 69 20 45 3 20 0 0.00 M M 10.8 24 250 M M 0 38 230
30 57 26 42 0 23 0 0.00 M M 11.9 22 290 M M 0 31 330
31 58 10 34 -8 31 0 0.00 M M 2.5 12 60 M M 0 17 50
================================================================================
SM 1699 663 826 0 0.57 M 221.8 M 90
================================================================================
AV 54.8 21.4 7.2 FASTST M M 3 MAX(MPH)
MISC ----> 32 220 54 240
================================================================================
NOTES:
# LAST OF SEVERAL OCCURRENCES
COLUMN 17 PEAK WIND IN M.P.H.
PRELIMINARY LOCAL CLIMATOLOGICAL DATA (WS FORM: F-6) , PAGE 2
STATION: WINDOW ROCK AZ AIRPORT
MONTH: MARCH
YEAR: 2021
LATITUDE: 35 39 N
LONGITUDE: 109 4 W
[TEMPERATURE DATA] [PRECIPITATION DATA] SYMBOLS USED IN COLUMN 16
AVERAGE MONTHLY: 38.1 TOTAL FOR MONTH: 0.57 1 = FOG OR MIST
DPTR FM NORMAL: -1.1 DPTR FM NORMAL: -0.32 2 = FOG REDUCING VISIBILITY
HIGHEST: 69 ON 29 GRTST 24HR 0.38 ON 23-24 TO 1/4 MILE OR LESS
LOWEST: 6 ON 1 3 = THUNDER
SNOW, ICE PELLETS, HAIL 4 = ICE PELLETS
TOTAL MONTH: M 5 = HAIL
GRTST 24HR M ON M 6 = FREEZING RAIN OR DRIZZLE
GRTST DEPTH: M ON M 7 = DUSTSTORM OR SANDSTORM:
VSBY 1/2 MILE OR LESS
8 = SMOKE OR HAZE
[NO. OF DAYS WITH] [WEATHER - DAYS WITH] 9 = BLOWING SNOW
X = TORNADO
MAX 32 OR BELOW: 0 0.01 INCH OR MORE: 6
MAX 90 OR ABOVE: 0 0.10 INCH OR MORE: 2
MIN 32 OR BELOW: 30 0.50 INCH OR MORE: 0
MIN 0 OR BELOW: 0 1.00 INCH OR MORE: 0
[HDD (BASE 65) ]
TOTAL THIS MO. 826 CLEAR (SCALE 0-3) 19
DPTR FM NORMAL 25 PTCLDY (SCALE 4-7) 8
TOTAL FM JUL 1 5217 CLOUDY (SCALE 8-10) 4
DPTR FM NORMAL -216
[CDD (BASE 65) ]
TOTAL THIS MO. 0
DPTR FM NORMAL 0 [PRESSURE DATA]
TOTAL FM JAN 1 0 HIGHEST SLP M ON M
DPTR FM NORMAL 0 LOWEST SLP 29.58 ON 16
[REMARKS]
#FINAL-03-21#