000
CXUS51 KBTV 010700
CF6RUT
PRELIMINARY LOCAL CLIMATOLOGICAL DATA (WS FORM: F-6)
STATION: RUTLAND VT
MONTH: JULY
YEAR: 2023
LATITUDE: 43 31 N
LONGITUDE: 72 57 W
TEMPERATURE IN F: :PCPN: SNOW: WIND :SUNSHINE: SKY :PK WND
================================================================================
1 2 3 4 5 6A 6B 7 8 9 10 11 12 13 14 15 16 17 18
12Z AVG MX 2MIN
DY MAX MIN AVG DEP HDD CDD WTR SNW DPTH SPD SPD DIR MIN PSBL S-S WX SPD DR
================================================================================
1 83 61 72 M 0 7 0.00 M M 9.9 17 110 M M 3 18 23 110
2 72 64 68 M 0 3 0.34 M M 6.3 9 130 M M 10 18 M M
3 76 64 70 M 0 5 0.21 M M 2.5 7 100 M M 7 1 M M
4 82 64 73 M 0 8 0.03 M M 3.1 12 120 M M 5 123 M M
5 88 62 75 M 0 10 0.00 M M 4.0 9 120 M M 4 12 M M
6 91 68 80 M 0 15 0.00 M M 6.0 9 120 M M 2 1 M M
7 89 66 78 M 0 13 0.22 M M 5.2 18 10 M M 3 123 26 360
8 83 64 74 M 0 9 0.01 M M 3.1 9 120 M M 5 12 M M
9 82 66 74 M 0 9 0.49 M M 5.7 17 110 M M 6 1 20 120
10 67 65 66 M 0 1 3.97 M M 4.2 9 300 M M 10 13 M M
11 82 64 73 M 0 8 0.05 M M 3.5 9 220 M M 5 1 18 220
12 81 63 72 M 0 7 0.00 M M 6.2 12 200 M M 3 M M
13 88 63 76 M 0 11 0.60 M M 8.9 18 290 M M 4 13 46 290
14 82 61 72 M 0 7 0.04 M M 4.9 12 130 M M 6 123 M M
15 85 66 76 M 0 11 0.01 M M 3.6 10 120 M M 4 3 M M
16 83 71 77 M 0 12 0.26 M M 6.3 13 130 M M 7 1 M M
17 83 65 74 M 0 9 0.00 M M 5.0 13 220 M M 1 18 17 220
18 85 66 76 M 0 11 0.01 M M 4.7 8 130 M M 5 18 M M
19 80 62 71 M 0 6 0.00 M M 3.1 8 110 M M 5 12 M M
20 82 56 69 M 0 4 0.02 M M 5.5 9 130 M M 0 M M
21 77 64 71 M 0 6 0.24 M M 6.6 12 110 M M 9 3 18 120
22 76 59 68 M 0 3 0.00 M M 3.2 9 120 M M 7 1 M M
23 82 55 69 M 0 4 0.00 M M 4.9 9 120 M M 1 M M
24 83 59 71 M 0 6 0.06 M M 6.4 14 120 M M 2 18 240
25 81 59 70 M 0 5 0.00 M M 3.3 7 210 M M 1 M M
26 83 61 72 M 0 7 0.00 M M 5.2 10 230 M M 1 16 99
27 84 67 76 M 0 11 0.43 M M 6.7 13 260 M M 7 1 30 260
28 86 66 76 M 0 11 0.00 M M 4.6 12 230 M M 5 12 17 230
29 78 55 67 M 0 2 0.21 M M 6.4 18 360 M M 5 1 26 330
30 72 54 63 M 2 0 0.00 M M 5.9 14 330 M M 3 22 320
31 72 53 63 M 2 0 0.22 M M 5.5 16 320 M M 5 3 28 320
================================================================================
SM 2518 1933 4 221 7.42 M 160.3 M 141
================================================================================
AV 81.2 62.4 5.2 FASTST M M 5 MAX(MPH)
MISC ----> # 18 10 46 290
================================================================================
NOTES:
# LAST OF SEVERAL OCCURRENCES
COLUMN 17 PEAK WIND IN M.P.H.
PRELIMINARY LOCAL CLIMATOLOGICAL DATA (WS FORM: F-6) , PAGE 2
STATION: RUTLAND VT
MONTH: JULY
YEAR: 2023
LATITUDE: 43 31 N
LONGITUDE: 72 57 W
[TEMPERATURE DATA] [PRECIPITATION DATA] SYMBOLS USED IN COLUMN 16
AVERAGE MONTHLY: 71.8 TOTAL FOR MONTH: 7.42 1 = FOG OR MIST
DPTR FM NORMAL: 0.0 DPTR FM NORMAL: M 2 = FOG REDUCING VISIBILITY
HIGHEST: 91 ON 6 GRTST 24HR 3.97 ON 10-10 TO 1/4 MILE OR LESS
LOWEST: 53 ON 31 3 = THUNDER
SNOW, ICE PELLETS, HAIL 4 = ICE PELLETS
TOTAL MONTH: M 5 = HAIL
GRTST 24HR M ON M 6 = FREEZING RAIN OR DRIZZLE
GRTST DEPTH: M ON M 7 = DUSTSTORM OR SANDSTORM:
VSBY 1/2 MILE OR LESS
8 = SMOKE OR HAZE
[NO. OF DAYS WITH] [WEATHER - DAYS WITH] 9 = BLOWING SNOW
X = TORNADO
MAX 32 OR BELOW: 0 0.01 INCH OR MORE: 19
MAX 90 OR ABOVE: 1 0.10 INCH OR MORE: 11
MIN 32 OR BELOW: 0 0.50 INCH OR MORE: 2
MIN 0 OR BELOW: 0 1.00 INCH OR MORE: 1
[HDD (BASE 65) ]
TOTAL THIS MO. 4 CLEAR (SCALE 0-3) 10
DPTR FM NORMAL M PTCLDY (SCALE 4-7) 18
TOTAL FM JUL 1 4 CLOUDY (SCALE 8-10) 3
DPTR FM NORMAL M
[CDD (BASE 65) ]
TOTAL THIS MO. 221
DPTR FM NORMAL M [PRESSURE DATA]
TOTAL FM JAN 1 303 HIGHEST SLP M ON M
DPTR FM NORMAL M LOWEST SLP M ON M
[REMARKS]
#FINAL-07-23#