000
CXUS51 KBTV 010800
CF6RUT
PRELIMINARY LOCAL CLIMATOLOGICAL DATA (WS FORM: F-6)
STATION: RUTLAND VT
MONTH: JANUARY
YEAR: 2023
LATITUDE: 43 31 N
LONGITUDE: 72 57 W
TEMPERATURE IN F: :PCPN: SNOW: WIND :SUNSHINE: SKY :PK WND
================================================================================
1 2 3 4 5 6A 6B 7 8 9 10 11 12 13 14 15 16 17 18
12Z AVG MX 2MIN
DY MAX MIN AVG DEP HDD CDD WTR SNW DPTH SPD SPD DIR MIN PSBL S-S WX SPD DR
================================================================================
1 52 34 43 M 22 0 T M M 6.6 14 310 M M 10 27 99
2 44 29 37 M 28 0 0.00 M M 4.7 10 230 M M 9 17 240
3 39 28 34 M 31 0 0.14 M M 4.4 10 140 M M 7 1 M M
4 42 35 39 M 26 0 0.13 M M 4.0 17 160 M M 10 12 21 170
5 43 36 40 M 25 0 0.13 M M 14.0 24 120 M M 10 1 35 120
6 38 34 36 M 29 0 0.11 M M 4.6 10 120 M M 10 1 M M
7 36 21 29 M 36 0 0.00 M M 2.2 13 340 M M 10 17 340
8 32 17 25 M 40 0 T M M 4.4 9 350 M M 2 M M
9 33 17 25 M 40 0 0.00 M M 5.7 16 250 M M 8 22 250
10 34 12 23 M 42 0 T M M 7.7 14 330 M M 5 21 260
11 34 8 21 M 44 0 0.00 M M 6.1 16 120 M M 2 M M
12 36 28 32 M 33 0 0.35 M M 14.5 22 130 M M 10 1 28 130
13 41 25 33 M 32 0 0.68 M M 9.3 15 130 M M 10 1 24 320
14 25 21 23 M 42 0 T M M 10.0 16 330 M M 10 21 330
15 27 15 21 M 44 0 T M M 9.2 16 350 M M 7 20 350
16 24 15 20 M 45 0 T M M 7.7 13 330 M M 8 1 16 320
17 37 18 28 M 37 0 T M M 1.1 6 360 M M 7 M M
18 39 31 35 M 30 0 0.04 M M 1.9 6 340 M M 10 1 M M
19 34 26 30 M 35 0 0.07 M M 5.0 20 140 M M 7 1 29 140
20 33 28 31 M 34 0 0.04 M M 7.4 16 120 M M 10 1 27 130
21 28 24 26 M 39 0 T M M 5.4 12 320 M M 10 1 16 320
22 30 25 28 M 37 0 0.02 M M 4.2 12 120 M M 10 12 M M
23 30 26 28 M 37 0 0.19 M M 7.4 21 320 M M 10 1 29 320
24 35 27 31 M 34 0 T M M 9.5 17 240 M M 10 24 260
25 32 21 27 M 38 0 0.06 M M 8.1 31 120 M M 9 1 45 140
26 38 25 32 M 33 0 0.13 M M 9.8 18 250 M M 10 1 36 250
27 33 20 27 M 38 0 0.00 M M 4.1 9 120 M M 8 M M
28 40 25 33 M 32 0 T M M 7.2 14 240 M M 7 25 210
29 48 23 36 M 29 0 T M M 9.3 20 210 M M 7 28 210
30 42 21 32 M 33 0 0.02 M M 4.4 13 350 M M 10 1 16 340
31 25 10 18 M 47 0 T M M 4.5 14 340 M M 7 1 20 340
================================================================================
SM 1104 725 1092 0 2.11 M 204.4 M 260
================================================================================
AV 35.6 23.4 6.6 FASTST M M 8 MAX(MPH)
MISC ----> 31 120 45 140
================================================================================
NOTES:
# LAST OF SEVERAL OCCURRENCES
COLUMN 17 PEAK WIND IN M.P.H.
PRELIMINARY LOCAL CLIMATOLOGICAL DATA (WS FORM: F-6) , PAGE 2
STATION: RUTLAND VT
MONTH: JANUARY
YEAR: 2023
LATITUDE: 43 31 N
LONGITUDE: 72 57 W
[TEMPERATURE DATA] [PRECIPITATION DATA] SYMBOLS USED IN COLUMN 16
AVERAGE MONTHLY: 29.5 TOTAL FOR MONTH: 2.11 1 = FOG OR MIST
DPTR FM NORMAL: 0.0 DPTR FM NORMAL: M 2 = FOG REDUCING VISIBILITY
HIGHEST: 52 ON 1 GRTST 24HR 1.02 ON 4- 5 TO 1/4 MILE OR LESS
LOWEST: 8 ON 11 3 = THUNDER
SNOW, ICE PELLETS, HAIL 4 = ICE PELLETS
TOTAL MONTH: M 5 = HAIL
GRTST 24HR M ON M 6 = FREEZING RAIN OR DRIZZLE
GRTST DEPTH: M ON M 7 = DUSTSTORM OR SANDSTORM:
VSBY 1/2 MILE OR LESS
8 = SMOKE OR HAZE
[NO. OF DAYS WITH] [WEATHER - DAYS WITH] 9 = BLOWING SNOW
X = TORNADO
MAX 32 OR BELOW: 9 0.01 INCH OR MORE: 14
MAX 90 OR ABOVE: 0 0.10 INCH OR MORE: 8
MIN 32 OR BELOW: 27 0.50 INCH OR MORE: 1
MIN 0 OR BELOW: 0 1.00 INCH OR MORE: 0
[HDD (BASE 65) ]
TOTAL THIS MO. 1092 CLEAR (SCALE 0-3) 2
DPTR FM NORMAL M PTCLDY (SCALE 4-7) 8
TOTAL FM JUL 1 3530 CLOUDY (SCALE 8-10) 21
DPTR FM NORMAL M
[CDD (BASE 65) ]
TOTAL THIS MO. 0
DPTR FM NORMAL M [PRESSURE DATA]
TOTAL FM JAN 1 0 HIGHEST SLP M ON M
DPTR FM NORMAL M LOWEST SLP M ON M
[REMARKS]
#FINAL-01-23#