000
CXUS51 KBTV 010800
CF6RUT
PRELIMINARY LOCAL CLIMATOLOGICAL DATA (WS FORM: F-6)
STATION: RUTLAND VT
MONTH: DECEMBER
YEAR: 2023
LATITUDE: 43 31 N
LONGITUDE: 72 57 W
TEMPERATURE IN F: :PCPN: SNOW: WIND :SUNSHINE: SKY :PK WND
================================================================================
1 2 3 4 5 6A 6B 7 8 9 10 11 12 13 14 15 16 17 18
12Z AVG MX 2MIN
DY MAX MIN AVG DEP HDD CDD WTR SNW DPTH SPD SPD DIR MIN PSBL S-S WX SPD DR
================================================================================
1 51 36 44 M 21 0 0.04 M M 4.8 8 130 M M 7 1 M M
2 42 37 40 M 25 0 T M M 3.6 7 130 M M 10 12 M M
3 40 34 37 M 28 0 0.38 M M 8.2 16 140 M M 10 12 31 140
4 45 29 37 M 28 0 0.19 M M 8.1 15 190 M M 10 1 21 230
5 33 26 30 M 35 0 T M M 5.2 9 310 M M 10 1 16 310
6 29 20 25 M 40 0 T M M 5.1 8 340 M M 9 1 M M
7 29 18 24 M 41 0 T M M 3.9 8 350 M M 8 M M
8 40 25 33 M 32 0 T M M 3.1 13 120 M M 9 M M
9 47 38 43 M 22 0 0.00 M M 10.8 16 120 M M 7 20 130
10 54 39 47 M 18 0 0.67 M M 12.5 20 120 M M 9 1 25 120
11 39 30 35 M 30 0 0.61 M M 6.7 16 290 M M 10 1 22 290
12 38 28 33 M 32 0 T M M 6.3 10 230 M M 7 18 230
13 38 25 32 M 33 0 T M M 9.6 13 280 M M 7 25 280
14 35 16 26 M 39 0 0.00 M M 3.9 9 310 M M 2 M M
15 47 31 39 M 26 0 0.00 M M 5.4 15 240 M M 3 18 240
16 45 31 38 M 27 0 0.00 M M 5.1 14 120 M M 3 M M
17 47 37 42 M 23 0 0.07 M M 12.8 22 150 M M 8 35 130
18 63 41 52 M 13 0 1.20 M M 12.8 25 130 M M 10 1 39 130
19 42 28 35 M 30 0 T M M 7.6 13 250 M M 10 22 230
20 35 23 29 M 36 0 0.00 M M 5.6 10 320 M M 5 17 320
21 30 15 23 M 42 0 0.00 M M 9.0 16 320 M M 4 28 310
22 32 10 21 M 44 0 0.00 M M 3.1 8 130 M M 0 M M
23 35 14 25 M 40 0 T M M 2.4 9 120 M M 6 M M
24 37 30 34 M 31 0 T M M 2.3 6 120 M M 10 M M
25 44 33 39 M 26 0 0.00 M M 3.3 10 130 M M 9 M M
26 48 28 38 M 27 0 0.00 M M 3.5 12 140 M M 5 1 M M
27 48 40 44 M 21 0 0.32 M M 3.0 9 150 M M 10 12 M M
28 47 39 43 M 22 0 0.06 M M 5.4 10 160 M M 9 12 M M
29 45 38 42 M 23 0 0.02 M M 1.3 8 240 M M 10 128 M M
30 39 28 34 M 31 0 0.13 M M 6.4 12 330 M M 10 1 M M
31 28 26 27 M 38 0 T M M 5.1 7 290 M M 10 M M
================================================================================
SM 1272 893 924 0 3.69 M 185.9 M 237
================================================================================
AV 41.0 28.8 6.0 FASTST M M 8 MAX(MPH)
MISC ----> 25 130 39 130
================================================================================
NOTES:
# LAST OF SEVERAL OCCURRENCES
COLUMN 17 PEAK WIND IN M.P.H.
PRELIMINARY LOCAL CLIMATOLOGICAL DATA (WS FORM: F-6) , PAGE 2
STATION: RUTLAND VT
MONTH: DECEMBER
YEAR: 2023
LATITUDE: 43 31 N
LONGITUDE: 72 57 W
[TEMPERATURE DATA] [PRECIPITATION DATA] SYMBOLS USED IN COLUMN 16
AVERAGE MONTHLY: 34.9 TOTAL FOR MONTH: 3.69 1 = FOG OR MIST
DPTR FM NORMAL: 0.0 DPTR FM NORMAL: M 2 = FOG REDUCING VISIBILITY
HIGHEST: 63 ON 18 GRTST 24HR 1.20 ON 18-18 TO 1/4 MILE OR LESS
LOWEST: 10 ON 22 3 = THUNDER
SNOW, ICE PELLETS, HAIL 4 = ICE PELLETS
TOTAL MONTH: M 5 = HAIL
GRTST 24HR M ON M 6 = FREEZING RAIN OR DRIZZLE
GRTST DEPTH: M ON M 7 = DUSTSTORM OR SANDSTORM:
VSBY 1/2 MILE OR LESS
8 = SMOKE OR HAZE
[NO. OF DAYS WITH] [WEATHER - DAYS WITH] 9 = BLOWING SNOW
X = TORNADO
MAX 32 OR BELOW: 5 0.01 INCH OR MORE: 11
MAX 90 OR ABOVE: 0 0.10 INCH OR MORE: 7
MIN 32 OR BELOW: 20 0.50 INCH OR MORE: 3
MIN 0 OR BELOW: 0 1.00 INCH OR MORE: 1
[HDD (BASE 65) ]
TOTAL THIS MO. 924 CLEAR (SCALE 0-3) 3
DPTR FM NORMAL M PTCLDY (SCALE 4-7) 11
TOTAL FM JUL 1 2332 CLOUDY (SCALE 8-10) 17
DPTR FM NORMAL M
[CDD (BASE 65) ]
TOTAL THIS MO. 0
DPTR FM NORMAL M [PRESSURE DATA]
TOTAL FM JAN 1 455 HIGHEST SLP M ON M
DPTR FM NORMAL M LOWEST SLP M ON M
[REMARKS]
#FINAL-12-23#