000
CXUS55 KCYS 011807 CCA
CF6RWL
PRELIMINARY LOCAL CLIMATOLOGICAL DATA (WS FORM: F-6)...CORRECTED
STATION: RAWLINS WYOMING AIRPORT
MONTH: NOVEMBER
YEAR: 2022
LATITUDE: 41 47 N
LONGITUDE: 107 12 W
TEMPERATURE IN F: :PCPN: SNOW: WIND :SUNSHINE: SKY :PK WND
================================================================================
1 2 3 4 5 6A 6B 7 8 9 10 11 12 13 14 15 16 17 18
12Z AVG MX 2MIN
DY MAX MIN AVG DEP HDD CDD WTR SNW DPTH SPD SPD DIR MIN PSBL S-S WX SPD DR
================================================================================
1 57 29 43 6 22 0 0.00 M M 15.1 35 210 M M 0 49 200
2 57 31 44 7 21 0 T M M 18.2 41 220 M M 1 57 230
3 31 4 18 -18 47 0 0.24 M M 7.4 24 350 M M 9 12 32 360
4 30 3 17 -19 48 0 T M M 21.0 37 240 M M 4 1 51 240
5 41 29 35 -1 30 0 0.01 M M 28.6 46 250 M M 8 1 65 250
6 39 28 34 -1 31 0 T M M 13.0 31 250 M M 10 44 250
7 58 33 46 11 19 0 T M M 15.4 41 200 M M 4 57 210
8 58 27 43 9 22 0 T M M 13.8 38 210 M M 0 53 220
9 57 24 41 7 24 0 0.06 M M 20.0 40 210 M M 5 12 59 200
10 25 16 21 -13 44 0 T M M 18.3 29 240 M M 7 18 40 230
11 24 11 18 -15 47 0 T M M 11.2 23 230 M M 2 1 30 230
12 37 8 23 -10 42 0 0.00 M M 5.7 18 230 M M 0 25 220
13 35 13 24 -8 41 0 0.00 M M 9.3 18 240 M M 1 25 250
14 29 8 19 -13 46 0 T M M 8.1 18 250 M M 7 128 23 250
15 27 13 20 -12 45 0 T M M 12.8 24 240 M M 7 31 240
16 30 18 24 -7 41 0 T M M 15.0 26 240 M M 7 35 230
17 23 0 12 -19 53 0 0.01 M M 8.0 23 260 M M 10 18 34 260
18 15 -14 1 -29 64 0 0.00 M M 5.1 16 230 M M 2 128 23 250
19 25 2 14 -16 51 0 0.00 M M 11.4 21 240 M M 0 27 250
20 36 17 27 -2 38 0 0.00 M M 10.1 23 230 M M 0 33 250
21 41 9 25 -4 40 0 0.00 M M 7.0 18 230 M M 0 26 240
22 42 16 29 1 36 0 0.00 M M 8.1 22 230 M M 0 31 230
23 37 24 31 3 34 0 0.01 M M 13.8 30 240 M M 6 1 42 240
24 34 16 25 -3 40 0 T M M 6.2 14 250 M M 3 1 20 250
25 44 13 29 2 36 0 0.00 M M 4.5 13 250 M M 0 18 250
26 39 26 33 6 32 0 0.05 M M 10.3 22 270 M M 4 1 29 290
27 32 18 25 -1 40 0 T M M 17.0 37 250 M M 6 1 49 250
28 32 15 24 -2 41 0 0.05 M M 15.7 31 230 M M 9 128 44 220
29 18 -2 8 -18 57 0 0.01 M M 10.8 29 280 M M 8 18 48 270
30 32 10 21 -4 44 0 0.00 M M 17.2 37 210 M M 4 53 210
================================================================================
SM 1085 445 1176 0 0.44 M 378.1 M 124
================================================================================
AV 36.2 14.8 12.6 FASTST M M 4 MAX(MPH)
MISC ----> 46 250 65 250
================================================================================
NOTES:
# LAST OF SEVERAL OCCURRENCES
COLUMN 17 PEAK WIND IN M.P.H.
PRELIMINARY LOCAL CLIMATOLOGICAL DATA (WS FORM: F-6) , PAGE 2
STATION: RAWLINS WYOMING AIRPORT
MONTH: NOVEMBER
YEAR: 2022
LATITUDE: 41 47 N
LONGITUDE: 107 12 W
[TEMPERATURE DATA] [PRECIPITATION DATA] SYMBOLS USED IN COLUMN 16
AVERAGE MONTHLY: 25.5 TOTAL FOR MONTH: 0.44 1 = FOG OR MIST
DPTR FM NORMAL: -5.8 DPTR FM NORMAL: -0.03 2 = FOG REDUCING VISIBILITY
HIGHEST: 58 ON 8, 7 GRTST 24HR 0.24 ON 2- 3 TO 1/4 MILE OR LESS
LOWEST: -14 ON 18 3 = THUNDER
SNOW, ICE PELLETS, HAIL 4 = ICE PELLETS
TOTAL MONTH: M 5 = HAIL
GRTST 24HR M ON M 6 = FREEZING RAIN OR DRIZZLE
GRTST DEPTH: M ON M 7 = DUSTSTORM OR SANDSTORM:
VSBY 1/2 MILE OR LESS
8 = SMOKE OR HAZE
[NO. OF DAYS WITH] [WEATHER - DAYS WITH] 9 = BLOWING SNOW
X = TORNADO
MAX 32 OR BELOW: 14 0.01 INCH OR MORE: 8
MAX 90 OR ABOVE: 0 0.10 INCH OR MORE: 1
MIN 32 OR BELOW: 29 0.50 INCH OR MORE: 0
MIN 0 OR BELOW: 3 1.00 INCH OR MORE: 0
[HDD (BASE 65) ]
TOTAL THIS MO. 1176 CLEAR (SCALE 0-3) 12
DPTR FM NORMAL 165 PTCLDY (SCALE 4-7) 13
TOTAL FM JUL 1 1968 CLOUDY (SCALE 8-10) 5
DPTR FM NORMAL -45
[CDD (BASE 65) ]
TOTAL THIS MO. 0
DPTR FM NORMAL 0 [PRESSURE DATA]
TOTAL FM JAN 1 438 HIGHEST SLP 30.65 ON 25
DPTR FM NORMAL 213 LOWEST SLP 29.46 ON 28
[REMARKS]
NOVEMBER 18...RECORD LOW -14 DEGREES (PREVIOUS -11 DEGREES IN 1971)
NOVEMBER 18...RECORD LOW HIGH 15 DEGREES (PREVIOUS 16 DEGREES 1971)
MONTHLY MEAN TEMPERATURE 25.5 DEGREES WAS 6TH COLDEST FOR NOVEMBER
#FINAL-11-22#