000
CXUS55 KCYS 011052 RRA
CF6RWL
PRELIMINARY LOCAL CLIMATOLOGICAL DATA (WS FORM: F-6) ...CORRECTED...
STATION: RAWLINS WYOMING AIRPORT
MONTH: OCTOBER
YEAR: 2020
LATITUDE: 41 47 N
LONGITUDE: 107 12 W
TEMPERATURE IN F: :PCPN: SNOW: WIND :SUNSHINE: SKY :PK WND
================================================================================
1 2 3 4 5 6A 6B 7 8 9 10 11 12 13 14 15 16 17 18
12Z AVG MX 2MIN
DY MAX MIN AVG DEP HDD CDD WTR SNW DPTH SPD SPD DIR MIN PSBL S-S WX SPD DR
================================================================================
1 68 30 49 0 16 0 0.00 M M 6.3 16 250 M M 0 22 280
2 72 39 56 8 9 0 0.00 M M 7.8 20 350 M M 0 26 350
3 67 31 49 1 16 0 0.00 M M 5.6 16 320 M M 0 20 350
4 75 30 53 5 12 0 0.00 M M 11.2 29 270 M M 0 39 260
5 74 51 63 16 2 0 0.00 M M 13.5 26 250 M M 0 35 240
6 75 38 57 10 8 0 0.00 M M 12.9 23 230 M M 0 37 240
7 76 31 54 7 11 0 0.00 M M 4.6 18 260 M M 0 26 250
8 77 28 53 7 12 0 0.00 M M 8.1 24 220 M M 0 33 230
9 76 44 60 14 5 0 0.00 M M 6.3 21 230 M M 0 28 260
10 75 33 54 8 11 0 0.00 M M 13.3 32 230 M M 2 47 210
11 63 37 50 5 15 0 0.04 M M 25.1 38 250 M M 5 1 49 250
12 61 36 49 4 16 0 T M M 26.4 43 260 M M 1 62 260
13 69 41 55 11 10 0 0.00 M M 22.7 43 260 M M 0 8 58 260
14 59 27 43 -1 22 0 0.00 M M 25.4 47 280 M M 2 8 64 290
15 47 21 34 -10 31 0 0.00 M M 12.0 28 280 M M 1 40 290
16 59 25 42 -1 23 0 0.00 M M 28.4 49 250 M M 0 64 260
17 60 47 54 11 11 0 0.00 M M 28.1 46 250 M M 2 64 250
18 62 45 54 11 11 0 0.00 M M 23.1 39 270 M M 2 53 260
19 63 48 56 14 9 0 0.00 M M 25.5 38 240 M M 0 54 260
20 59 46 53 11 12 0 0.00 M M 23.8 39 250 M M 2 55 260
21 66 46 56 14 9 0 0.00 M M 21.4 38 240 M M 1 53 240
22 48 17 33 -8 32 0 T M M 8.7 24 340 M M 8 1 29 340
23 38 8 23 -18 42 0 0.00 M M 9.3 23 240 M M 1 34 230
24 49 9 29 -11 36 0 0.21 M M 21.0 44 230 M M 8 1 59 220
25 9 0 5 -35 60 0 0.09 M M 19.4 29 50 M M 10 18 38 60
26 17 -12 3 -37 62 0 0.00 M M 5.4 14 20 M M 2 18 30
27 30 -8 11 -28 54 0 0.00 M M 3.6 17 230 M M 0 20 220
28 45 8 27 -12 38 0 0.00 M M 2.1 10 250 M M 0 12 240
29 52 18 35 -3 30 0 0.00 M M 10.4 22 240 M M 0 18 33 220
30 55 29 42 4 23 0 0.00 M M 13.9 31 230 M M 0 38 240
31 54 38 46 8 19 0 0.00 M M 14.6 28 260 M M 1 36 240
================================================================================
SM 1800 881 667 0 0.34 M 459.9 M 48
================================================================================
AV 58.1 28.4 14.8 FASTST M M 2 MAX(MPH)
MISC ----> # 49 250 # 64 290
================================================================================
NOTES:
# LAST OF SEVERAL OCCURRENCES
COLUMN 17 PEAK WIND IN M.P.H.
PRELIMINARY LOCAL CLIMATOLOGICAL DATA (WS FORM: F-6) , PAGE 2
STATION: RAWLINS WYOMING AIRPORT
MONTH: OCTOBER
YEAR: 2020
LATITUDE: 41 47 N
LONGITUDE: 107 12 W
[TEMPERATURE DATA] [PRECIPITATION DATA] SYMBOLS USED IN COLUMN 16
AVERAGE MONTHLY: 43.2 TOTAL FOR MONTH: 0.34 1 = FOG OR MIST
DPTR FM NORMAL: -0.1 DPTR FM NORMAL: -0.41 2 = FOG REDUCING VISIBILITY
HIGHEST: 77 ON 8 GRTST 24HR 0.21 ON 24-24 TO 1/4 MILE OR LESS
LOWEST: -12 ON 26 3 = THUNDER
SNOW, ICE PELLETS, HAIL 4 = ICE PELLETS
TOTAL MONTH: M 5 = HAIL
GRTST 24HR M ON M 6 = FREEZING RAIN OR DRIZZLE
GRTST DEPTH: M ON M 7 = DUSTSTORM OR SANDSTORM:
VSBY 1/2 MILE OR LESS
8 = SMOKE OR HAZE
[NO. OF DAYS WITH] [WEATHER - DAYS WITH] 9 = BLOWING SNOW
X = TORNADO
MAX 32 OR BELOW: 3 0.01 INCH OR MORE: 3
MAX 90 OR ABOVE: 0 0.10 INCH OR MORE: 1
MIN 32 OR BELOW: 17 0.50 INCH OR MORE: 0
MIN 0 OR BELOW: 3 1.00 INCH OR MORE: 0
[HDD (BASE 65) ]
TOTAL THIS MO. 667 CLEAR (SCALE 0-3) 27
DPTR FM NORMAL -6 PTCLDY (SCALE 4-7) 2
TOTAL FM JUL 1 972 CLOUDY (SCALE 8-10) 2
DPTR FM NORMAL -87
[CDD (BASE 65) ]
TOTAL THIS MO. 0
DPTR FM NORMAL 0 [PRESSURE DATA]
TOTAL FM JAN 1 324 HIGHEST SLP 0.00 ON M
DPTR FM NORMAL 138 LOWEST SLP 29.47 ON 11
[REMARKS]
OCTOBER 7TH...TIED RECORD HIGH 76 DEGREES PREVIOUSLY SET IN 1979.
OCTOBER 25TH...RECORD LOW 0 DEGREES (PREVIOUS 12 DEGREES IN 1961).
OCTOBER 25TH...RECORD LOW HIGH 9 DEGREES (PREVIOUS 28 DEGREES IN
1954).
OCTOBER 26TH...RECORD LOW -12 DEGREES (PREVIOUS 12 DEGREES IN 2017).
OCTOBER 26TH...RECORD LOW HIGH 17 DEGREES (PREVIOUS 28 DEGREES IN
1954).
OCTOBER 27TH...TIED RECORD LOW -8 DEGREES PREVIOUSLY SET IN 1996).
#FINAL-10-20#