000
CXUS55 KPIH 011200
CF6RXE
PRELIMINARY LOCAL CLIMATOLOGICAL DATA (WS FORM: F-6)
STATION: REXBURG
MONTH: DECEMBER
YEAR: 2021
LATITUDE: 43 49 N
LONGITUDE: 111 48 W
TEMPERATURE IN F: :PCPN: SNOW: WIND :SUNSHINE: SKY :PK WND
================================================================================
1 2 3 4 5 6A 6B 7 8 9 10 11 12 13 14 15 16 17 18
12Z AVG MX 2MIN
DY MAX MIN AVG DEP HDD CDD WTR SNW DPTH SPD SPD DIR MIN PSBL S-S WX SPD DR
================================================================================
1 47 29 38 12 27 0 0.00 M M 1.1 8 200 M M 7 12 260
2 52 29 41 16 24 0 0.00 M M 1.4 8 200 M M 1 1 12 200
3 47 27 37 12 28 0 0.00 M M 4.2 14 220 M M 4 1 19 220
4 51 26 39 14 26 0 0.00 M M 6.5 26 200 M M 2 1 41 200
5 49 28 39 15 26 0 0.00 M M 10.2 21 210 M M 1 32 210
6 33 28 31 7 34 0 0.02 M M 9.3 17 200 M M 8 16 25 220
7 32 26 29 5 36 0 0.01 M M 3.7 8 240 M M 10 16 12 270
8 42 32 37 14 28 0 0.00 M M 7.5 22 210 M M 8 18 35 210
9 32 22 27 4 38 0 T M M 10.4 22 200 M M 7 1 29 200
10 27 17 22 -1 43 0 0.02 M M 9.6 17 200 M M 5 1 24 200
11 32 22 27 5 38 0 0.00 M M 12.7 22 190 M M 8 32 190
12 38 30 34 12 31 0 T M M 13.8 23 190 M M 10 1 35 190
13 45 33 39 17 26 0 0.05 M M 8.4 23 200 M M 9 1 34 210
14 43 29 36 14 29 0 0.20 M M 8.6 26 200 M M 10 1 39 210
15 29 19 24 3 41 0 0.11 M M 13.1 22 200 M M 8 18 32 200
16 27 21 24 3 41 0 0.11 M M 7.7 15 230 M M 10 128 23 220
17 26 2 14 -7 51 0 T M M 5.1 18 230 M M 5 18 28 220
18 29 11 20 -1 45 0 0.00 M M 3.1 8 30 M M 8 10 20
19 29 9 19 -2 46 0 0.00 M M 3.2 9 60 M M 5 11 60
20 36 23 30 9 35 0 0.00 M M 2.3 13 230 M M 8 1 18 220
21 36 17 27 7 38 0 0.00 M M 3.7 14 200 M M 2 21 200
22 35 16 26 6 39 0 0.00 M M 3.5 15 190 M M 7 23 200
23 37 24 31 11 34 0 0.13 M M 15.0 30 210 M M 10 18 46 200
24 36 27 32 12 33 0 0.01 M M 15.7 28 210 M M 10 12 43 210
25 35 26 31 11 34 0 T M M 12.9 28 210 M M 8 18 42 190
26 36 20 28 8 37 0 0.01 M M 18.1 32 210 M M 8 18 50 210
27 27 15 21 1 44 0 T M M 14.0 26 240 M M 9 18 36 240
28 17 11 14 -6 51 0 0.01 M M 12.5 21 220 M M 10 18 30 210
29 19 9 14 -6 51 0 0.34 M M 2.6 10 230 M M 10 1 14 240
30 24 9 17 -3 48 0 0.01 M M 14.4 26 200 M M 10 18 39 190
31 22 0 11 -9 54 0 0.06 M M 5.3 15 230 M M 10 1 21 240
================================================================================
SM 1070 637 1156 0 1.09 M 259.6 M 228
================================================================================
AV 34.5 20.5 8.4 FASTST M M 7 MAX(MPH)
MISC ----> 32 210 50 210
================================================================================
NOTES:
# LAST OF SEVERAL OCCURRENCES
COLUMN 17 PEAK WIND IN M.P.H.
PRELIMINARY LOCAL CLIMATOLOGICAL DATA (WS FORM: F-6) , PAGE 2
STATION: REXBURG
MONTH: DECEMBER
YEAR: 2021
LATITUDE: 43 49 N
LONGITUDE: 111 48 W
[TEMPERATURE DATA] [PRECIPITATION DATA] SYMBOLS USED IN COLUMN 16
AVERAGE MONTHLY: 27.5 TOTAL FOR MONTH: 1.09 1 = FOG OR MIST
DPTR FM NORMAL: 5.7 DPTR FM NORMAL: 0.10 2 = FOG REDUCING VISIBILITY
HIGHEST: 52 ON 2 GRTST 24HR 0.35 ON 28-29 TO 1/4 MILE OR LESS
LOWEST: 0 ON 31 3 = THUNDER
SNOW, ICE PELLETS, HAIL 4 = ICE PELLETS
TOTAL MONTH: M 5 = HAIL
GRTST 24HR M ON M 6 = FREEZING RAIN OR DRIZZLE
GRTST DEPTH: M ON M 7 = DUSTSTORM OR SANDSTORM:
VSBY 1/2 MILE OR LESS
8 = SMOKE OR HAZE
[NO. OF DAYS WITH] [WEATHER - DAYS WITH] 9 = BLOWING SNOW
X = TORNADO
MAX 32 OR BELOW: 14 0.01 INCH OR MORE: 14
MAX 90 OR ABOVE: 0 0.10 INCH OR MORE: 5
MIN 32 OR BELOW: 30 0.50 INCH OR MORE: 0
MIN 0 OR BELOW: 1 1.00 INCH OR MORE: 0
[HDD (BASE 65) ]
TOTAL THIS MO. 1156 CLEAR (SCALE 0-3) 4
DPTR FM NORMAL -183 PTCLDY (SCALE 4-7) 12
TOTAL FM JUL 1 2750 CLOUDY (SCALE 8-10) 15
DPTR FM NORMAL -505
[CDD (BASE 65) ]
TOTAL THIS MO. 0
DPTR FM NORMAL 0 [PRESSURE DATA]
TOTAL FM JAN 1 510 HIGHEST SLP 30.58 ON 17
DPTR FM NORMAL 253 LOWEST SLP 29.30 ON 26
[REMARKS]
#FINAL-12-21#