000
CXUS55 KPIH 011200
CF6RXE
PRELIMINARY LOCAL CLIMATOLOGICAL DATA (WS FORM: F-6)
STATION: REXBURG ID
MONTH: FEBRUARY
YEAR: 2021
LATITUDE: 43 49 N
LONGITUDE: 111 48 W
TEMPERATURE IN F: :PCPN: SNOW: WIND :SUNSHINE: SKY :PK WND
================================================================================
1 2 3 4 5 6A 6B 7 8 9 10 11 12 13 14 15 16 17 18
12Z AVG MX 2MIN
DY MAX MIN AVG DEP HDD CDD WTR SNW DPTH SPD SPD DIR MIN PSBL S-S WX SPD DR
================================================================================
1 34 8 21 1 44 0 0.00 M M 2.6 8 70 M M 3 8 10 60
2 42 22 32 12 33 0 0.00 M M 5.1 17 180 M M 6 18 26 170
3 35 25 30 10 35 0 0.08 M M 13.4 28 220 M M 8 12 39 210
4 28 17 23 3 42 0 T M M 9.3 18 200 M M 9 1 27 210
5 33 23 28 8 37 0 T M M 8.6 17 220 M M 5 1 26 220
6 37 24 31 11 34 0 0.00 M M 11.8 24 210 M M 5 36 230
7 36 11 24 4 41 0 0.00 M M 9.3 18 220 M M 0 25 220
8 32 3 18 -2 47 0 0.00 M M 4.5 13 240 M M 0 18 210
9 26 5 16 -4 49 0 0.00 M M 3.2 12 260 M M 0 17 240
10 29 -2 14 -7 51 0 0.00 M M 3.1 10 210 M M 4 14 200
11 27 2 15 -6 50 0 0.00 M M 3.8 8 40 M M 4 1 13 30
12 21 7 14 -7 51 0 0.04 M M 9.4 16 40 M M 10 168 22 40
13 24 8 16 -5 49 0 0.05 M M 8.1 14 40 M M 10 18 20 10
14 17 2 10 -12 55 0 T M M 4.6 10 70 M M 9 18 15 70
15 25 15 20 -2 45 0 0.19 M M 2.8 6 70 M M 10 1 8 70
16 29 20 25 3 40 0 T M M 4.0 12 210 M M 10 1 16 200
17 28 15 22 0 43 0 0.00 M M 7.1 14 230 M M 8 17 230
18 24 15 20 -3 45 0 T M M 4.8 14 230 M M 9 1 19 210
19 33 22 28 5 37 0 0.04 M M 8.1 16 190 M M 10 1 23 180
20 34 21 28 4 37 0 0.26 M M 6.9 21 220 M M 8 12 33 210
21 30 15 23 -1 42 0 0.00 M M 12.9 20 200 M M 9 1 29 200
22 39 25 32 8 33 0 0.00 M M 14.5 24 200 M M 9 39 190
23 38 11 25 0 40 0 T M M 9.2 31 210 M M 5 51 220
24 32 1 17 -8 48 0 0.00 M M 3.9 10 50 M M 1 14 50
25 28 -6 11 -15 54 0 T M M 7.8 21 230 M M 7 28 230
26 30 19 25 -1 40 0 0.01 M M 12.6 24 210 M M 10 1 37 210
27 29 5 17 -9 48 0 0.00 M M 7.5 16 230 M M 5 22 220
28 29 0 15 -12 50 0 0.00 M M 4.1 14 230 M M 6 1 18 220
================================================================================
SM 849 333 1220 0 0.67 M 203.0 M 180
================================================================================
AV 30.3 11.9 7.3 FASTST M M 6 MAX(MPH)
MISC ----> 31 210 51 220
================================================================================
NOTES:
# LAST OF SEVERAL OCCURRENCES
COLUMN 17 PEAK WIND IN M.P.H.
PRELIMINARY LOCAL CLIMATOLOGICAL DATA (WS FORM: F-6) , PAGE 2
STATION: REXBURG ID
MONTH: FEBRUARY
YEAR: 2021
LATITUDE: 43 49 N
LONGITUDE: 111 48 W
[TEMPERATURE DATA] [PRECIPITATION DATA] SYMBOLS USED IN COLUMN 16
AVERAGE MONTHLY: 21.1 TOTAL FOR MONTH: 0.67 1 = FOG OR MIST
DPTR FM NORMAL: -1.2 DPTR FM NORMAL: -0.16 2 = FOG REDUCING VISIBILITY
HIGHEST: 42 ON 2 GRTST 24HR 0.26 ON 19-20 TO 1/4 MILE OR LESS
LOWEST: -6 ON 25 3 = THUNDER
SNOW, ICE PELLETS, HAIL 4 = ICE PELLETS
TOTAL MONTH: M 5 = HAIL
GRTST 24HR M ON M 6 = FREEZING RAIN OR DRIZZLE
GRTST DEPTH: M ON M 7 = DUSTSTORM OR SANDSTORM:
VSBY 1/2 MILE OR LESS
8 = SMOKE OR HAZE
[NO. OF DAYS WITH] [WEATHER - DAYS WITH] 9 = BLOWING SNOW
X = TORNADO
MAX 32 OR BELOW: 18 0.01 INCH OR MORE: 7
MAX 90 OR ABOVE: 0 0.10 INCH OR MORE: 2
MIN 32 OR BELOW: 28 0.50 INCH OR MORE: 0
MIN 0 OR BELOW: 3 1.00 INCH OR MORE: 0
[HDD (BASE 65) ]
TOTAL THIS MO. 1220 CLEAR (SCALE 0-3) 5
DPTR FM NORMAL 24 PTCLDY (SCALE 4-7) 12
TOTAL FM JUL 1 5727 CLOUDY (SCALE 8-10) 11
DPTR FM NORMAL -246
[CDD (BASE 65) ]
TOTAL THIS MO. 0
DPTR FM NORMAL 0 [PRESSURE DATA]
TOTAL FM JAN 1 0 HIGHEST SLP 30.62 ON 25
DPTR FM NORMAL 0 LOWEST SLP 29.70 ON 16
[REMARKS]
#FINAL-02-21#