000
CXUS54 KEWX 011010
CF6RYW
PRELIMINARY LOCAL CLIMATOLOGICAL DATA (WS FORM: F-6)
STATION: LAGO VISTA
MONTH: SEPTEMBER
YEAR: 2021
LATITUDE: 30 30 N
LONGITUDE: 97 58 W
TEMPERATURE IN F: :PCPN: SNOW: WIND :SUNSHINE: SKY :PK WND
================================================================================
1 2 3 4 5 6A 6B 7 8 9 10 11 12 13 14 15 16 17 18
12Z AVG MX 2MIN
DY MAX MIN AVG DEP HDD CDD WTR SNW DPTH SPD SPD DIR MIN PSBL S-S WX SPD DR
================================================================================
1 100 75 88 M 0 23 0.00 M M 5.8 10 210 M M 3 1 17 130
2 99 75 87 M 0 22 0.00 M M 5.8 9 150 M M 3 18 150
3 99 75 87 M 0 22 0.00 M M 5.1 10 150 M M 4 21 140
4 100 75 88 M 0 23 0.00 M M 6.4 12 230 M M 2 16 200
5 103 70 87 M 0 22 0.37 M M 7.0 17 50 M M 2 3 31 50
6 98 68 83 M 0 18 0.73 M M 3.8 12 250 M M 3 3 21 60
7 97 69 83 M 0 18 0.00 M M 3.3 7 110 M M 1 M M
8 98 71 85 M 0 20 0.00 M M 5.3 12 60 M M 0 18 60
9 94 69 82 M 0 17 0.00 M M 6.9 12 40 M M 0 20 70
10 94 65 80 M 0 15 0.00 M M 4.8 9 50 M M 0 M M
11 92 65 79 M 0 14 0.00 M M 4.3 9 100 M M 0 M M
12 94 66 80 M 0 15 0.00 M M 4.7 9 120 M M 2 M M
13 91 71 81 M 0 16 0.00 M M 5.5 12 100 M M 7 20 120
14 85 68 77 M 0 12 0.00 M M 7.3 12 60 M M 6 20 60
15 91 70 81 M 0 16 0.00 M M 6.9 14 20 M M 6 18 20
16 95 68 82 M 0 17 0.00 M M 4.8 7 100 M M 2 M M
17 98 69 84 M 0 19 0.00 M M 3.5 9 80 M M 1 M M
18 98 70 84 M 0 19 0.00 M M 3.2 7 110 M M 1 M M
19 101 72 87 M 0 22 0.00 M M 3.8 7 150 M M 2 M M
20 102 74 88 M 0 23 0.00 M M 6.6 12 190 M M 0 20 160
21 97 72 85 M 0 20 0.00 M M 7.2 14 20 M M 3 1 22 10
22 85 60 73 M 0 8 0.00 M M 8.4 15 50 M M 0 23 50
23 89 57 73 M 0 8 0.00 M M 3.1 7 330 M M 0 M M
24 90 61 76 M 0 11 0.00 M M 5.0 7 150 M M 0 M M
25 92 63 78 M 0 13 0.00 M M 3.4 9 170 M M 0 M M
26 91 64 78 M 0 13 0.00 M M 5.0 10 150 M M 0 16 150
27 94 64 79 M 0 14 0.00 M M 4.7 7 150 M M 2 M M
28 97 66 82 M 0 17 0.83 M M 6.9 15 340 M M 4 3 27 340
29 92 65 79 M 0 14 0.16 M M 5.7 13 80 M M 4 3 20 80
30 93 71 82 M 0 17 0.00 M M 5.0 9 110 M M 7 23 100
================================================================================
SM 2849 2048 0 508 2.09 M 159.1 M 65
================================================================================
AV 95.0 68.3 5.3 FASTST M M 2 MAX(MPH)
MISC ----> 17 50 31 50
================================================================================
NOTES:
# LAST OF SEVERAL OCCURRENCES
COLUMN 17 PEAK WIND IN M.P.H.
PRELIMINARY LOCAL CLIMATOLOGICAL DATA (WS FORM: F-6) , PAGE 2
STATION: LAGO VISTA
MONTH: SEPTEMBER
YEAR: 2021
LATITUDE: 30 30 N
LONGITUDE: 97 58 W
[TEMPERATURE DATA] [PRECIPITATION DATA] SYMBOLS USED IN COLUMN 16
AVERAGE MONTHLY: 81.6 TOTAL FOR MONTH: 2.09 1 = FOG OR MIST
DPTR FM NORMAL: 0.0 DPTR FM NORMAL: M 2 = FOG REDUCING VISIBILITY
HIGHEST: 103 ON 5 GRTST 24HR 0.83 ON 28-28 TO 1/4 MILE OR LESS
LOWEST: 57 ON 23 3 = THUNDER
SNOW, ICE PELLETS, HAIL 4 = ICE PELLETS
TOTAL MONTH: M 5 = HAIL
GRTST 24HR M ON M 6 = FREEZING RAIN OR DRIZZLE
GRTST DEPTH: M ON M 7 = DUSTSTORM OR SANDSTORM:
VSBY 1/2 MILE OR LESS
8 = SMOKE OR HAZE
[NO. OF DAYS WITH] [WEATHER - DAYS WITH] 9 = BLOWING SNOW
X = TORNADO
MAX 32 OR BELOW: 0 0.01 INCH OR MORE: 4
MAX 90 OR ABOVE: 27 0.10 INCH OR MORE: 4
MIN 32 OR BELOW: 0 0.50 INCH OR MORE: 2
MIN 0 OR BELOW: 0 1.00 INCH OR MORE: 0
[HDD (BASE 65) ]
TOTAL THIS MO. 0 CLEAR (SCALE 0-3) 22
DPTR FM NORMAL M PTCLDY (SCALE 4-7) 8
TOTAL FM JUL 1 0 CLOUDY (SCALE 8-10) 0
DPTR FM NORMAL M
[CDD (BASE 65) ]
TOTAL THIS MO. 508
DPTR FM NORMAL M [PRESSURE DATA]
TOTAL FM JAN 1 2641 HIGHEST SLP M ON M
DPTR FM NORMAL M LOWEST SLP M ON M
[REMARKS]
#FINAL-09-21#