000
CXUS55 KTWC 010855
CF6SAD
PRELIMINARY LOCAL CLIMATOLOGICAL DATA (WS FORM: F-6)
STATION: SAFFORD AZ AIRPORT
MONTH: JANUARY
YEAR: 2023
LATITUDE: 32 50 N
LONGITUDE: 109 38 W
TEMPERATURE IN F: :PCPN: SNOW: WIND :SUNSHINE: SKY :PK WND
================================================================================
1 2 3 4 5 6A 6B 7 8 9 10 11 12 13 14 15 16 17 18
12Z AVG MX 2MIN
DY MAX MIN AVG DEP HDD CDD WTR SNW DPTH SPD SPD DIR MIN PSBL S-S WX SPD DR
================================================================================
1 61 42 52 6 13 0 0.32 M M 10.7 26 330 M M 5 1 37 310
2 49 38 44 -2 21 0 0.06 M M 7.1 17 320 M M 9 24 270
3 58 36 47 1 18 0 0.00 M M 5.3 22 300 M M 6 28 300
4 56 31 44 -2 21 0 0.00 M M 4.6 10 260 M M 1 14 260
5 57 37 47 1 18 0 0.00 M M 8.6 17 110 M M 0 23 110
6 59 38 49 3 16 0 0.00 M M 4.7 13 300 M M 0 16 320
7 65 33 49 3 16 0 0.00 M M 4.7 13 90 M M 0 18 90
8 66 38 52 6 13 0 0.00 M M 8.0 18 110 M M 0 25 110
9 67 32 50 4 15 0 0.00 M M 2.5 12 130 M M 0 16 130
10 67 33 50 4 15 0 0.00 M M 2.4 10 90 M M 0 12 90
11 63 39 51 5 14 0 0.00 M M 10.9 24 320 M M 0 35 330
12 67 31 49 2 16 0 0.00 M M 8.8 16 110 M M 0 22 110
13 68 44 56 9 9 0 0.00 M M 9.5 17 120 M M 0 24 120
14 70 42 56 9 9 0 0.00 M M 8.9 18 120 M M 0 24 120
15 57 45 51 4 14 0 0.14 M M 9.0 28 330 M M 8 1 37 330
16 50 44 47 0 18 0 0.27 M M 6.9 18 70 M M 10 1 22 70
17 54 39 47 0 18 0 0.23 M M 12.8 32 300 M M 7 1 42 300
18 53 34 44 -3 21 0 T M M 9.0 22 300 M M 4 31 310
19 54 27 41 -6 24 0 0.00 M M 4.9 15 120 M M 0 20 90
20 53 28 41 -7 24 0 0.00 M M 9.5 25 300 M M 2 35 320
21 54 25 40 -8 25 0 0.00 M M 7.3 18 300 M M 0 25 300
22 56 24 40 -8 25 0 0.00 M M 4.6 12 120 M M 0 17 120
23 43 29 36 -12 29 0 0.07 M M 9.3 24 310 M M M 1 31 320
24 52 23 38 -10 27 0 0.00 M M 10.2 22 300 M M M 33 330
25 56 26 41 -7 24 0 0.00 M M 6.6 17 300 M M M 23 290
26 55 26 41 -7 24 0 0.00 M M 5.6 14 90 M M M 19 110
27 57 22 40 -8 25 0 0.00 M M 2.7 10 30 M M M 13 110
28 60 24 42 -6 23 0 0.00 M M 3.7 10 270 M M M 15 260
29 67 25 46 -3 19 0 0.00 M M 4.5 12 80 M M M 16 70
30 68 29 49 0 16 0 0.00 M M 3.0 9 90 M M 0 M M
31 63 29 46 -3 19 0 0.00 M M 4.3 12 280 M M 0 15 270
================================================================================
SM 1825 1013 589 0 1.09 M 210.6 M 52
================================================================================
AV 58.9 32.7 6.8 FASTST M M 2 MAX(MPH)
MISC ----> 32 300 42 300
================================================================================
NOTES:
# LAST OF SEVERAL OCCURRENCES
COLUMN 17 PEAK WIND IN M.P.H.
PRELIMINARY LOCAL CLIMATOLOGICAL DATA (WS FORM: F-6) , PAGE 2
STATION: SAFFORD AZ AIRPORT
MONTH: JANUARY
YEAR: 2023
LATITUDE: 32 50 N
LONGITUDE: 109 38 W
[TEMPERATURE DATA] [PRECIPITATION DATA] SYMBOLS USED IN COLUMN 16
AVERAGE MONTHLY: 45.8 TOTAL FOR MONTH: 1.09 1 = FOG OR MIST
DPTR FM NORMAL: -1.3 DPTR FM NORMAL: 0.38 2 = FOG REDUCING VISIBILITY
HIGHEST: 70 ON 14 GRTST 24HR 0.71 ON 16-17 TO 1/4 MILE OR LESS
LOWEST: 22 ON 27 3 = THUNDER
SNOW, ICE PELLETS, HAIL 4 = ICE PELLETS
TOTAL MONTH: M 5 = HAIL
GRTST 24HR M ON M 6 = FREEZING RAIN OR DRIZZLE
GRTST DEPTH: M ON M 7 = DUSTSTORM OR SANDSTORM:
VSBY 1/2 MILE OR LESS
8 = SMOKE OR HAZE
[NO. OF DAYS WITH] [WEATHER - DAYS WITH] 9 = BLOWING SNOW
X = TORNADO
MAX 32 OR BELOW: 0 0.01 INCH OR MORE: 6
MAX 90 OR ABOVE: 0 0.10 INCH OR MORE: 4
MIN 32 OR BELOW: 16 0.50 INCH OR MORE: 0
MIN 0 OR BELOW: 0 1.00 INCH OR MORE: 0
[HDD (BASE 65) ]
TOTAL THIS MO. 589 CLEAR (SCALE 0-3) 17
DPTR FM NORMAL 36 PTCLDY (SCALE 4-7) 4
TOTAL FM JUL 1 1623 CLOUDY (SCALE 8-10) 10
DPTR FM NORMAL 162
[CDD (BASE 65) ]
TOTAL THIS MO. 0
DPTR FM NORMAL 0 [PRESSURE DATA]
TOTAL FM JAN 1 0 HIGHEST SLP M ON M
DPTR FM NORMAL 0 LOWEST SLP 29.62 ON 17
[REMARKS]
#FINAL-01-23#