000
CXUS56 KSGX 011045
CF6SAN
PRELIMINARY LOCAL CLIMATOLOGICAL DATA (WS FORM: F-6)
STATION: SAN DIEGO INTL AIRPORT CA
MONTH: APRIL
YEAR: 2023
LATITUDE: 32 43 N
LONGITUDE: 117 10 W
TEMPERATURE IN F: :PCPN: SNOW: WIND :SUNSHINE: SKY :PK WND
================================================================================
1 2 3 4 5 6A 6B 7 8 9 10 11 12 13 14 15 16 17 18
12Z AVG MX 2MIN
DY MAX MIN AVG DEP HDD CDD WTR SNW DPTH SPD SPD DIR MIN PSBL S-S WX SPD DR
================================================================================
1 66 47 57 -5 8 0 0.00 M M 4.6 15 320 M M 2 8 21 300
2 63 50 57 -5 8 0 0.00 M M 5.1 12 210 M M 6 24 200
3 63 55 59 -3 6 0 T M M 12.8 22 280 M M 6 28 300
4 62 49 56 -6 9 0 0.00 M M 8.1 21 330 M M 2 32 340
5 64 46 55 -7 10 0 0.00 M M 5.2 15 320 M M 4 21 330
6 71 46 59 -3 6 0 0.00 M M 4.0 16 320 M M 2 21 320
7 67 50 59 -3 6 0 0.00 M M 4.5 14 280 M M 5 19 280
8 66 51 59 -3 6 0 0.00 M M 6.1 15 290 M M 5 8 21 320
9 63 54 59 -3 6 0 0.00 M M 6.6 16 290 M M 7 1 20 290
10 64 53 59 -3 6 0 0.00 M M 4.4 10 270 M M 8 18 16 230
11 65 54 60 -3 5 0 0.00 M M 5.9 14 290 M M 9 18 17 280
12 60 56 58 -5 7 0 0.09 M M 8.8 14 180 M M 10 18 27 180
13 59 54 57 -6 8 0 0.01 M M 8.9 15 230 M M 9 1 30 210
14 64 56 60 -3 5 0 0.00 M M 7.0 13 270 M M 6 25 210
15 65 54 60 -3 5 0 0.00 M M 5.7 17 270 M M 5 8 25 260
16 61 56 59 -4 6 0 T M M 5.4 13 290 M M 10 8 15 300
17 63 56 60 -3 5 0 0.01 M M 4.7 12 280 M M 9 1 17 220
18 65 55 60 -3 5 0 0.01 M M 7.0 14 290 M M 7 1 26 220
19 67 53 60 -3 5 0 0.00 M M 5.9 15 280 M M 5 20 210
20 74 51 63 0 2 0 0.00 M M 4.7 17 300 M M 2 24 320
21 82 54 68 5 0 3 0.00 M M 4.7 16 320 M M 1 22 320
22 81 56 69 6 0 4 0.00 M M 4.4 9 150 M M 4 1 17 200
23 65 59 62 -2 3 0 0.00 M M 8.0 15 210 M M 8 1 26 200
24 67 59 63 -1 2 0 0.00 M M 6.9 12 210 M M 9 25 190
25 67 59 63 -1 2 0 0.00 M M 6.8 13 200 M M 9 25 190
26 70 61 66 2 0 1 0.00 M M 6.5 18 290 M M 8 18 22 290
27 67 58 63 -1 2 0 0.00 M M 6.6 15 280 M M 7 1 18 290
28 66 58 62 -2 3 0 0.00 M M 6.1 16 280 M M 9 18 19 280
29 66 58 62 -2 3 0 0.00 M M 5.7 14 280 M M 9 18 270
30 63 58 61 -3 4 0 0.00 M M 5.6 12 190 M M 10 1 20 210
================================================================================
SM 1986 1626 143 8 0.12 M 186.7 M 193
================================================================================
AV 66.2 54.2 6.2 FASTST M M 6 MAX(MPH)
MISC ----> 22 280 32 340
================================================================================
NOTES:
# LAST OF SEVERAL OCCURRENCES
COLUMN 17 PEAK WIND IN M.P.H.
PRELIMINARY LOCAL CLIMATOLOGICAL DATA (WS FORM: F-6) , PAGE 2
STATION: SAN DIEGO INTL AIRPORT CA
MONTH: APRIL
YEAR: 2023
LATITUDE: 32 43 N
LONGITUDE: 117 10 W
[TEMPERATURE DATA] [PRECIPITATION DATA] SYMBOLS USED IN COLUMN 16
AVERAGE MONTHLY: 60.2 TOTAL FOR MONTH: 0.12 1 = FOG OR MIST
DPTR FM NORMAL: -2.7 DPTR FM NORMAL: -0.53 2 = FOG REDUCING VISIBILITY
HIGHEST: 82 ON 21 GRTST 24HR 0.10 ON 12-13 TO 1/4 MILE OR LESS
LOWEST: 46 ON 6, 5 3 = THUNDER
SNOW, ICE PELLETS, HAIL 4 = ICE PELLETS
TOTAL MONTH: M 5 = HAIL
GRTST 24HR M ON M 6 = FREEZING RAIN OR DRIZZLE
GRTST DEPTH: M ON M 7 = DUSTSTORM OR SANDSTORM:
VSBY 1/2 MILE OR LESS
8 = SMOKE OR HAZE
[NO. OF DAYS WITH] [WEATHER - DAYS WITH] 9 = BLOWING SNOW
X = TORNADO
MAX 32 OR BELOW: 0 0.01 INCH OR MORE: 4
MAX 90 OR ABOVE: 0 0.10 INCH OR MORE: 0
MIN 32 OR BELOW: 0 0.50 INCH OR MORE: 0
MIN 0 OR BELOW: 0 1.00 INCH OR MORE: 0
[HDD (BASE 65) ]
TOTAL THIS MO. 143 CLEAR (SCALE 0-3) 5
DPTR FM NORMAL 58 PTCLDY (SCALE 4-7) 14
TOTAL FM JUL 1 1378 CLOUDY (SCALE 8-10) 11
DPTR FM NORMAL 444
[CDD (BASE 65) ]
TOTAL THIS MO. 8
DPTR FM NORMAL -15 [PRESSURE DATA]
TOTAL FM JAN 1 8 HIGHEST SLP 30.17 ON 1
DPTR FM NORMAL -33 LOWEST SLP 29.80 ON 23
[REMARKS]
#FINAL-04-23#