000
CXUS56 KSGX 011145
CF6SAN
PRELIMINARY LOCAL CLIMATOLOGICAL DATA (WS FORM: F-6)
STATION: SAN DIEGO INTL AIRPORT CA
MONTH: JANUARY
YEAR: 2022
LATITUDE: 32 43 N
LONGITUDE: 117 10 W
TEMPERATURE IN F: :PCPN: SNOW: WIND :SUNSHINE: SKY :PK WND
================================================================================
1 2 3 4 5 6A 6B 7 8 9 10 11 12 13 14 15 16 17 18
12Z AVG MX 2MIN
DY MAX MIN AVG DEP HDD CDD WTR SNW DPTH SPD SPD DIR MIN PSBL S-S WX SPD DR
================================================================================
1 64 53 59 1 6 0 0.00 M M 3.4 9 320 M M 3 9 320
2 67 45 56 -2 9 0 0.00 M M 2.8 12 290 M M 0 15 310
3 60 38 49 -9 16 0 0.00 M M 2.6 13 290 M M 1 17 300
4 60 40 50 -8 15 0 0.00 M M 2.8 12 280 M M 2 15 280
5 65 42 54 -4 11 0 T M M 2.0 10 300 M M 3 13 310
6 65 44 55 -3 10 0 0.00 M M 1.9 10 280 M M 3 1 13 220
7 59 50 55 -3 10 0 0.00 M M 5.3 13 140 M M 9 128 20 190
8 61 49 55 -3 10 0 T M M 3.3 10 230 M M 8 1 14 160
9 69 44 57 -1 8 0 0.00 M M 1.4 10 280 M M 1 14 270
10 72 45 59 1 6 0 0.00 M M 2.1 9 310 M M 6 12 300
11 76 47 62 4 3 0 0.00 M M 2.3 9 320 M M 5 12 260
12 74 47 61 3 4 0 0.00 M M 2.1 9 280 M M 8 11 320
13 72 50 61 3 4 0 0.00 M M 1.8 9 320 M M 8 13 320
14 70 54 62 4 3 0 0.00 M M 3.5 9 310 M M 8 1 15 290
15 70 52 61 3 4 0 0.03 M M 3.0 15 110 M M 8 1 18 110
16 67 55 61 3 4 0 0.00 M M 3.0 7 160 M M 7 16 170
17 66 55 61 3 4 0 0.13 M M 3.0 9 220 M M 8 1 18 210
18 63 55 59 1 6 0 0.00 M M 3.7 12 320 M M 8 14 330
19 64 52 58 0 7 0 0.00 M M 4.0 15 280 M M 6 1 18 310
20 68 47 58 -1 7 0 0.00 M M 3.5 14 310 M M 1 18 19 320
21 62 45 54 -5 11 0 0.00 M M 2.8 10 210 M M 3 1 19 210
22 69 46 58 -1 7 0 0.00 M M 2.8 13 280 M M 2 16 240
23 70 45 58 -1 7 0 0.00 M M 3.3 14 300 M M 0 20 310
24 66 45 56 -3 9 0 0.00 M M 3.7 12 200 M M 2 21 200
25 62 47 55 -4 10 0 0.00 M M 3.6 12 210 M M 5 22 170
26 67 47 57 -2 8 0 0.00 M M 3.9 14 280 M M 6 1 16 290
27 70 42 56 -3 9 0 0.00 M M 2.6 12 310 M M 2 15 310
28 77 43 60 1 5 0 0.00 M M 2.5 12 270 M M 4 17 200
29 69 45 57 -2 8 0 0.00 M M 2.3 10 320 M M 6 13 310
30 67 42 55 -4 10 0 0.00 M M 2.9 13 270 M M 1 22 210
31 62 43 53 -6 12 0 0.00 M M 3.5 10 140 M M 5 18 200
================================================================================
SM 2073 1454 243 0 0.16 M 91.4 M 139
================================================================================
AV 66.9 46.9 2.9 FASTST M M 4 MAX(MPH)
MISC ----> # 15 110 # 22 170
================================================================================
NOTES:
# LAST OF SEVERAL OCCURRENCES
COLUMN 17 PEAK WIND IN M.P.H.
PRELIMINARY LOCAL CLIMATOLOGICAL DATA (WS FORM: F-6) , PAGE 2
STATION: SAN DIEGO INTL AIRPORT CA
MONTH: JANUARY
YEAR: 2022
LATITUDE: 32 43 N
LONGITUDE: 117 10 W
[TEMPERATURE DATA] [PRECIPITATION DATA] SYMBOLS USED IN COLUMN 16
AVERAGE MONTHLY: 56.9 TOTAL FOR MONTH: 0.16 1 = FOG OR MIST
DPTR FM NORMAL: -1.5 DPTR FM NORMAL: -1.82 2 = FOG REDUCING VISIBILITY
HIGHEST: 77 ON 28 GRTST 24HR 0.13 ON 17-17 TO 1/4 MILE OR LESS
LOWEST: 38 ON 3 3 = THUNDER
SNOW, ICE PELLETS, HAIL 4 = ICE PELLETS
TOTAL MONTH: M 5 = HAIL
GRTST 24HR M ON M 6 = FREEZING RAIN OR DRIZZLE
GRTST DEPTH: M ON M 7 = DUSTSTORM OR SANDSTORM:
VSBY 1/2 MILE OR LESS
8 = SMOKE OR HAZE
[NO. OF DAYS WITH] [WEATHER - DAYS WITH] 9 = BLOWING SNOW
X = TORNADO
MAX 32 OR BELOW: 0 0.01 INCH OR MORE: 2
MAX 90 OR ABOVE: 0 0.10 INCH OR MORE: 1
MIN 32 OR BELOW: 0 0.50 INCH OR MORE: 0
MIN 0 OR BELOW: 0 1.00 INCH OR MORE: 0
[HDD (BASE 65) ]
TOTAL THIS MO. 243 CLEAR (SCALE 0-3) 12
DPTR FM NORMAL 34 PTCLDY (SCALE 4-7) 17
TOTAL FM JUL 1 603 CLOUDY (SCALE 8-10) 2
DPTR FM NORMAL 71
[CDD (BASE 65) ]
TOTAL THIS MO. 0
DPTR FM NORMAL -3 [PRESSURE DATA]
TOTAL FM JAN 1 0 HIGHEST SLP 30.32 ON 10
DPTR FM NORMAL -3 LOWEST SLP 29.91 ON 7
[REMARKS]
#FINAL-01-22#