000
CXUS54 KEWX 011010
CF6SAT
PRELIMINARY LOCAL CLIMATOLOGICAL DATA (WS FORM: F-6)
STATION: SAN ANTONIO
MONTH: JULY
YEAR: 2021
LATITUDE: 29 31 N
LONGITUDE: 98 28 W
TEMPERATURE IN F: :PCPN: SNOW: WIND :SUNSHINE: SKY :PK WND
================================================================================
1 2 3 4 5 6A 6B 7 8 9 10 11 12 13 14 15 16 17 18
12Z AVG MX 2MIN
DY MAX MIN AVG DEP HDD CDD WTR SNW DPTH SPD SPD DIR MIN PSBL S-S WX SPD DR
================================================================================
1 93 75 84 0 0 19 0.00 0.0 0 4.9 14 160 M M 5 18 170
2 93 75 84 0 0 19 0.00 0.0 0 5.5 15 120 M M 5 23 150
3 95 76 86 2 0 21 0.17 0.0 0 6.0 23 60 M M 7 3 30 50
4 92 76 84 0 0 19 0.05 0.0 0 6.3 20 90 M M 9 1 27 90
5 91 75 83 -1 0 18 0.32 0.0 0 6.7 26 90 M M 9 13 33 90
6 84 74 79 -5 0 14 0.84 0.0 0 8.8 22 120 M M 9 13 26 110
7 84 73 79 -5 0 14 0.01 0.0 0 9.6 20 90 M M 8 1 26 110
8 86 74 80 -4 0 15 0.02 0.0 M 9.8 18 60 M M 9 1 28 70
9 79 73 76 -8 0 11 1.16 0.0 M 9.3 22 130 M M 10 1 28 120
10 85 73 79 -5 0 14 0.12 0.0 0 5.7 25 170 M M 9 13 33 180
11 89 74 82 -2 0 17 0.00 0.0 0 8.0 18 150 M M 8 1 30 180
12 90 74 82 -2 0 17 0.00 0.0 0 8.6 17 60 M M 8 26 50
13 89 73 81 -3 0 16 T 0.0 M 5.5 30 160 M M 8 3 38 130
14 89 72 81 -4 0 16 0.10 0.0 M 6.6 35 130 M M 8 13 44 140
15 90 74 82 -3 0 17 0.00 0.0 0 10.3 20 160 M M 6 26 140
16 90 75 83 -2 0 18 0.00 0.0 0 13.3 21 140 M M 7 27 160
17 91 77 84 -1 0 19 0.00 0.0 0 12.2 20 160 M M 6 27 160
18 92 75 84 -1 0 19 0.00 0.0 0 6.7 15 160 M M 7 23 160
19 94 73 84 -1 0 19 1.02 0.0 0 6.9 35 360 M M 7 13 46 360
20 90 73 82 -3 0 17 T 0.0 0 6.4 18 350 M M 6 23 350
21 89 73 81 -4 0 16 T 0.0 0 5.4 23 140 M M 7 29 140
22 87 71 79 -6 0 14 0.57 0.0 0 4.9 32 150 M M 6 13 43 140
23 90 74 82 -3 0 17 0.00 0.0 0 12.6 21 160 M M 6 1 29 160
24 92 75 84 -2 0 19 0.00 0.0 0 11.6 20 150 M M 4 32 140
25 93 74 84 -2 0 19 0.00 0.0 0 8.2 16 140 M M 2 21 140
26 94 76 85 -1 0 20 0.00 0.0 0 7.3 14 210 M M 3 18 220
27 94 74 84 -2 0 19 0.00 0.0 0 6.1 13 130 M M 6 17 180
28 93 75 84 -2 0 19 0.00 0.0 0 6.3 16 120 M M 4 20 120
29 95 75 85 -1 0 20 T 0.0 0 5.5 25 60 M M 3 3 39 50
30 95 73 84 -2 0 19 0.00 0.0 0 5.2 16 120 M M 3 20 120
31 96 76 86 0 0 21 0.00 0.0 0 7.3 18 150 M M 4 24 160
================================================================================
SM 2804 2300 0 542 4.38 0.0 237.5 M 199
================================================================================
AV 90.5 74.2 7.7 FASTST M M 6 MAX(MPH)
MISC ----> # 35 130 46 360
================================================================================
NOTES:
# LAST OF SEVERAL OCCURRENCES
COLUMN 17 PEAK WIND IN M.P.H.
PRELIMINARY LOCAL CLIMATOLOGICAL DATA (WS FORM: F-6) , PAGE 2
STATION: SAN ANTONIO
MONTH: JULY
YEAR: 2021
LATITUDE: 29 31 N
LONGITUDE: 98 28 W
[TEMPERATURE DATA] [PRECIPITATION DATA] SYMBOLS USED IN COLUMN 16
AVERAGE MONTHLY: 82.3 TOTAL FOR MONTH: 4.38 1 = FOG OR MIST
DPTR FM NORMAL: -2.5 DPTR FM NORMAL: 1.97 2 = FOG REDUCING VISIBILITY
HIGHEST: 96 ON 31 GRTST 24HR 1.18 ON 8- 9 TO 1/4 MILE OR LESS
LOWEST: 71 ON 22 3 = THUNDER
SNOW, ICE PELLETS, HAIL 4 = ICE PELLETS
TOTAL MONTH: 0.0 INCH 5 = HAIL
GRTST 24HR 0.0 6 = FREEZING RAIN OR DRIZZLE
GRTST DEPTH: 0 7 = DUSTSTORM OR SANDSTORM:
VSBY 1/2 MILE OR LESS
8 = SMOKE OR HAZE
[NO. OF DAYS WITH] [WEATHER - DAYS WITH] 9 = BLOWING SNOW
X = TORNADO
MAX 32 OR BELOW: 0 0.01 INCH OR MORE: 11
MAX 90 OR ABOVE: 21 0.10 INCH OR MORE: 8
MIN 32 OR BELOW: 0 0.50 INCH OR MORE: 4
MIN 0 OR BELOW: 0 1.00 INCH OR MORE: 2
[HDD (BASE 65) ]
TOTAL THIS MO. 0 CLEAR (SCALE 0-3) 2
DPTR FM NORMAL 0 PTCLDY (SCALE 4-7) 20
TOTAL FM JUL 1 0 CLOUDY (SCALE 8-10) 9
DPTR FM NORMAL 0
[CDD (BASE 65) ]
TOTAL THIS MO. 542
DPTR FM NORMAL -72 [PRESSURE DATA]
TOTAL FM JAN 1 1700 HIGHEST SLP 30.16 ON 14
DPTR FM NORMAL -65 LOWEST SLP 29.81 ON 5
[REMARKS]
#FINAL-07-21#