000
CXUS52 KCHS 011436
CF6SAV
PRELIMINARY LOCAL CLIMATOLOGICAL DATA (WS FORM: F-6)
STATION: SAVANNAH GA
MONTH: MAY
YEAR: 2023
LATITUDE: 32 7 N
LONGITUDE: 81 12 W
TEMPERATURE IN F: :PCPN: SNOW: WIND :SUNSHINE: SKY :PK WND
================================================================================
1 2 3 4 5 6A 6B 7 8 9 10 11 12 13 14 15 16 17 18
12Z AVG MX 2MIN
DY MAX MIN AVG DEP HDD CDD WTR SNW DPTH SPD SPD DIR MIN PSBL S-S WX SPD DR
================================================================================
1 79 53 66 -4 0 1 0.00 0.0 0 11.0 32 250 M M 2 40 270
2 80 51 66 -5 0 1 0.00 0.0 0 12.0 30 260 M M 0 39 270
3 77 51 64 -7 1 0 0.00 0.0 0 11.6 28 310 M M 1 34 300
4 76 49 63 -8 2 0 0.00 0.0 0 5.2 15 130 M M 3 19 150
5 76 54 65 -7 0 0 T 0.0 0 5.3 17 100 M M 8 20 100
6 75 63 69 -3 0 4 0.04 0.0 0 6.0 16 110 M M 9 21 110
7 81 58 70 -2 0 5 0.00 0.0 0 7.8 20 160 M M 4 1 25 160
8 89 65 77 5 0 12 0.00 0.0 0 9.8 18 250 M M 5 8 23 250
9 90 69 80 8 0 15 0.00 0.0 0 8.2 17 250 M M 5 22 250
10 82 68 75 2 0 10 0.00 0.0 0 8.5 17 70 M M 4 22 100
11 86 62 74 1 0 9 0.00 0.0 0 10.1 20 110 M M 6 1 24 120
12 85 68 77 4 0 12 0.00 0.0 0 9.2 20 110 M M 6 25 140
13 83 66 75 2 0 10 T 0.0 0 5.9 16 120 M M 7 20 150
14 89 67 78 4 0 13 0.24 0.0 0 5.1 20 100 M M 5 1 23 80
15 82 68 75 1 0 10 T 0.0 0 9.2 17 110 M M 6 1 24 90
16 90 64 77 3 0 12 0.00 0.0 0 6.3 18 190 M M 3 1 23 190
17 91 69 80 6 0 15 0.15 0.0 0 8.5 22 10 M M 6 27 260
18 82 67 75 0 0 10 1.39 0.0 0 7.3 21 50 M M 8 138 26 50
19 76 65 71 -4 0 6 0.01 0.0 0 7.5 13 20 M M 10 18 16 10
20 81 66 74 -1 0 9 0.00 0.0 0 5.1 12 290 M M 8 15 300
21 80 68 74 -1 0 9 1.13 0.0 0 6.1 17 110 M M 7 18 21 100
22 78 70 74 -2 0 9 T 0.0 0 9.5 17 100 M M 9 22 100
23 79 67 73 -3 0 8 T 0.0 0 9.2 18 90 M M 8 25 90
24 83 63 73 -3 0 8 T 0.0 0 6.9 15 20 M M 6 21 40
25 83 57 70 -6 0 5 T 0.0 0 8.5 20 50 M M 5 8 25 60
26 69 61 65 -11 0 0 T 0.0 0 15.3 25 30 M M 9 36 40
27 61 53 57 -20 8 0 1.38 0.0 0 17.0 25 360 M M 9 1 38 10
28 68 59 64 -13 1 0 T 0.0 0 8.1 16 260 M M 9 1 20 260
29 84 55 70 -7 0 5 0.00 0.0 0 5.0 14 300 M M 5 1 18 290
30 84 63 74 -3 0 9 0.00 0.0 0 8.0 20 120 M M 7 1 23 110
31 83 66 75 -2 0 10 0.00 0.0 0 8.5 18 110 M M 6 1 25 120
================================================================================
SM 2502 1925 12 217 4.34 0.0 261.7 M 186
================================================================================
AV 80.7 62.1 8.4 FASTST M M 6 MAX(MPH)
MISC ----> 32 250 40 270
================================================================================
NOTES:
# LAST OF SEVERAL OCCURRENCES
COLUMN 17 PEAK WIND IN M.P.H.
PRELIMINARY LOCAL CLIMATOLOGICAL DATA (WS FORM: F-6) , PAGE 2
STATION: SAVANNAH GA
MONTH: MAY
YEAR: 2023
LATITUDE: 32 7 N
LONGITUDE: 81 12 W
[TEMPERATURE DATA] [PRECIPITATION DATA] SYMBOLS USED IN COLUMN 16
AVERAGE MONTHLY: 71.4 TOTAL FOR MONTH: 4.34 1 = FOG OR MIST
DPTR FM NORMAL: -2.7 DPTR FM NORMAL: 0.72 2 = FOG REDUCING VISIBILITY
HIGHEST: 91 ON 17 GRTST 24HR 1.40 ON 18-19 TO 1/4 MILE OR LESS
LOWEST: 49 ON 4 3 = THUNDER
SNOW, ICE PELLETS, HAIL 4 = ICE PELLETS
TOTAL MONTH: 0.0 INCH 5 = HAIL
GRTST 24HR 0.0 6 = FREEZING RAIN OR DRIZZLE
GRTST DEPTH: 0 7 = DUSTSTORM OR SANDSTORM:
VSBY 1/2 MILE OR LESS
8 = SMOKE OR HAZE
[NO. OF DAYS WITH] [WEATHER - DAYS WITH] 9 = BLOWING SNOW
X = TORNADO
MAX 32 OR BELOW: 0 0.01 INCH OR MORE: 7
MAX 90 OR ABOVE: 3 0.10 INCH OR MORE: 5
MIN 32 OR BELOW: 0 0.50 INCH OR MORE: 3
MIN 0 OR BELOW: 0 1.00 INCH OR MORE: 3
[HDD (BASE 65) ]
TOTAL THIS MO. 12 CLEAR (SCALE 0-3) 3
DPTR FM NORMAL 5 PTCLDY (SCALE 4-7) 21
TOTAL FM JUL 1 1211 CLOUDY (SCALE 8-10) 7
DPTR FM NORMAL -459
[CDD (BASE 65) ]
TOTAL THIS MO. 217
DPTR FM NORMAL -70 [PRESSURE DATA]
TOTAL FM JAN 1 547 HIGHEST SLP 30.26 ON 6
DPTR FM NORMAL 86 LOWEST SLP 29.63 ON 1
[REMARKS]
#FINAL-05-23#