000
CXUS52 KCHS 010831
CLMSAV
CLIMATE REPORT
NATIONAL WEATHER SERVICE CHARLESTON SC
423 AM EDT MON MAY 01 2023
...................................
...THE SAVANNAH GA CLIMATE SUMMARY FOR THE MONTH OF APRIL 2023...
CLIMATE NORMAL PERIOD 1991 TO 2020
CLIMATE RECORD PERIOD 1871 TO 2023
WEATHER OBSERVED NORMAL DEPART LAST YEAR`S
VALUE DATE(S) VALUE FROM VALUE DATE(S)
NORMAL
................................................................
TEMPERATURE (F)
RECORD
HIGH 95 04/27/1986
04/17/1967
LOW 28 04/08/2007
HIGHEST 88 04/05 88 04/17
04/26
LOWEST 47 04/09 37 04/10
04/12
04/18
AVG. MAXIMUM 79.7 78.2 1.5 78.7
AVG. MINIMUM 57.4 55.2 2.2 53.4
MEAN 68.5 66.7 1.8 66.0
DAYS MAX >= 90 0 1.1 -1.1 0
DAYS MAX <= 32 0 0.0 0.0 0
DAYS MIN <= 32 0 0.1 -0.1 0
DAYS MIN <= 0 0 0.0 0.0 0
PRECIPITATION (INCHES)
RECORD
MAXIMUM 10.57 1991
MINIMUM 0.16 1892
TOTALS 3.23 3.39 -0.16 0.87
DAYS >= .01 11 6.7 4.3 5
DAYS >= .10 10 4.2 5.8 3
DAYS >= .50 2 2.1 -0.1 0
DAYS >= 1.00 0 1.0 -1.0 0
GREATEST
24 HR. TOTAL 0.69 04/27
SNOWFALL (INCHES)
TOTALS 0.0 0.0 0.0
SINCE 7/1 0.0 0.0 0.0
DEGREE DAYS
HEATING TOTAL 34 63 -29 53
SINCE 7/1 1199 1670 -471
COOLING TOTAL 147 114 33 90
SINCE 1/1 330 174 156
................................................................
WIND (MPH)
AVERAGE WIND SPEED 8.0
HIGHEST WIND SPEED/DIRECTION 35/250
HIGHEST GUST SPEED/DIRECTION 49/260
WEATHER CONDITIONS. NUMBER OF DAYS WITH
THUNDERSTORM 7 MIXED PRECIP 0
HEAVY RAIN 5 RAIN 8
LIGHT RAIN 15 FREEZING RAIN 0
LT FREEZING RAIN 0 HAIL 0
HEAVY SNOW 0 SNOW 0
LIGHT SNOW 0 SLEET 0
FOG 15 FOG W/VIS <= 1/4 MILE 4
HAZE 1
- INDICATES NEGATIVE NUMBERS.
R INDICATES RECORD WAS SET OR TIED.
MM INDICATES DATA IS MISSING.
T INDICATES TRACE AMOUNT.
&&
RECORDS ESTABLISHED AT THE SAVANNAH INTERNATIONAL AIRPORT DURING THE
MONTH:
*APR 6 - RECORD HIGH MINIMUM TEMPERATURE OF 68 DEGREES
$$