000
CXUS56 KLOX 011155
CF6SBA
PRELIMINARY LOCAL CLIMATOLOGICAL DATA (WS FORM: F-6)
STATION: SANTA BARBARA AIRPORT CA
MONTH: SEPTEMBER
YEAR: 2022
LATITUDE: 34 25 N
LONGITUDE: 119 50 W
TEMPERATURE IN F: :PCPN: SNOW: WIND :SUNSHINE: SKY :PK WND
================================================================================
1 2 3 4 5 6A 6B 7 8 9 10 11 12 13 14 15 16 17 18
12Z AVG MX 2MIN
DY MAX MIN AVG DEP HDD CDD WTR SNW DPTH SPD SPD DIR MIN PSBL S-S WX SPD DR
================================================================================
1 78 60 69 3 0 4 0.00 M M 4.9 12 150 M M 0 1 15 160
2 84 61 73 7 0 8 0.00 M M 4.9 13 240 M M 0 18 16 230
3 89 61 75 9 0 10 0.00 M M 5.0 13 260 M M 0 16 260
4 99 62 81 15 0 16 0.00 M M 5.9 17 250 M M 0 1 22 250
5 87 68 78 12 0 13 0.00 M M 5.7 13 140 M M 0 16 130
6 86 66 76 10 0 11 0.00 M M 5.9 15 250 M M 0 1 19 260
7 84 64 74 8 0 9 0.00 M M 5.0 16 250 M M 0 18 20 250
8 87 63 75 9 0 10 0.00 M M 5.5 17 130 M M 1 1 21 120
9 95 68 82 16 0 17 0.01 M M 5.1 14 130 M M 1 18 17 130
10 80 69 75 10 0 10 0.08 M M 5.5 13 90 M M 7 18 17 110
11 86 69 78 13 0 13 0.00 M M 5.4 17 250 M M 5 18 21 260
12 80 66 73 8 0 8 T M M 4.9 10 250 M M 2 15 160
13 79 59 69 4 0 4 0.00 M M 5.5 10 140 M M 1 18 14 220
14 79 56 68 3 0 3 0.00 M M 4.3 14 250 M M 0 8 18 240
15 78 55 67 2 0 2 0.00 M M 4.7 16 250 M M 0 20 250
16 78 56 67 2 0 2 0.00 M M 3.9 10 210 M M 0 15 230
17 76 57 67 2 0 2 0.00 M M 5.3 14 40 M M 2 17 40
18 73 59 66 1 0 1 0.00 M M 3.6 10 210 M M 5 13 140
19 73 60 67 2 0 2 0.02 M M 5.3 17 130 M M 8 18 20 130
20 75 56 66 1 0 1 0.00 M M 4.8 17 260 M M 5 21 270
21 74 51 63 -2 2 0 0.00 M M 6.0 20 260 M M 0 26 270
22 82 53 68 3 0 3 0.00 M M 4.4 14 250 M M 0 17 250
23 80 54 67 3 0 2 0.00 M M 3.9 13 260 M M 0 8 16 240
24 75 53 64 0 1 0 0.00 M M 4.1 14 260 M M 1 18 16 250
25 77 59 68 4 0 3 0.00 M M 5.0 13 260 M M 0 1 15 260
26 78 58 68 4 0 3 0.00 M M 4.7 12 230 M M 0 1 14 270
27 79 59 69 5 0 4 0.00 M M 4.4 13 250 M M 0 15 240
28 81 59 70 6 0 5 0.00 M M 4.6 12 150 M M 0 1 14 150
29 76 58 67 3 0 2 0.00 M M 4.5 12 80 M M 1 12 13 80
30 71 61 66 2 0 1 0.00 M M 6.3 13 250 M M 6 1 15 260
================================================================================
SM 2419 1800 3 169 0.11 M 149.0 M 45
================================================================================
AV 80.6 60.0 5.0 FASTST M M 2 MAX(MPH)
MISC ----> 20 260 26 270
================================================================================
NOTES:
# LAST OF SEVERAL OCCURRENCES
COLUMN 17 PEAK WIND IN M.P.H.
PRELIMINARY LOCAL CLIMATOLOGICAL DATA (WS FORM: F-6) , PAGE 2
STATION: SANTA BARBARA AIRPORT CA
MONTH: SEPTEMBER
YEAR: 2022
LATITUDE: 34 25 N
LONGITUDE: 119 50 W
[TEMPERATURE DATA] [PRECIPITATION DATA] SYMBOLS USED IN COLUMN 16
AVERAGE MONTHLY: 70.3 TOTAL FOR MONTH: 0.11 1 = FOG OR MIST
DPTR FM NORMAL: 5.3 DPTR FM NORMAL: 0.04 2 = FOG REDUCING VISIBILITY
HIGHEST: 99 ON 4 GRTST 24HR 0.09 ON 9-10 TO 1/4 MILE OR LESS
LOWEST: 51 ON 21 3 = THUNDER
SNOW, ICE PELLETS, HAIL 4 = ICE PELLETS
TOTAL MONTH: M 5 = HAIL
GRTST 24HR M ON M 6 = FREEZING RAIN OR DRIZZLE
GRTST DEPTH: M ON M 7 = DUSTSTORM OR SANDSTORM:
VSBY 1/2 MILE OR LESS
8 = SMOKE OR HAZE
[NO. OF DAYS WITH] [WEATHER - DAYS WITH] 9 = BLOWING SNOW
X = TORNADO
MAX 32 OR BELOW: 0 0.01 INCH OR MORE: 3
MAX 90 OR ABOVE: 2 0.10 INCH OR MORE: 0
MIN 32 OR BELOW: 0 0.50 INCH OR MORE: 0
MIN 0 OR BELOW: 0 1.00 INCH OR MORE: 0
[HDD (BASE 65) ]
TOTAL THIS MO. 3 CLEAR (SCALE 0-3) 24
DPTR FM NORMAL -41 PTCLDY (SCALE 4-7) 6
TOTAL FM JUL 1 20 CLOUDY (SCALE 8-10) 0
DPTR FM NORMAL -74
[CDD (BASE 65) ]
TOTAL THIS MO. 169
DPTR FM NORMAL 125 [PRESSURE DATA]
TOTAL FM JAN 1 365 HIGHEST SLP 30.04 ON 24
DPTR FM NORMAL 177 LOWEST SLP 29.47 ON 9
[REMARKS]
#FINAL-09-22#