000
CXUS56 KLOX 011255
CF6SBP
PRELIMINARY LOCAL CLIMATOLOGICAL DATA (WS FORM: F-6)
STATION: SAN LUIS OBISPO AIRPORT CA
MONTH: JANUARY
YEAR: 2021
LATITUDE: 35 13 N
LONGITUDE: 120 38 W
TEMPERATURE IN F: :PCPN: SNOW: WIND :SUNSHINE: SKY :PK WND
================================================================================
1 2 3 4 5 6A 6B 7 8 9 10 11 12 13 14 15 16 17 18
12Z AVG MX 2MIN
DY MAX MIN AVG DEP HDD CDD WTR SNW DPTH SPD SPD DIR MIN PSBL S-S WX SPD DR
================================================================================
1 67 38 53 2 12 0 0.00 M M 3.5 15 310 M M 0 17 300
2 65 40 53 2 12 0 0.00 M M 3.4 13 310 M M 5 128 17 310
3 71 47 59 7 6 0 T M M 5.3 25 310 M M 6 12 30 310
4 63 41 52 0 13 0 T M M 2.7 12 320 M M 6 12 14 320
5 71 46 59 7 6 0 0.00 M M 5.8 15 330 M M 0 1 22 330
6 65 39 52 0 13 0 0.00 M M 4.9 18 300 M M 0 23 300
7 73 44 59 7 6 0 0.00 M M 4.5 16 310 M M 0 19 310
8 70 39 55 3 10 0 0.00 M M 7.7 22 330 M M 0 30 320
9 69 43 56 4 9 0 0.00 M M 5.5 17 320 M M 0 23 320
10 72 40 56 4 9 0 0.00 M M 6.8 21 310 M M 0 25 310
11 71 40 56 4 9 0 0.00 M M 4.5 20 310 M M 1 128 23 310
12 67 38 53 1 12 0 0.00 M M 2.7 18 310 M M 5 12 21 310
13 80 44 62 10 3 0 0.00 M M 4.9 18 330 M M 0 8 22 320
14 81 55 68 16 0 3 0.00 M M 9.3 20 310 M M 0 25 310
15 91 45 68 16 0 3 0.00 M M 6.9 23 310 M M 0 27 310
16 83 57 70 18 0 5 0.00 M M 7.5 18 10 M M 0 25 30
17 86 50 68 16 0 3 0.00 M M 3.4 17 320 M M 0 20 320
18 81 43 62 10 3 0 0.00 M M 4.2 18 350 M M 0 23 20
19 71 47 59 7 6 0 0.00 M M 12.1 33 100 M M 1 45 100
20 76 53 65 13 0 0 0.00 M M 7.8 21 70 M M 0 28 90
21 73 41 57 5 8 0 0.00 M M 5.8 20 310 M M 0 22 320
22 56 41 49 -3 16 0 0.12 M M 6.0 20 300 M M 8 1 23 280
23 59 40 50 -2 15 0 0.03 M M 3.6 17 30 M M 6 12 22 340
24 58 35 47 -5 18 0 0.19 M M 4.9 20 310 M M 4 1 25 320
25 55 38 47 -5 18 0 T M M 14.5 38 300 M M 3 48 300
26 55 31 43 -10 22 0 0.09 M M 5.1 16 130 M M 4 23 130
27 53 47 50 -3 15 0 1.67 M M 22.3 30 140 M M 10 1 44 150
28 53 48 51 -2 14 0 3.66 M M 9.6 30 130 M M 10 1 39 130
29 56 42 49 -4 16 0 0.54 M M 3.4 13 310 M M 7 1 16 320
30 58 36 47 -6 18 0 0.00 M M 2.3 13 230 M M 0 1 17 180
31 66 37 52 -1 13 0 0.00 M M 1.8 8 220 M M 0 1 10 210
================================================================================
SM 2115 1325 302 14 6.30 M 192.7 M 76
================================================================================
AV 68.2 42.7 6.2 FASTST M M 2 MAX(MPH)
MISC ----> 38 300 48 300
================================================================================
NOTES:
# LAST OF SEVERAL OCCURRENCES
COLUMN 17 PEAK WIND IN M.P.H.
PRELIMINARY LOCAL CLIMATOLOGICAL DATA (WS FORM: F-6) , PAGE 2
STATION: SAN LUIS OBISPO AIRPORT CA
MONTH: JANUARY
YEAR: 2021
LATITUDE: 35 13 N
LONGITUDE: 120 38 W
[TEMPERATURE DATA] [PRECIPITATION DATA] SYMBOLS USED IN COLUMN 16
AVERAGE MONTHLY: 55.5 TOTAL FOR MONTH: 6.30 1 = FOG OR MIST
DPTR FM NORMAL: 3.3 DPTR FM NORMAL: 2.64 2 = FOG REDUCING VISIBILITY
HIGHEST: 91 ON 15 GRTST 24HR 3.68 ON 28-29 TO 1/4 MILE OR LESS
LOWEST: 31 ON 26 3 = THUNDER
SNOW, ICE PELLETS, HAIL 4 = ICE PELLETS
TOTAL MONTH: M 5 = HAIL
GRTST 24HR M ON M 6 = FREEZING RAIN OR DRIZZLE
GRTST DEPTH: M ON M 7 = DUSTSTORM OR SANDSTORM:
VSBY 1/2 MILE OR LESS
8 = SMOKE OR HAZE
[NO. OF DAYS WITH] [WEATHER - DAYS WITH] 9 = BLOWING SNOW
X = TORNADO
MAX 32 OR BELOW: 0 0.01 INCH OR MORE: 7
MAX 90 OR ABOVE: 1 0.10 INCH OR MORE: 5
MIN 32 OR BELOW: 1 0.50 INCH OR MORE: 3
MIN 0 OR BELOW: 0 1.00 INCH OR MORE: 2
[HDD (BASE 65) ]
TOTAL THIS MO. 302 CLEAR (SCALE 0-3) 20
DPTR FM NORMAL -97 PTCLDY (SCALE 4-7) 8
TOTAL FM JUL 1 888 CLOUDY (SCALE 8-10) 3
DPTR FM NORMAL -349
[CDD (BASE 65) ]
TOTAL THIS MO. 14
DPTR FM NORMAL 14 [PRESSURE DATA]
TOTAL FM JAN 1 14 HIGHEST SLP 30.33 ON 12
DPTR FM NORMAL 14 LOWEST SLP 29.60 ON 19
[REMARKS]
#FINAL-01-21#