000
CXUS56 KSTO 131722
CF6SCK
PRELIMINARY LOCAL CLIMATOLOGICAL DATA (WS FORM: F-6)
STATION: STOCKTON AIRPORT CA
MONTH: FEBRUARY
YEAR: 2021
LATITUDE: 37 54 N
LONGITUDE: 121 15 W
TEMPERATURE IN F: :PCPN: SNOW: WIND :SUNSHINE: SKY :PK WND
================================================================================
1 2 3 4 5 6A 6B 7 8 9 10 11 12 13 14 15 16 17 18
12Z AVG MX 2MIN
DY MAX MIN AVG DEP HDD CDD WTR SNW DPTH SPD SPD DIR MIN PSBL S-S WX SPD DR
================================================================================
1 72 50 61 13 4 0 0.00 0.0 0 5.7 20 140 M M 2 24 170
2 59 47 53 5 12 0 0.53 0.0 0 4.7 14 290 M M 9 1 17 300
3 60 40 50 2 15 0 0.00 0.0 0 8.1 16 290 M M 1 20 290
4 61 38 50 2 15 0 0.00 0.0 0 5.8 13 320 M M 0 17 330
5 66 37 52 3 13 0 0.00 0.0 0 3.7 9 270 M M 0 1 11 330
6 66 37 52 3 13 0 0.00 0.0 0 2.3 7 120 M M 0 18 9 160
7 66 37 52 3 13 0 0.00 0.0 0 2.0 8 250 M M 1 128 10 280
8 64 38 51 2 14 0 0.00 0.0 0 3.1 8 250 M M 1 128 15 270
9 65 50 58 8 7 0 T 0.0 0 5.8 13 300 M M 5 8 15 260
10 68 46 57 7 8 0 0.00 0.0 0 5.7 13 280 M M 1 16 290
11 62 47 55 5 10 0 0.43 0.0 0 5.4 18 250 M M 4 1 23 260
12 63 47 55 5 10 0 0.00 0.0 0 10.4 21 260 M M 2 24 250
13 65 48 57 7 8 0 0.00 0.0 0 13.0 26 280 M M 4 34 270
14 59 43 51 1 14 0 T 0.0 0 7.8 15 290 M M 5 17 290
15 63 49 56 5 9 0 T 0.0 0 10.5 21 240 M M 8 23 250
16 61 44 53 2 12 0 0.00 0.0 0 10.4 17 290 M M 1 22 310
17 64 40 52 1 13 0 0.00 0.0 0 12.8 26 340 M M 0 33 340
18 66 34 50 -1 15 0 0.00 0.0 0 3.3 10 110 M M 1 13 110
19 64 46 55 4 10 0 T 0.0 0 5.2 16 250 M M 7 20 260
20 61 42 52 0 13 0 T 0.0 0 11.6 20 320 M M 3 24 330
21 64 39 52 0 13 0 0.00 0.0 0 6.0 13 350 M M 0 18 340
22 71 37 54 2 11 0 0.00 0.0 0 2.7 8 260 M M 0 8 10 260
23 77 42 60 8 5 0 0.00 0.0 0 8.2 18 330 M M 0 25 330
24 69 41 55 3 10 0 0.00 0.0 0 14.1 29 320 M M 0 41 360
25 67 36 52 0 13 0 0.00 0.0 0 7.0 17 300 M M 0 22 340
26 68 34 51 -1 14 0 0.00 0.0 0 6.2 16 270 M M 0 20 260
27 65 40 53 0 12 0 0.00 0.0 0 14.4 28 320 M M 0 35 320
28 68 35 52 -1 13 0 0.00 0.0 0 4.6 16 330 M M 0 19 330
================================================================================
SM 1824 1164 319 0 0.96 0.0 200.5 M 55
================================================================================
AV 65.1 41.6 7.2 FASTST M M 2 MAX(MPH)
MISC ----> # 29 320 # 41 360
================================================================================
NOTES:
# LAST OF SEVERAL OCCURRENCES
COLUMN 17 PEAK WIND IN M.P.H.
PRELIMINARY LOCAL CLIMATOLOGICAL DATA (WS FORM: F-6) , PAGE 2
STATION: STOCKTON AIRPORT CA
MONTH: FEBRUARY
YEAR: 2021
LATITUDE: 37 54 N
LONGITUDE: 121 15 W
[TEMPERATURE DATA] [PRECIPITATION DATA] SYMBOLS USED IN COLUMN 16
AVERAGE MONTHLY: 53.4 TOTAL FOR MONTH: 0.96 1 = FOG OR MIST
DPTR FM NORMAL: 3.0 DPTR FM NORMAL: -1.58 2 = FOG REDUCING VISIBILITY
HIGHEST: 77 ON 23 GRTST 24HR 0.53 ON 2- 2 TO 1/4 MILE OR LESS
LOWEST: 34 ON 26,18 3 = THUNDER
SNOW, ICE PELLETS, HAIL 4 = ICE PELLETS
TOTAL MONTH: 0.0 INCH 5 = HAIL
GRTST 24HR 0.0 6 = FREEZING RAIN OR DRIZZLE
GRTST DEPTH: 0 7 = DUSTSTORM OR SANDSTORM:
VSBY 1/2 MILE OR LESS
8 = SMOKE OR HAZE
[NO. OF DAYS WITH] [WEATHER - DAYS WITH] 9 = BLOWING SNOW
X = TORNADO
MAX 32 OR BELOW: 0 0.01 INCH OR MORE: 2
MAX 90 OR ABOVE: 0 0.10 INCH OR MORE: 2
MIN 32 OR BELOW: 0 0.50 INCH OR MORE: 1
MIN 0 OR BELOW: 0 1.00 INCH OR MORE: 0
[HDD (BASE 65) ]
TOTAL THIS MO. 319 CLEAR (SCALE 0-3) 21
DPTR FM NORMAL -88 PTCLDY (SCALE 4-7) 6
TOTAL FM JUL 1 1616 CLOUDY (SCALE 8-10) 1
DPTR FM NORMAL -446
[CDD (BASE 65) ]
TOTAL THIS MO. 0
DPTR FM NORMAL 0 [PRESSURE DATA]
TOTAL FM JAN 1 0 HIGHEST SLP 30.47 ON 21
DPTR FM NORMAL 0 LOWEST SLP 29.88 ON 11
[REMARKS]
#FINAL-02-21#