000
CXUS53 KLMK 010800
CF6SDF
PRELIMINARY LOCAL CLIMATOLOGICAL DATA (WS FORM: F-6)
STATION: LOUISVILLE KY
MONTH: OCTOBER
YEAR: 2020
LATITUDE: 38 10 N
LONGITUDE: 85 44 W
TEMPERATURE IN F: :PCPN: SNOW: WIND :SUNSHINE: SKY :PK WND
================================================================================
1 2 3 4 5 6A 6B 7 8 9 10 11 12 13 14 15 16 17 18
12Z AVG MX 2MIN
DY MAX MIN AVG DEP HDD CDD WTR SNW DPTH SPD SPD DIR MIN PSBL S-S WX SPD DR
================================================================================
1 73 51 62 -3 3 0 T 0.0 0 8.9 21 280 M M 4 28 270
2 66 46 56 -8 9 0 0.00 0.0 0 4.4 13 350 M M 4 18 360
3 69 45 57 -7 8 0 0.01 0.0 0 3.6 10 350 M M 6 15 150
4 66 48 57 -7 8 0 0.01 0.0 0 6.8 18 310 M M 7 25 310
5 67 43 55 -8 10 0 0.00 0.0 0 2.4 9 50 M M 0 8 12 40
6 75 43 59 -4 6 0 0.00 0.0 0 5.3 15 240 M M 2 20 230
7 85 58 72 10 0 7 0.00 0.0 0 8.8 17 250 M M 1 23 230
8 82 57 70 8 0 5 0.00 0.0 0 3.2 8 120 M M 5 11 20
9 82 57 70 8 0 5 0.00 0.0 0 6.1 16 200 M M 9 27 190
10 75 67 71 10 0 6 T 0.0 0 5.6 10 160 M M 10 14 180
11 81 66 74 13 0 9 T 0.0 0 8.5 17 60 M M 9 24 70
12 82 56 69 8 0 4 0.02 0.0 0 9.2 31 290 M M 9 1 40 300
13 73 49 61 1 4 0 0.00 0.0 0 2.9 12 250 M M 0 1 15 250
14 81 48 65 5 0 0 0.00 0.0 0 9.0 20 200 M M 3 29 200
15 71 50 61 1 4 0 0.03 0.0 0 9.3 18 210 M M 7 1 27 210
16 61 40 51 -8 14 0 0.00 0.0 0 5.7 16 250 M M 3 22 300
17 65 38 52 -7 13 0 0.00 0.0 0 6.5 16 160 M M 3 21 170
18 61 49 55 -4 10 0 0.03 0.0 0 7.5 17 190 M M 10 24 190
19 65 56 61 3 4 0 1.34 0.0 0 5.5 16 150 M M 10 13 21 150
20 67 54 61 3 4 0 0.71 0.0 0 3.7 17 330 M M 9 1 22 340
21 82 61 72 14 0 7 0.00 0.0 0 5.8 14 250 M M 5 20 250
22 84 60 72 14 0 7 0.00 0.0 0 7.1 16 150 M M 3 20 140
23 81 52 67 10 0 2 0.43 0.0 0 10.8 24 320 M M 5 13 30 190
24 57 48 53 -4 12 0 T 0.0 0 10.3 21 350 M M 9 25 10
25 53 48 51 -6 14 0 0.01 0.0 0 6.5 12 40 M M 10 18 16 50
26 55 50 53 -3 12 0 T 0.0 0 6.3 13 360 M M 10 18 16 360
27 56 49 53 -3 12 0 0.01 0.0 0 4.8 10 320 M M 10 18 13 320
28 59 51 55 -1 10 0 0.32 0.0 0 5.6 12 10 M M 10 18 16 30
29 59 46 53 -2 12 0 2.29 0.0 0 11.6 20 340 M M 10 1 27 60
30 55 43 49 -6 16 0 0.00 0.0 0 7.8 16 340 M M 5 22 330
31 63 38 51 -4 14 0 0.00 0.0 0 5.3 13 170 M M 4 19 140
================================================================================
SM 2151 1567 199 52 5.21 0.0 204.8 M 192
================================================================================
AV 69.4 50.6 6.6 FASTST M M 6 MAX(MPH)
MISC ----> # 31 290 # 40 300
================================================================================
NOTES:
# LAST OF SEVERAL OCCURRENCES
COLUMN 17 PEAK WIND IN M.P.H.
PRELIMINARY LOCAL CLIMATOLOGICAL DATA (WS FORM: F-6) , PAGE 2
STATION: LOUISVILLE KY
MONTH: OCTOBER
YEAR: 2020
LATITUDE: 38 10 N
LONGITUDE: 85 44 W
[TEMPERATURE DATA] [PRECIPITATION DATA] SYMBOLS USED IN COLUMN 16
AVERAGE MONTHLY: 60.0 TOTAL FOR MONTH: 5.21 1 = FOG OR MIST
DPTR FM NORMAL: 0.5 DPTR FM NORMAL: 1.99 2 = FOG REDUCING VISIBILITY
HIGHEST: 85 ON 7 GRTST 24HR 2.29 ON 29-29 TO 1/4 MILE OR LESS
LOWEST: 38 ON 31,17 3 = THUNDER
SNOW, ICE PELLETS, HAIL 4 = ICE PELLETS
TOTAL MONTH: 0.0 INCH 5 = HAIL
GRTST 24HR 0.0 6 = FREEZING RAIN OR DRIZZLE
GRTST DEPTH: 0 7 = DUSTSTORM OR SANDSTORM:
VSBY 1/2 MILE OR LESS
8 = SMOKE OR HAZE
[NO. OF DAYS WITH] [WEATHER - DAYS WITH] 9 = BLOWING SNOW
X = TORNADO
MAX 32 OR BELOW: 0 0.01 INCH OR MORE: 12
MAX 90 OR ABOVE: 0 0.10 INCH OR MORE: 5
MIN 32 OR BELOW: 0 0.50 INCH OR MORE: 3
MIN 0 OR BELOW: 0 1.00 INCH OR MORE: 2
[HDD (BASE 65) ]
TOTAL THIS MO. 199 CLEAR (SCALE 0-3) 7
DPTR FM NORMAL -13 PTCLDY (SCALE 4-7) 11
TOTAL FM JUL 1 215 CLOUDY (SCALE 8-10) 13
DPTR FM NORMAL -27
[CDD (BASE 65) ]
TOTAL THIS MO. 52
DPTR FM NORMAL 10 [PRESSURE DATA]
TOTAL FM JAN 1 1746 HIGHEST SLP 30.39 ON 31
DPTR FM NORMAL 137 LOWEST SLP 29.54 ON 29
[REMARKS]
#FINAL-10-20#