547
CXUS56 KSGX 011245
CF6SDM
PRELIMINARY LOCAL CLIMATOLOGICAL DATA (WS FORM: F-6)
STATION: SAN DIEGO/BROWN
MONTH: MAY
YEAR: 2020
LATITUDE: 32 34 N
LONGITUDE: 116 59 W
TEMPERATURE IN F: :PCPN: SNOW: WIND :SUNSHINE: SKY :PK WND
================================================================================
1 2 3 4 5 6A 6B 7 8 9 10 11 12 13 14 15 16 17 18
12Z AVG MX 2MIN
DY MAX MIN AVG DEP HDD CDD WTR SNW DPTH SPD SPD DIR MIN PSBL S-S WX SPD DR
================================================================================
1 77 55 66 4 0 1 0.00 0.0 0 3.5 12 270 M M 4 18 16 270
2 77 54 66 4 0 1 0.00 0.0 0 4.9 15 280 M M 0 18 21 270
3 75 55 65 3 0 0 0.00 0.0 0 4.2 14 260 M M 4 18 18 280
4 77 54 66 4 0 1 0.00 0.0 0 4.7 14 270 M M 2 1 19 260
5 85 57 71 9 0 6 0.00 0.0 0 4.2 13 270 M M 0 18 16 280
6 88 58 73 11 0 8 0.00 0.0 0 5.1 13 270 M M 0 18 16 270
7 82 57 70 8 0 5 0.00 0.0 0 3.8 10 300 M M 0 8 17 320
8 78 54 66 4 0 1 0.00 0.0 0 4.0 14 260 M M 2 128 17 260
9 75 61 68 6 0 3 0.00 0.0 0 3.8 13 270 M M 6 18 18 310
10 73 62 68 6 0 3 0.00 0.0 0 4.3 14 260 M M 10 18 19 270
11 73 60 67 4 0 2 0.00 0.0 0 4.8 14 280 M M 6 19 290
12 73 54 64 1 1 0 0.00 0.0 0 6.2 15 280 M M 5 22 280
13 71 55 63 0 2 0 T 0.0 0 5.7 15 250 M M 5 21 290
14 72 53 63 0 2 0 0.00 0.0 0 5.5 15 240 M M 3 8 20 250
15 74 57 66 3 0 1 0.00 0.0 0 5.8 14 250 M M 3 18 270
16 77 57 67 4 0 2 0.00 0.0 0 3.8 13 270 M M 2 17 300
17 73 56 65 2 0 0 0.00 0.0 0 4.8 13 260 M M 6 18 18 240
18 75 62 69 6 0 4 0.00 0.0 0 6.4 16 280 M M 8 8 23 280
19 69 55 62 -1 3 0 0.00 0.0 0 6.8 17 260 M M 5 8 24 280
20 72 52 62 -1 3 0 0.00 0.0 0 5.9 17 270 M M 1 22 270
21 75 51 63 0 2 0 0.00 0.0 0 4.3 14 280 M M 1 8 20 280
22 71 57 64 1 1 0 T 0.0 0 6.1 14 260 M M 5 8 20 270
23 70 55 63 0 2 0 0.00 0.0 0 7.2 15 280 M M 5 21 240
24 73 54 64 1 1 0 0.00 0.0 0 4.6 14 260 M M 3 18 22 280
25 75 59 67 4 0 2 0.00 0.0 0 3.9 15 270 M M 4 18 18 270
26 82 59 71 8 0 6 0.00 0.0 0 3.6 13 260 M M 3 128 17 280
27 81 61 71 7 0 6 0.00 0.0 0 4.1 15 270 M M 4 128 19 280
28 74 63 69 5 0 4 0.00 0.0 0 5.0 14 260 M M 7 18 19 270
29 71 61 66 2 0 1 0.00 0.0 0 4.9 13 270 M M 9 8 16 260
30 74 61 68 4 0 3 0.00 0.0 0 6.3 17 260 M M 5 23 270
31 75 59 67 3 0 2 0.00 0.0 0 5.0 16 280 M M 1 22 290
================================================================================
SM 2337 1768 17 62 T 0.0 153.2 M 119
================================================================================
AV 75.4 57.0 4.9 FASTST M M 4 MAX(MPH)
MISC ----> # 17 260 # 24 280
================================================================================
NOTES:
# LAST OF SEVERAL OCCURRENCES
COLUMN 17 PEAK WIND IN M.P.H.
PRELIMINARY LOCAL CLIMATOLOGICAL DATA (WS FORM: F-6) , PAGE 2
STATION: SAN DIEGO/BROWN
MONTH: MAY
YEAR: 2020
LATITUDE: 32 34 N
LONGITUDE: 116 59 W
[TEMPERATURE DATA] [PRECIPITATION DATA] SYMBOLS USED IN COLUMN 16
AVERAGE MONTHLY: 66.2 TOTAL FOR MONTH: T 1 = FOG OR MIST
DPTR FM NORMAL: 3.4 DPTR FM NORMAL: -0.21 2 = FOG REDUCING VISIBILITY
HIGHEST: 88 ON 6 GRTST 24HR T ON 22-22 TO 1/4 MILE OR LESS
LOWEST: 51 ON 21 3 = THUNDER
SNOW, ICE PELLETS, HAIL 4 = ICE PELLETS
TOTAL MONTH: 0.0 INCH 5 = HAIL
GRTST 24HR 0.0 6 = FREEZING RAIN OR DRIZZLE
GRTST DEPTH: 0 7 = DUSTSTORM OR SANDSTORM:
VSBY 1/2 MILE OR LESS
8 = SMOKE OR HAZE
[NO. OF DAYS WITH] [WEATHER - DAYS WITH] 9 = BLOWING SNOW
X = TORNADO
MAX 32 OR BELOW: 0 0.01 INCH OR MORE: 0
MAX 90 OR ABOVE: 0 0.10 INCH OR MORE: 0
MIN 32 OR BELOW: 0 0.50 INCH OR MORE: 0
MIN 0 OR BELOW: 0 1.00 INCH OR MORE: 0
[HDD (BASE 65) ]
TOTAL THIS MO. 17 CLEAR (SCALE 0-3) 13
DPTR FM NORMAL -73 PTCLDY (SCALE 4-7) 16
TOTAL FM JUL 1 1394 CLOUDY (SCALE 8-10) 2
DPTR FM NORMAL -311
[CDD (BASE 65) ]
TOTAL THIS MO. 62
DPTR FM NORMAL 41 [PRESSURE DATA]
TOTAL FM JAN 1 100 HIGHEST SLP 30.07 ON 20
DPTR FM NORMAL 58 LOWEST SLP 29.81 ON 7
[REMARKS]
#FINAL-05-20#