000
CXUS54 KFWD 010730
CF6SEP
PRELIMINARY LOCAL CLIMATOLOGICAL DATA (WS FORM: F-6)
STATION: STEPHENVILLE
MONTH: OCTOBER
YEAR: 2022
LATITUDE: 32 13 N
LONGITUDE: 98 11 W
TEMPERATURE IN F: :PCPN: SNOW: WIND :SUNSHINE: SKY :PK WND
================================================================================
1 2 3 4 5 6A 6B 7 8 9 10 11 12 13 14 15 16 17 18
12Z AVG MX 2MIN
DY MAX MIN AVG DEP HDD CDD WTR SNW DPTH SPD SPD DIR MIN PSBL S-S WX SPD DR
================================================================================
1 85 50 68 -2 0 3 0.00 M M 3.5 8 80 M M 1 17 60
2 85 50 68 -1 0 3 0.00 M M 2.7 9 70 M M 1 M M
3 86 48 67 -2 0 2 0.00 M M 3.7 9 110 M M 0 10 90
4 88 53 71 3 0 6 0.00 M M 4.2 10 90 M M 0 M M
5 90 55 73 5 0 8 0.00 M M 2.7 9 80 M M 1 10 100
6 90 56 73 5 0 8 0.00 M M 3.2 12 50 M M 0 M M
7 90 60 75 7 0 10 0.00 M M 3.0 12 90 M M 2 M M
8 80 60 70 3 0 5 0.00 M M 6.9 9 30 M M 3 17 30
9 84 56 70 3 0 5 0.00 M M 3.9 7 290 M M 5 M M
10 86 63 75 8 0 10 0.00 M M 6.1 14 170 M M 3 18 220
11 85 64 75 9 0 10 0.00 M M 7.9 15 190 M M 4 23 180
12 94 65 80 14 0 15 0.00 M M 8.5 15 300 M M 0 23 240
13 83 57 70 4 0 5 0.00 M M 5.4 10 50 M M 1 16 70
14 88 48 68 3 0 3 0.00 M M 4.5 12 160 M M 1 25 210
15 93 67 80 15 0 15 0.00 M M 7.8 14 210 M M 1 21 210
16 78 61 70 5 0 5 0.13 M M 8.0 16 60 M M 6 23 60
17 72 52 62 -3 3 0 0.01 M M 9.0 16 350 M M 5 25 350
18 67 45 56 -8 9 0 0.00 M M 5.7 10 10 M M 1 20 10
19 74 35 55 -9 10 0 0.00 M M 3.4 8 170 M M 0 M M
20 87 50 69 5 0 4 0.00 M M 6.6 16 280 M M 1 21 240
21 90 48 69 6 0 4 0.00 M M 5.6 13 200 M M 0 22 220
22 89 58 74 11 0 9 0.00 M M 11.2 18 170 M M 0 25 200
23 86 65 76 13 0 11 0.00 M M 15.0 21 160 M M 2 32 180
24 75 54 65 3 0 0 1.18 M M 10.6 24 280 M M 8 45 90
25 71 47 59 -3 6 0 0.00 M M 10.2 23 290 M M 1 36 280
26 75 42 59 -3 6 0 0.00 M M 4.7 10 130 M M 0 18 130
27 77 48 63 1 2 0 0.00 M M 8.2 15 160 M M 1 23 150
28 64 51 58 -3 7 0 1.02 M M 12.0 18 350 M M 10 29 60
29 65 51 58 -3 7 0 0.00 M M 9.2 15 330 M M 8 22 330
30 73 48 61 1 4 0 0.00 M M 2.8 8 350 M M 1 M M
31 77 49 63 3 2 0 0.00 M M 1.8 6 60 M M 0 M M
================================================================================
SM 2527 1656 56 141 2.34 M 198.0 M 67
================================================================================
AV 81.5 53.4 6.4 FASTST M M 2 MAX(MPH)
MISC ----> 24 280 45 90
================================================================================
NOTES:
# LAST OF SEVERAL OCCURRENCES
COLUMN 17 PEAK WIND IN M.P.H.
PRELIMINARY LOCAL CLIMATOLOGICAL DATA (WS FORM: F-6) , PAGE 2
STATION: STEPHENVILLE
MONTH: OCTOBER
YEAR: 2022
LATITUDE: 32 13 N
LONGITUDE: 98 11 W
[TEMPERATURE DATA] [PRECIPITATION DATA] SYMBOLS USED IN COLUMN 16
AVERAGE MONTHLY: 67.5 TOTAL FOR MONTH: 2.34 1 = FOG OR MIST
DPTR FM NORMAL: 2.6 DPTR FM NORMAL: -0.77 2 = FOG REDUCING VISIBILITY
HIGHEST: 94 ON 12 GRTST 24HR 1.18 ON 24-24 TO 1/4 MILE OR LESS
LOWEST: 35 ON 19 3 = THUNDER
SNOW, ICE PELLETS, HAIL 4 = ICE PELLETS
TOTAL MONTH: M 5 = HAIL
GRTST 24HR M ON M 6 = FREEZING RAIN OR DRIZZLE
GRTST DEPTH: M ON M 7 = DUSTSTORM OR SANDSTORM:
VSBY 1/2 MILE OR LESS
8 = SMOKE OR HAZE
[NO. OF DAYS WITH] [WEATHER - DAYS WITH] 9 = BLOWING SNOW
X = TORNADO
MAX 32 OR BELOW: 0 0.01 INCH OR MORE: 4
MAX 90 OR ABOVE: 6 0.10 INCH OR MORE: 3
MIN 32 OR BELOW: 0 0.50 INCH OR MORE: 2
MIN 0 OR BELOW: 0 1.00 INCH OR MORE: 2
[HDD (BASE 65) ]
TOTAL THIS MO. 56 CLEAR (SCALE 0-3) 23
DPTR FM NORMAL -47 PTCLDY (SCALE 4-7) 6
TOTAL FM JUL 1 56 CLOUDY (SCALE 8-10) 2
DPTR FM NORMAL -61
[CDD (BASE 65) ]
TOTAL THIS MO. 141
DPTR FM NORMAL 42 [PRESSURE DATA]
TOTAL FM JAN 1 3189 HIGHEST SLP M ON M
DPTR FM NORMAL 964 LOWEST SLP M ON M
[REMARKS]
#FINAL-10-22#