334
CXUS52 KMLB 010725
CF6SFB
PRELIMINARY LOCAL CLIMATOLOGICAL DATA (WS FORM: F-6)
STATION: SANFORD
MONTH: FEBRUARY
YEAR: 2021
LATITUDE: 28 46 N
LONGITUDE: 81 15 W
TEMPERATURE IN F: :PCPN: SNOW: WIND :SUNSHINE: SKY :PK WND
================================================================================
1 2 3 4 5 6A 6B 7 8 9 10 11 12 13 14 15 16 17 18
12Z AVG MX 2MIN
DY MAX MIN AVG DEP HDD CDD WTR SNW DPTH SPD SPD DIR MIN PSBL S-S WX SPD DR
================================================================================
1 69 45 57 -4 8 0 0.10 0.0 0 15.4 29 260 M M 8 1 36 270
2 56 42 49 -12 16 0 0.00 0.0 0 16.2 25 300 M M 4 32 290
3 59 37 48 -13 17 0 0.00 0.0 0 8.7 17 310 M M 0 21 300
4 68 34 51 -10 14 0 0.00 0.0 0 3.6 10 220 M M 0 15 140
5 80 47 64 2 1 0 0.00 0.0 0 7.7 21 200 M M 4 29 190
6 72 56 64 2 1 0 0.02 0.0 0 6.1 21 270 M M 7 26 270
7 78 59 69 7 0 4 0.37 0.0 0 9.2 24 270 M M 7 13 29 270
8 71 57 64 2 1 0 T 0.0 0 7.2 15 60 M M 10 20 90
9 86 67 77 15 0 12 T 0.0 0 5.3 16 70 M M 7 12 22 240
10 86 65 76 14 0 11 0.00 0.0 0 4.4 10 120 M M 3 12 13 200
11 86 63 75 13 0 10 0.13 0.0 0 6.4 15 240 M M 4 1 19 230
12 84 66 75 13 0 10 0.01 0.0 0 6.1 15 170 M M 3 12 23 170
13 81 67 74 12 0 9 0.67 0.0 0 6.9 23 220 M M 5 13 29 230
14 86 67 77 15 0 12 0.78 0.0 0 8.3 31 260 M M 8 13 38 270
15 88 63 76 13 0 11 0.00 0.0 0 8.3 20 190 M M 6 13 26 190
16 77 61 69 6 0 4 0.10 0.0 0 10.9 22 290 M M 8 13 26 280
17 68 57 63 0 2 0 T 0.0 0 6.0 14 340 M M 10 18 340
18 88 63 76 13 0 11 0.00 0.0 0 10.1 21 190 M M 5 25 190
19 85 53 69 6 0 4 0.58 0.0 0 12.0 25 260 M M 6 13 32 270
20 66 49 58 -5 7 0 0.00 0.0 0 11.3 18 360 M M 4 23 360
21 73 51 62 -1 3 0 0.00 0.0 0 11.9 25 80 M M 2 31 90
22 84 56 70 7 0 5 0.07 0.0 0 6.9 21 230 M M 4 26 240
23 77 54 66 2 0 1 T 0.0 0 7.2 15 50 M M 5 1 19 340
24 83 52 68 4 0 3 0.00 0.0 0 4.9 14 150 M M 1 17 140
25 80 52 66 2 0 1 0.00 0.0 0 7.1 16 350 M M 0 22 360
26 83 55 69 5 0 4 0.00 0.0 0 4.2 15 100 M M 0 20 90
27 87 64 76 12 0 11 0.00 0.0 0 8.2 20 120 M M 4 23 120
28 88 65 77 13 0 12 T 0.0 0 8.1 16 160 M M 1 1 20 130
================================================================================
SM 2189 1567 70 135 2.83 0.0 228.6 M 126
================================================================================
AV 78.2 56.0 8.2 FASTST M M 5 MAX(MPH)
MISC ----> 31 260 38 270
================================================================================
NOTES:
# LAST OF SEVERAL OCCURRENCES
COLUMN 17 PEAK WIND IN M.P.H.
PRELIMINARY LOCAL CLIMATOLOGICAL DATA (WS FORM: F-6) , PAGE 2
STATION: SANFORD
MONTH: FEBRUARY
YEAR: 2021
LATITUDE: 28 46 N
LONGITUDE: 81 15 W
[TEMPERATURE DATA] [PRECIPITATION DATA] SYMBOLS USED IN COLUMN 16
AVERAGE MONTHLY: 67.1 TOTAL FOR MONTH: 2.83 1 = FOG OR MIST
DPTR FM NORMAL: 4.6 DPTR FM NORMAL: 0.28 2 = FOG REDUCING VISIBILITY
HIGHEST: 88 ON 28,18 GRTST 24HR 1.28 ON 13-14 TO 1/4 MILE OR LESS
LOWEST: 34 ON 4 3 = THUNDER
SNOW, ICE PELLETS, HAIL 4 = ICE PELLETS
TOTAL MONTH: 0.0 INCH 5 = HAIL
GRTST 24HR 0.0 6 = FREEZING RAIN OR DRIZZLE
GRTST DEPTH: 0 7 = DUSTSTORM OR SANDSTORM:
VSBY 1/2 MILE OR LESS
8 = SMOKE OR HAZE
[NO. OF DAYS WITH] [WEATHER - DAYS WITH] 9 = BLOWING SNOW
X = TORNADO
MAX 32 OR BELOW: 0 0.01 INCH OR MORE: 10
MAX 90 OR ABOVE: 0 0.10 INCH OR MORE: 7
MIN 32 OR BELOW: 0 0.50 INCH OR MORE: 3
MIN 0 OR BELOW: 0 1.00 INCH OR MORE: 0
[HDD (BASE 65) ]
TOTAL THIS MO. 70 CLEAR (SCALE 0-3) 8
DPTR FM NORMAL -52 PTCLDY (SCALE 4-7) 18
TOTAL FM JUL 1 436 CLOUDY (SCALE 8-10) 2
DPTR FM NORMAL -91
[CDD (BASE 65) ]
TOTAL THIS MO. 135
DPTR FM NORMAL 81 [PRESSURE DATA]
TOTAL FM JAN 1 184 HIGHEST SLP 30.38 ON 21
DPTR FM NORMAL 89 LOWEST SLP 29.77 ON 1
[REMARKS]
#FINAL-02-21#