000
CXUS56 KMTR 042012
CF6SFO
PRELIMINARY LOCAL CLIMATOLOGICAL DATA (WS FORM: F-6)
STATION: SAN FRANCISCO AIRPORT
MONTH: AUGUST
YEAR: 2020
LATITUDE: 37 37 N
LONGITUDE: 122 23 W
TEMPERATURE IN F: :PCPN: SNOW: WIND :SUNSHINE: SKY :PK WND
================================================================================
1 2 3 4 5 6A 6B 7 8 9 10 11 12 13 14 15 16 17 18
12Z AVG MX 2MIN
DY MAX MIN AVG DEP HDD CDD WTR SNW DPTH SPD SPD DIR MIN PSBL S-S WX SPD DR
================================================================================
1 68 56 62 -2 3 0 0.00 M M 14.3 26 290 M M 4 32 300
2 70 55 63 -1 2 0 0.00 M M 13.9 26 280 M M 4 33 300
3 75 58 67 3 0 2 0.00 M M 18.8 36 280 M M 3 18 43 270
4 71 58 65 1 0 0 0.00 M M 16.1 38 270 M M 7 18 47 260
5 66 58 62 -2 3 0 0.00 M M 17.1 28 280 M M 10 18 36 290
6 77 58 68 4 0 3 0.00 M M 12.2 32 270 M M 5 8 40 280
7 78 58 68 4 0 3 0.00 M M 8.5 21 300 M M 2 18 25 300
8 77 58 68 4 0 3 0.00 M M 8.5 20 310 M M 3 18 23 310
9 73 58 66 2 0 1 0.00 M M 10.2 21 310 M M 3 8 25 310
10 73 57 65 1 0 0 0.00 M M 10.6 23 320 M M 3 8 25 330
11 77 58 68 4 0 3 0.00 M M 11.0 24 300 M M 3 30 300
12 71 56 64 0 1 0 0.00 M M 11.8 26 300 M M 4 8 30 310
13 86 56 71 7 0 6 0.00 M M 8.5 23 300 M M 5 8 25 300
14 99 62 81 17 0 16 0.00 M M 8.6 25 290 M M 5 8 28 300
15 94 66 80 16 0 15 0.00 M M 11.2 28 290 M M 3 31 290
16 86 64 75 11 0 10 0.04 M M 14.7 35 200 M M 6 38 44 190
17 82 62 72 8 0 7 0.01 M M 12.7 26 300 M M 7 33 290
18 84 61 73 8 0 8 0.00 M M 12.1 23 300 M M 6 8 28 290
19 80 61 71 6 0 6 0.00 M M 14.0 30 290 M M 6 8 33 290
20 77 55 66 1 0 1 0.00 M M 17.3 37 270 M M 3 8 44 280
21 80 58 69 4 0 4 0.00 M M 15.4 38 280 M M 4 18 43 280
22 79 56 68 3 0 3 0.00 M M 12.4 25 310 M M 6 8 29 310
23 76 58 67 2 0 2 0.00 M M 12.2 23 310 M M 8 8 26 310
24 76 58 67 2 0 2 0.00 M M 11.9 25 300 M M 8 18 29 300
25 71 58 65 0 0 0 0.00 M M 12.3 25 300 M M 5 18 28 300
26 66 55 61 -4 4 0 0.00 M M 13.2 23 300 M M 5 18 28 280
27 68 55 62 -3 3 0 0.00 M M 11.9 23 310 M M 6 18 26 300
28 67 55 61 -4 4 0 0.00 M M 10.6 21 310 M M 5 18 24 310
29 72 56 64 -1 1 0 0.00 M M 7.4 14 320 M M 6 18 17 330
30 70 56 63 -2 2 0 0.00 M M 9.1 21 320 M M 5 18 23 330
31 71 56 64 -1 1 0 0.00 M M 9.5 21 310 M M 7 18 24 320
================================================================================
SM 2360 1796 24 95 0.05 M 378.0 M 157
================================================================================
AV 76.1 57.9 12.2 FASTST M M 5 MAX(MPH)
MISC ----> # 38 270 47 260
================================================================================
NOTES:
# LAST OF SEVERAL OCCURRENCES
COLUMN 17 PEAK WIND IN M.P.H.
PRELIMINARY LOCAL CLIMATOLOGICAL DATA (WS FORM: F-6) , PAGE 2
STATION: SAN FRANCISCO AIRPORT
MONTH: AUGUST
YEAR: 2020
LATITUDE: 37 37 N
LONGITUDE: 122 23 W
[TEMPERATURE DATA] [PRECIPITATION DATA] SYMBOLS USED IN COLUMN 16
AVERAGE MONTHLY: 67.0 TOTAL FOR MONTH: 0.05 1 = FOG OR MIST
DPTR FM NORMAL: 2.5 DPTR FM NORMAL: 0.01 2 = FOG REDUCING VISIBILITY
HIGHEST: 99 ON 14 GRTST 24HR 0.04 ON 16-16 TO 1/4 MILE OR LESS
LOWEST: 55 ON 28,27 3 = THUNDER
SNOW, ICE PELLETS, HAIL 4 = ICE PELLETS
TOTAL MONTH: M 5 = HAIL
GRTST 24HR M ON M 6 = FREEZING RAIN OR DRIZZLE
GRTST DEPTH: M ON M 7 = DUSTSTORM OR SANDSTORM:
VSBY 1/2 MILE OR LESS
8 = SMOKE OR HAZE
[NO. OF DAYS WITH] [WEATHER - DAYS WITH] 9 = BLOWING SNOW
X = TORNADO
MAX 32 OR BELOW: 0 0.01 INCH OR MORE: 2
MAX 90 OR ABOVE: 2 0.10 INCH OR MORE: 0
MIN 32 OR BELOW: 0 0.50 INCH OR MORE: 0
MIN 0 OR BELOW: 0 1.00 INCH OR MORE: 0
[HDD (BASE 65) ]
TOTAL THIS MO. 24 CLEAR (SCALE 0-3) 6
DPTR FM NORMAL -24 PTCLDY (SCALE 4-7) 24
TOTAL FM JUL 1 64 CLOUDY (SCALE 8-10) 1
DPTR FM NORMAL -48
[CDD (BASE 65) ]
TOTAL THIS MO. 95
DPTR FM NORMAL 62 [PRESSURE DATA]
TOTAL FM JAN 1 165 HIGHEST SLP 30.05 ON 2
DPTR FM NORMAL 68 LOWEST SLP 29.77 ON 27
[REMARKS]
#FINAL-08-20#